{"id":114300,"date":"2026-05-05T12:30:00","date_gmt":"2026-05-05T15:30:00","guid":{"rendered":"https:\/\/www.hediyepazar.com\/?product=metal-kasa-bluetooth-kulak-ici-kulaklik-net-cagri-guclu-baglanti"},"modified":"2026-05-05T12:30:00","modified_gmt":"2026-05-05T15:30:00","slug":"metal-kasa-bluetooth-kulak-ici-kulaklik-net-cagri-guclu-baglanti","status":"publish","type":"product","link":"https:\/\/www.hediyepazar.com\/?product=metal-kasa-bluetooth-kulak-ici-kulaklik-net-cagri-guclu-baglanti","title":{"rendered":"Metal Kasa Bluetooth Kulak \u0130\u00e7i Kulakl\u0131k \u2013 Net \u00c7a\u011fr\u0131 G\u00fc\u00e7l\u00fc Ba\u011flant\u0131"},"content":{"rendered":"<p>Yeni nesil y\u00fckseltilmi\u015f Bluetooth \u00e7ipi sayesinde kulakl\u0131klar cihaz\u0131n\u0131za saniyeler i\u00e7inde ba\u011flan\u0131r ve kararl\u0131 bir ba\u011flant\u0131 sunar. M\u00fczik dinlerken veya video izlerken herhangi bir ses gecikmesi ya\u015fanmaz. Geli\u015fmi\u015f kablosuz iletim g\u00fcc\u00fc, i\u00e7 ve d\u0131\u015f ortamlarda kesintisiz bir deneyim sa\u011flar. Ayr\u0131ca kulakl\u0131klar kutudan \u00e7\u0131kar\u0131ld\u0131\u011f\u0131nda otomatik olarak ba\u011flan\u0131r ve kullan\u0131m kolayl\u0131\u011f\u0131 sunar. Uzun s\u00fcreli pil \u00f6mr\u00fc sayesinde g\u00fcn boyu m\u00fczik dinleyebilir, \u00e7a\u011fr\u0131lar\u0131n\u0131z\u0131 rahat\u00e7a y\u00f6netebilirsiniz. \u00d6zellikle hareketli ya\u015fam tarz\u0131 olanlar, \u00f6\u011frenciler ve sporcular i\u00e7in ideal bir kulakl\u0131k \u00e7\u00f6z\u00fcm\u00fcd\u00fcr.<\/p>\n","protected":false},"excerpt":{"rendered":"<p>Yeni nesil y\u00fckseltilmi\u015f Bluetooth \u00e7ipi sayesinde kulakl\u0131klar cihaz\u0131n\u0131za saniyeler i\u00e7inde ba\u011flan\u0131r ve kararl\u0131 bir ba\u011flant\u0131 sunar. M\u00fczik dinlerken veya video izlerken herhangi bir ses gecikmesi ya\u015fanmaz. Geli\u015fmi\u015f kablosuz iletim g\u00fcc\u00fc, i\u00e7 ve d\u0131\u015f ortamlarda kesintisiz bir deneyim sa\u011flar. Ayr\u0131ca kulakl\u0131klar kutudan \u00e7\u0131kar\u0131ld\u0131\u011f\u0131nda otomatik olarak ba\u011flan\u0131r ve kullan\u0131m kolayl\u0131\u011f\u0131 sunar. Uzun s\u00fcreli pil \u00f6mr\u00fc sayesinde g\u00fcn&#8230;<\/p>\n","protected":false},"featured_media":114299,"comment_status":"open","ping_status":"closed","template":"","meta":{"_kad_post_transparent":"","_kad_post_title":"","_kad_post_layout":"","_kad_post_sidebar_id":"","_kad_post_content_style":"","_kad_post_vertical_padding":"","_kad_post_feature":"","_kad_post_feature_position":"","_kad_post_header":false,"_kad_post_footer":false,"_kad_post_classname":""},"product_brand":[],"product_cat":[14957],"product_tag":[],"class_list":{"0":"post-114300","1":"product","2":"type-product","3":"status-publish","4":"has-post-thumbnail","6":"product_cat-kablosuz-kulaklik-kablosuz-kulaklik","8":"first","9":"instock","10":"purchasable","11":"product-type-simple","12":"entry","13":"content-bg","14":"loop-entry"},"_links":{"self":[{"href":"https:\/\/www.hediyepazar.com\/index.php?rest_route=\/wp\/v2\/product\/114300","targetHints":{"allow":["GET"]}}],"collection":[{"href":"https:\/\/www.hediyepazar.com\/index.php?rest_route=\/wp\/v2\/product"}],"about":[{"href":"https:\/\/www.hediyepazar.com\/index.php?rest_route=\/wp\/v2\/types\/product"}],"replies":[{"embeddable":true,"href":"https:\/\/www.hediyepazar.com\/index.php?rest_route=%2Fwp%2Fv2%2Fcomments&post=114300"}],"wp:featuredmedia":[{"embeddable":true,"href":"https:\/\/www.hediyepazar.com\/index.php?rest_route=\/wp\/v2\/media\/114299"}],"wp:attachment":[{"href":"https:\/\/www.hediyepazar.com\/index.php?rest_route=%2Fwp%2Fv2%2Fmedia&parent=114300"}],"wp:term":[{"taxonomy":"product_brand","embeddable":true,"href":"https:\/\/www.hediyepazar.com\/index.php?rest_route=%2Fwp%2Fv2%2Fproduct_brand&post=114300"},{"taxonomy":"product_cat","embeddable":true,"href":"https:\/\/www.hediyepazar.com\/index.php?rest_route=%2Fwp%2Fv2%2Fproduct_cat&post=114300"},{"taxonomy":"product_tag","embeddable":true,"href":"https:\/\/www.hediyepazar.com\/index.php?rest_route=%2Fwp%2Fv2%2Fproduct_tag&post=114300"}],"curies":[{"name":"wp","href":"https:\/\/api.w.org\/{rel}","templated":true}]}}