{"id":114328,"date":"2026-05-05T12:32:48","date_gmt":"2026-05-05T15:32:48","guid":{"rendered":"https:\/\/www.hediyepazar.com\/?product=kablosuz-induksiyonlu-telefon-tutucu-ve-hoparlor-pratik-ses-yukseltici"},"modified":"2026-05-05T12:32:48","modified_gmt":"2026-05-05T15:32:48","slug":"kablosuz-induksiyonlu-telefon-tutucu-ve-hoparlor-pratik-ses-yukseltici","status":"publish","type":"product","link":"https:\/\/www.hediyepazar.com\/?product=kablosuz-induksiyonlu-telefon-tutucu-ve-hoparlor-pratik-ses-yukseltici","title":{"rendered":"Kablosuz \u0130nd\u00fcksiyonlu Telefon Tutucu ve Hoparl\u00f6r \u2013 Pratik Ses Y\u00fckseltici"},"content":{"rendered":"<p>Kablosuz ind\u00fcksiyonlu telefon tutucu ve hoparl\u00f6r, g\u00fcnl\u00fck ya\u015famda hem ses kalitesini art\u0131rmak hem de telefonunuzu \u015f\u0131k ve fonksiyonel bir \u015fekilde yerle\u015ftirmek isteyenler i\u00e7in tasarlanm\u0131\u015ft\u0131r. Cihaz\u0131 kullanmak olduk\u00e7a kolayd\u0131r; yapman\u0131z gereken tek \u015fey g\u00fc\u00e7 d\u00fc\u011fmesini a\u00e7mak ve telefonunuzu alg\u0131lama alan\u0131na yerle\u015ftirmektir. Telefonunuzdan m\u00fczik \u00e7almaya ba\u015flad\u0131\u011f\u0131n\u0131z anda, hoparl\u00f6rler otomatik olarak sesi alg\u0131lar ve stereo kalitesinde ses \u00e7\u0131k\u0131\u015f\u0131 sa\u011flar. Bu sayede izledi\u011finiz videolarda veya dinledi\u011finiz m\u00fcziklerde daha zengin, daha dolgun ve daha net bir ses deneyimi ya\u015fars\u0131n\u0131z.Y\u00fcksek kaliteli hoparl\u00f6r donan\u0131m\u0131, sesin do\u011fal ve canl\u0131 \u00e7\u0131kmas\u0131n\u0131 sa\u011flayarak size sinema ya da konser salonu atmosferi sunar. 750mAh kapasiteye sahip g\u00fc\u00e7l\u00fc bataryas\u0131, tek \u015farjla yakla\u015f\u0131k 5 saat kesintisiz kullan\u0131m olana\u011f\u0131 verir. B\u00f6ylece uzun s\u00fcreli seyahatlerde veya d\u0131\u015f mekan aktivitelerinde yan\u0131n\u0131zda ta\u015f\u0131mak i\u00e7in idealdir. USB Micro \u015farj kablosu ile h\u0131zl\u0131 ve kolay \u015fekilde \u015farj edebilirsiniz.\u00dcr\u00fcn, dayan\u0131kl\u0131 ve hafif ABS malzemeden \u00fcretilmi\u015ftir, bu sayede hem sa\u011flam hem de ta\u015f\u0131nmas\u0131 kolayd\u0131r. Telefonunuzun g\u00fcvenle sabitlenmesini sa\u011flayan telefon tutucu, ayn\u0131 zamanda masa\u00fcst\u00fcnde ya da yatak ba\u015f\u0131nda telefonunuzu rahat\u00e7a kullanabilmenize imk\u00e2n verir. Ayr\u0131ca, \u00fcr\u00fcnle birlikte gelen iki adet geyik fig\u00fcrl\u00fc kulakl\u0131k tutucu, hem telefonunuzun kablolar\u0131n\u0131 d\u00fczenli tutar hem de \u00fcr\u00fcn\u00fcn estetik g\u00f6r\u00fcn\u00fcm\u00fcne katk\u0131da bulunur.Ses \u00e7\u0131k\u0131\u015f\u0131n\u0131 kontrol etmek i\u00e7in telefonunuzdaki ses seviyesi tu\u015flar\u0131n\u0131 kullanabilir, hoparl\u00f6r otomatik olarak buna g\u00f6re ses ayar\u0131n\u0131 yapar. Bluetooth ba\u011flant\u0131s\u0131na ihtiya\u00e7 duymadan \u00e7al\u0131\u015ft\u0131\u011f\u0131 i\u00e7in, uyum sorunlar\u0131 ya\u015famaz ve hemen kullan\u0131ma ba\u015flayabilirsiniz. Ayr\u0131ca cihaz\u0131n \u00fczerindeki mavi LED \u0131\u015f\u0131k, cihaz\u0131n aktif oldu\u011funu ve telefonun alg\u0131land\u0131\u011f\u0131n\u0131 g\u00f6sterir.Paket i\u00e7eri\u011finde kablosuz ind\u00fcksiyonlu telefon tutucu hoparl\u00f6r, iki adet geyik kulakl\u0131k tutucu, Micro USB \u015farj kablosu ve kullan\u0131m k\u0131lavuzu bulunmaktad\u0131r. Bu \u00fcr\u00fcn hem evde, hem ofiste hem de d\u0131\u015far\u0131da telefonunuzla kaliteli ses deneyimi ya\u015famak isteyen herkes i\u00e7in m\u00fckemmel bir se\u00e7imdir.<\/p>\n","protected":false},"excerpt":{"rendered":"<p>Kablosuz ind\u00fcksiyonlu telefon tutucu ve hoparl\u00f6r, g\u00fcnl\u00fck ya\u015famda hem ses kalitesini art\u0131rmak hem de telefonunuzu \u015f\u0131k ve fonksiyonel bir \u015fekilde yerle\u015ftirmek isteyenler i\u00e7in tasarlanm\u0131\u015ft\u0131r. Cihaz\u0131 kullanmak olduk\u00e7a kolayd\u0131r; yapman\u0131z gereken tek \u015fey g\u00fc\u00e7 d\u00fc\u011fmesini a\u00e7mak ve telefonunuzu alg\u0131lama alan\u0131na yerle\u015ftirmektir. Telefonunuzdan m\u00fczik \u00e7almaya ba\u015flad\u0131\u011f\u0131n\u0131z anda, hoparl\u00f6rler otomatik olarak sesi alg\u0131lar ve stereo kalitesinde ses \u00e7\u0131k\u0131\u015f\u0131&#8230;<\/p>\n","protected":false},"featured_media":114327,"comment_status":"open","ping_status":"closed","template":"","meta":{"_kad_post_transparent":"","_kad_post_title":"","_kad_post_layout":"","_kad_post_sidebar_id":"","_kad_post_content_style":"","_kad_post_vertical_padding":"","_kad_post_feature":"","_kad_post_feature_position":"","_kad_post_header":false,"_kad_post_footer":false,"_kad_post_classname":""},"product_brand":[],"product_cat":[14911],"product_tag":[],"class_list":{"0":"post-114328","1":"product","2":"type-product","3":"status-publish","4":"has-post-thumbnail","6":"product_cat-kablosuz-hoparlor-kablosuz-hoparlor","8":"first","9":"instock","10":"purchasable","11":"product-type-simple","12":"entry","13":"content-bg","14":"loop-entry"},"_links":{"self":[{"href":"https:\/\/www.hediyepazar.com\/index.php?rest_route=\/wp\/v2\/product\/114328","targetHints":{"allow":["GET"]}}],"collection":[{"href":"https:\/\/www.hediyepazar.com\/index.php?rest_route=\/wp\/v2\/product"}],"about":[{"href":"https:\/\/www.hediyepazar.com\/index.php?rest_route=\/wp\/v2\/types\/product"}],"replies":[{"embeddable":true,"href":"https:\/\/www.hediyepazar.com\/index.php?rest_route=%2Fwp%2Fv2%2Fcomments&post=114328"}],"wp:featuredmedia":[{"embeddable":true,"href":"https:\/\/www.hediyepazar.com\/index.php?rest_route=\/wp\/v2\/media\/114327"}],"wp:attachment":[{"href":"https:\/\/www.hediyepazar.com\/index.php?rest_route=%2Fwp%2Fv2%2Fmedia&parent=114328"}],"wp:term":[{"taxonomy":"product_brand","embeddable":true,"href":"https:\/\/www.hediyepazar.com\/index.php?rest_route=%2Fwp%2Fv2%2Fproduct_brand&post=114328"},{"taxonomy":"product_cat","embeddable":true,"href":"https:\/\/www.hediyepazar.com\/index.php?rest_route=%2Fwp%2Fv2%2Fproduct_cat&post=114328"},{"taxonomy":"product_tag","embeddable":true,"href":"https:\/\/www.hediyepazar.com\/index.php?rest_route=%2Fwp%2Fv2%2Fproduct_tag&post=114328"}],"curies":[{"name":"wp","href":"https:\/\/api.w.org\/{rel}","templated":true}]}}