{"id":114368,"date":"2026-05-05T12:36:40","date_gmt":"2026-05-05T15:36:40","guid":{"rendered":"https:\/\/www.hediyepazar.com\/?product=ergonomik-yapi-ve-cihazlarla-ustun-uyumluluk"},"modified":"2026-05-05T12:36:40","modified_gmt":"2026-05-05T15:36:40","slug":"ergonomik-yapi-ve-cihazlarla-ustun-uyumluluk","status":"publish","type":"product","link":"https:\/\/www.hediyepazar.com\/?product=ergonomik-yapi-ve-cihazlarla-ustun-uyumluluk","title":{"rendered":"Ergonomik Yap\u0131 ve Cihazlarla \u00dcst\u00fcn Uyumluluk"},"content":{"rendered":"<p>G\u00fcnl\u00fck hayat\u0131n temposuna ayak uyduran bu \u015f\u0131k ve teknolojik kulakl\u0131k modeli, ses kalitesi, ba\u011flant\u0131 g\u00fcc\u00fc ve kullan\u0131m kolayl\u0131\u011f\u0131yla dikkat \u00e7eker. 30 mm \u00e7ap\u0131ndaki s\u00fcr\u00fcc\u00fcleri, m\u00fczikte detaylara \u00f6nem veren kullan\u0131c\u0131lar i\u00e7in etkileyici bir ses derinli\u011fi sunar. Yeni nesil Bluetooth 5.3 ba\u011flant\u0131s\u0131 sayesinde an\u0131nda e\u015fle\u015fme, d\u00fc\u015f\u00fck gecikme ve enerji tasarrufu gibi avantajlar elde edilir. LED dijital ekran, modern bir g\u00f6r\u00fcn\u00fcm sunarken ayn\u0131 zamanda i\u015flevsel bilgi takibi sa\u011flar. Hafif tasar\u0131m\u0131 ve kulak ergonomisine uygun yap\u0131s\u0131yla uzun s\u00fcreli kullan\u0131mlarda rahats\u0131zl\u0131k olu\u015fturmaz. Cihaz, kablosuz \u015farj teknolojisini destekleyerek zamandan tasarruf etmenizi sa\u011flar. G\u00f6m\u00fcl\u00fc mikrofon, hareket halindeyken bile kaliteli bir ileti\u015fim deneyimi sunar. Her ortamda kullan\u0131labilir olmas\u0131, \u00fcr\u00fcn\u00fc i\u015f, e\u011fitim ve e\u011flence alanlar\u0131nda \u00e7ok y\u00f6nl\u00fc hale getirir. Malzeme kalitesi sayesinde uzun \u00f6m\u00fcrl\u00fc kullan\u0131m sunar. Farkl\u0131 cihazlara kolayl\u0131kla ba\u011flanabilen bu kulakl\u0131k, teknolojiyi \u015f\u0131kl\u0131kla bulu\u015fturur.<\/p>\n","protected":false},"excerpt":{"rendered":"<p>G\u00fcnl\u00fck hayat\u0131n temposuna ayak uyduran bu \u015f\u0131k ve teknolojik kulakl\u0131k modeli, ses kalitesi, ba\u011flant\u0131 g\u00fcc\u00fc ve kullan\u0131m kolayl\u0131\u011f\u0131yla dikkat \u00e7eker. 30 mm \u00e7ap\u0131ndaki s\u00fcr\u00fcc\u00fcleri, m\u00fczikte detaylara \u00f6nem veren kullan\u0131c\u0131lar i\u00e7in etkileyici bir ses derinli\u011fi sunar. Yeni nesil Bluetooth 5.3 ba\u011flant\u0131s\u0131 sayesinde an\u0131nda e\u015fle\u015fme, d\u00fc\u015f\u00fck gecikme ve enerji tasarrufu gibi avantajlar elde edilir. LED dijital ekran,&#8230;<\/p>\n","protected":false},"featured_media":114367,"comment_status":"open","ping_status":"closed","template":"","meta":{"_kad_post_transparent":"","_kad_post_title":"","_kad_post_layout":"","_kad_post_sidebar_id":"","_kad_post_content_style":"","_kad_post_vertical_padding":"","_kad_post_feature":"","_kad_post_feature_position":"","_kad_post_header":false,"_kad_post_footer":false,"_kad_post_classname":""},"product_brand":[],"product_cat":[14957],"product_tag":[],"class_list":{"0":"post-114368","1":"product","2":"type-product","3":"status-publish","4":"has-post-thumbnail","6":"product_cat-kablosuz-kulaklik-kablosuz-kulaklik","8":"first","9":"instock","10":"purchasable","11":"product-type-simple","12":"entry","13":"content-bg","14":"loop-entry"},"_links":{"self":[{"href":"https:\/\/www.hediyepazar.com\/index.php?rest_route=\/wp\/v2\/product\/114368","targetHints":{"allow":["GET"]}}],"collection":[{"href":"https:\/\/www.hediyepazar.com\/index.php?rest_route=\/wp\/v2\/product"}],"about":[{"href":"https:\/\/www.hediyepazar.com\/index.php?rest_route=\/wp\/v2\/types\/product"}],"replies":[{"embeddable":true,"href":"https:\/\/www.hediyepazar.com\/index.php?rest_route=%2Fwp%2Fv2%2Fcomments&post=114368"}],"wp:featuredmedia":[{"embeddable":true,"href":"https:\/\/www.hediyepazar.com\/index.php?rest_route=\/wp\/v2\/media\/114367"}],"wp:attachment":[{"href":"https:\/\/www.hediyepazar.com\/index.php?rest_route=%2Fwp%2Fv2%2Fmedia&parent=114368"}],"wp:term":[{"taxonomy":"product_brand","embeddable":true,"href":"https:\/\/www.hediyepazar.com\/index.php?rest_route=%2Fwp%2Fv2%2Fproduct_brand&post=114368"},{"taxonomy":"product_cat","embeddable":true,"href":"https:\/\/www.hediyepazar.com\/index.php?rest_route=%2Fwp%2Fv2%2Fproduct_cat&post=114368"},{"taxonomy":"product_tag","embeddable":true,"href":"https:\/\/www.hediyepazar.com\/index.php?rest_route=%2Fwp%2Fv2%2Fproduct_tag&post=114368"}],"curies":[{"name":"wp","href":"https:\/\/api.w.org\/{rel}","templated":true}]}}