{"id":114376,"date":"2026-05-05T12:37:19","date_gmt":"2026-05-05T15:37:19","guid":{"rendered":"https:\/\/www.hediyepazar.com\/?product=200-ml-ultrasonik-aroma-difuzor-ve-hava-nemlendirici-gece-lambali"},"modified":"2026-05-05T12:37:19","modified_gmt":"2026-05-05T15:37:19","slug":"200-ml-ultrasonik-aroma-difuzor-ve-hava-nemlendirici-gece-lambali","status":"publish","type":"product","link":"https:\/\/www.hediyepazar.com\/?product=200-ml-ultrasonik-aroma-difuzor-ve-hava-nemlendirici-gece-lambali","title":{"rendered":"200 ml Ultrasonik Aroma Dif\u00fcz\u00f6r ve Hava Nemlendirici Gece Lambal\u0131"},"content":{"rendered":"<p>Dekoratif g\u00f6r\u00fcnt\u00fcs\u00fc ve etkili performans\u0131yla \u00f6ne \u00e7\u0131kan bu tav\u015fan kulakl\u0131 aroma dif\u00fcz\u00f6r, 200 ml\u2019lik geni\u015f su tank\u0131 ile uzun saatler boyunca nemlendirme sa\u011flar. Ultrasonik p\u00fcsk\u00fcrtme teknolojisi sayesinde son derece sessizdir; bu da uyku esnas\u0131nda, bebek odalar\u0131nda veya sessizlik gerektiren ortamlarda rahatl\u0131kla kullan\u0131m sa\u011flar.Cihaz, birka\u00e7 damla esansiyel ya\u011f ile aroma dif\u00fcz\u00f6r olarak da \u00e7al\u0131\u015fabilir ve bulundu\u011funuz ortama taze bir koku yayar. LED ayd\u0131nlatma \u00f6zelli\u011fi \u00e7ok renkli olup istenildi\u011finde gece lambas\u0131 olarak kullan\u0131labilir. Sevimli tav\u015fan kulakl\u0131 g\u00f6r\u00fcn\u00fcm\u00fcyle \u00e7ocuk odalar\u0131na renk katar. USB ba\u011flant\u0131s\u0131 ile kolayca \u00e7al\u0131\u015ft\u0131r\u0131labilir ve ta\u015f\u0131nabilirli\u011fi sayesinde ev, ofis ya da seyahat kullan\u0131m\u0131na uygundur. Su seviyesi g\u00f6stergesi, kullan\u0131c\u0131ya pratiklik sa\u011flar. Kompakt ve hafif yap\u0131s\u0131yla yer kaplamaz, diledi\u011finiz yere \u015f\u0131kl\u0131k ve ferahl\u0131k ta\u015f\u0131r.<\/p>\n","protected":false},"excerpt":{"rendered":"<p>Dekoratif g\u00f6r\u00fcnt\u00fcs\u00fc ve etkili performans\u0131yla \u00f6ne \u00e7\u0131kan bu tav\u015fan kulakl\u0131 aroma dif\u00fcz\u00f6r, 200 ml\u2019lik geni\u015f su tank\u0131 ile uzun saatler boyunca nemlendirme sa\u011flar. Ultrasonik p\u00fcsk\u00fcrtme teknolojisi sayesinde son derece sessizdir; bu da uyku esnas\u0131nda, bebek odalar\u0131nda veya sessizlik gerektiren ortamlarda rahatl\u0131kla kullan\u0131m sa\u011flar.Cihaz, birka\u00e7 damla esansiyel ya\u011f ile aroma dif\u00fcz\u00f6r olarak da \u00e7al\u0131\u015fabilir ve bulundu\u011funuz&#8230;<\/p>\n","protected":false},"featured_media":114375,"comment_status":"open","ping_status":"closed","template":"","meta":{"_kad_post_transparent":"","_kad_post_title":"","_kad_post_layout":"","_kad_post_sidebar_id":"","_kad_post_content_style":"","_kad_post_vertical_padding":"","_kad_post_feature":"","_kad_post_feature_position":"","_kad_post_header":false,"_kad_post_footer":false,"_kad_post_classname":""},"product_brand":[],"product_cat":[14965],"product_tag":[],"class_list":{"0":"post-114376","1":"product","2":"type-product","3":"status-publish","4":"has-post-thumbnail","6":"product_cat-hava-nemlendirici-hava-nemlendirici","8":"first","9":"instock","10":"purchasable","11":"product-type-simple","12":"entry","13":"content-bg","14":"loop-entry"},"_links":{"self":[{"href":"https:\/\/www.hediyepazar.com\/index.php?rest_route=\/wp\/v2\/product\/114376","targetHints":{"allow":["GET"]}}],"collection":[{"href":"https:\/\/www.hediyepazar.com\/index.php?rest_route=\/wp\/v2\/product"}],"about":[{"href":"https:\/\/www.hediyepazar.com\/index.php?rest_route=\/wp\/v2\/types\/product"}],"replies":[{"embeddable":true,"href":"https:\/\/www.hediyepazar.com\/index.php?rest_route=%2Fwp%2Fv2%2Fcomments&post=114376"}],"wp:featuredmedia":[{"embeddable":true,"href":"https:\/\/www.hediyepazar.com\/index.php?rest_route=\/wp\/v2\/media\/114375"}],"wp:attachment":[{"href":"https:\/\/www.hediyepazar.com\/index.php?rest_route=%2Fwp%2Fv2%2Fmedia&parent=114376"}],"wp:term":[{"taxonomy":"product_brand","embeddable":true,"href":"https:\/\/www.hediyepazar.com\/index.php?rest_route=%2Fwp%2Fv2%2Fproduct_brand&post=114376"},{"taxonomy":"product_cat","embeddable":true,"href":"https:\/\/www.hediyepazar.com\/index.php?rest_route=%2Fwp%2Fv2%2Fproduct_cat&post=114376"},{"taxonomy":"product_tag","embeddable":true,"href":"https:\/\/www.hediyepazar.com\/index.php?rest_route=%2Fwp%2Fv2%2Fproduct_tag&post=114376"}],"curies":[{"name":"wp","href":"https:\/\/api.w.org\/{rel}","templated":true}]}}