{"id":114504,"date":"2026-05-05T12:47:41","date_gmt":"2026-05-05T15:47:41","guid":{"rendered":"https:\/\/www.hediyepazar.com\/?product=bluetooth-5-4-kablosuz-kulaklik-gurultu-engelleme-ve-dokunmatik-kontrol"},"modified":"2026-05-05T12:47:41","modified_gmt":"2026-05-05T15:47:41","slug":"bluetooth-5-4-kablosuz-kulaklik-gurultu-engelleme-ve-dokunmatik-kontrol","status":"publish","type":"product","link":"https:\/\/www.hediyepazar.com\/?product=bluetooth-5-4-kablosuz-kulaklik-gurultu-engelleme-ve-dokunmatik-kontrol","title":{"rendered":"Bluetooth 5.4 Kablosuz Kulakl\u0131k \u2013 G\u00fcr\u00fclt\u00fc Engelleme ve Dokunmatik Kontrol"},"content":{"rendered":"<p>Y\u00fcksek teknolojiyle donat\u0131lm\u0131\u015f bu kablosuz kulakl\u0131k, \u00e7ift dijital ekran\u0131 sayesinde \u015farj durumunu anl\u0131k olarak takip etmenizi sa\u011flar.2000 mAh kapasiteli \u015farj kutusu, kulakl\u0131klar\u0131n\u0131z\u0131 defalarca \u015farj ederken acil durumlarda telefonunuzu da \u015farj etme imk\u00e2n\u0131 sunar.Bluetooth 5.0 teknolojisiyle 10 metreye kadar kesintisiz ba\u011flant\u0131 ve minimum gecikme sa\u011flar. G\u00fcr\u00fclt\u00fc \u00f6nleme \u00f6zelli\u011fi, hem m\u00fczikte hem g\u00f6r\u00fc\u015fmelerde kristal netli\u011finde ses kalitesi sunar.IPX5 su ge\u00e7irmez tasar\u0131m\u0131yla spor, seyahat veya g\u00fcnl\u00fck kullan\u0131mda m\u00fckemmel bir yard\u0131mc\u0131d\u0131r.<\/p>\n","protected":false},"excerpt":{"rendered":"<p>Y\u00fcksek teknolojiyle donat\u0131lm\u0131\u015f bu kablosuz kulakl\u0131k, \u00e7ift dijital ekran\u0131 sayesinde \u015farj durumunu anl\u0131k olarak takip etmenizi sa\u011flar.2000 mAh kapasiteli \u015farj kutusu, kulakl\u0131klar\u0131n\u0131z\u0131 defalarca \u015farj ederken acil durumlarda telefonunuzu da \u015farj etme imk\u00e2n\u0131 sunar.Bluetooth 5.0 teknolojisiyle 10 metreye kadar kesintisiz ba\u011flant\u0131 ve minimum gecikme sa\u011flar. G\u00fcr\u00fclt\u00fc \u00f6nleme \u00f6zelli\u011fi, hem m\u00fczikte hem g\u00f6r\u00fc\u015fmelerde kristal netli\u011finde ses kalitesi&#8230;<\/p>\n","protected":false},"featured_media":114503,"comment_status":"open","ping_status":"closed","template":"","meta":{"_kad_post_transparent":"","_kad_post_title":"","_kad_post_layout":"","_kad_post_sidebar_id":"","_kad_post_content_style":"","_kad_post_vertical_padding":"","_kad_post_feature":"","_kad_post_feature_position":"","_kad_post_header":false,"_kad_post_footer":false,"_kad_post_classname":""},"product_brand":[],"product_cat":[14957],"product_tag":[],"class_list":{"0":"post-114504","1":"product","2":"type-product","3":"status-publish","4":"has-post-thumbnail","6":"product_cat-kablosuz-kulaklik-kablosuz-kulaklik","8":"first","9":"instock","10":"purchasable","11":"product-type-simple","12":"entry","13":"content-bg","14":"loop-entry"},"_links":{"self":[{"href":"https:\/\/www.hediyepazar.com\/index.php?rest_route=\/wp\/v2\/product\/114504","targetHints":{"allow":["GET"]}}],"collection":[{"href":"https:\/\/www.hediyepazar.com\/index.php?rest_route=\/wp\/v2\/product"}],"about":[{"href":"https:\/\/www.hediyepazar.com\/index.php?rest_route=\/wp\/v2\/types\/product"}],"replies":[{"embeddable":true,"href":"https:\/\/www.hediyepazar.com\/index.php?rest_route=%2Fwp%2Fv2%2Fcomments&post=114504"}],"wp:featuredmedia":[{"embeddable":true,"href":"https:\/\/www.hediyepazar.com\/index.php?rest_route=\/wp\/v2\/media\/114503"}],"wp:attachment":[{"href":"https:\/\/www.hediyepazar.com\/index.php?rest_route=%2Fwp%2Fv2%2Fmedia&parent=114504"}],"wp:term":[{"taxonomy":"product_brand","embeddable":true,"href":"https:\/\/www.hediyepazar.com\/index.php?rest_route=%2Fwp%2Fv2%2Fproduct_brand&post=114504"},{"taxonomy":"product_cat","embeddable":true,"href":"https:\/\/www.hediyepazar.com\/index.php?rest_route=%2Fwp%2Fv2%2Fproduct_cat&post=114504"},{"taxonomy":"product_tag","embeddable":true,"href":"https:\/\/www.hediyepazar.com\/index.php?rest_route=%2Fwp%2Fv2%2Fproduct_tag&post=114504"}],"curies":[{"name":"wp","href":"https:\/\/api.w.org\/{rel}","templated":true}]}}