{"id":114518,"date":"2026-05-05T12:48:29","date_gmt":"2026-05-05T15:48:29","guid":{"rendered":"https:\/\/www.hediyepazar.com\/?product=rgbw-teknolojili-akilli-led-ampul-zamanlayicili"},"modified":"2026-05-05T12:48:29","modified_gmt":"2026-05-05T15:48:29","slug":"rgbw-teknolojili-akilli-led-ampul-zamanlayicili","status":"publish","type":"product","link":"https:\/\/www.hediyepazar.com\/?product=rgbw-teknolojili-akilli-led-ampul-zamanlayicili","title":{"rendered":"RGBW Teknolojili Ak\u0131ll\u0131 LED Ampul Zamanlay\u0131c\u0131l\u0131"},"content":{"rendered":"<p>9 watt enerji t\u00fcketen bu ak\u0131ll\u0131 LED ampul, beyaz \u0131\u015f\u0131k s\u0131cakl\u0131\u011f\u0131yla evinizde do\u011fal ve ferah bir ayd\u0131nlatma sunar. Enerji tasarrufu ve uzun \u00f6m\u00fcr \u00f6nceliklidir. Uzaktan kontrol ile evinizin \u0131\u015f\u0131klar\u0131n\u0131 ak\u0131ll\u0131 telefondan y\u00f6netebilirsiniz. 2.4 GHz Wi-Fi destekler. RGBW teknolojisi sayesinde 16 milyon renk se\u00e7ene\u011fi vard\u0131r. \u0130stedi\u011finiz renk ve \u0131\u015f\u0131k yo\u011funlu\u011funu %1\u2019den %100\u2019e kadar ayarlamak m\u00fcmk\u00fcnd\u00fcr. Mutfak, salon veya parti ortamlar\u0131 i\u00e7in \u00f6nceden tan\u0131mlanm\u0131\u015f sahnelerle kolay kullan\u0131m sa\u011flar. Zamanlay\u0131c\u0131 ile g\u00fcnl\u00fck \u0131\u015f\u0131k a\u00e7ma ve kapama programlar\u0131 olu\u015fturabilirsiniz. Uzun \u00f6m\u00fcrl\u00fc LED yap\u0131s\u0131 sayesinde s\u0131k de\u011fi\u015ftirme yapmazs\u0131n\u0131z. Doluluk sim\u00fclasyonu sayesinde evinizde g\u00fcvenlik art\u0131r\u0131l\u0131r. Enerjiden tasarruf ederek \u00e7evre dostu bir ayd\u0131nlatma sa\u011flar.<\/p>\n","protected":false},"excerpt":{"rendered":"<p>9 watt enerji t\u00fcketen bu ak\u0131ll\u0131 LED ampul, beyaz \u0131\u015f\u0131k s\u0131cakl\u0131\u011f\u0131yla evinizde do\u011fal ve ferah bir ayd\u0131nlatma sunar. Enerji tasarrufu ve uzun \u00f6m\u00fcr \u00f6nceliklidir. Uzaktan kontrol ile evinizin \u0131\u015f\u0131klar\u0131n\u0131 ak\u0131ll\u0131 telefondan y\u00f6netebilirsiniz. 2.4 GHz Wi-Fi destekler. RGBW teknolojisi sayesinde 16 milyon renk se\u00e7ene\u011fi vard\u0131r. \u0130stedi\u011finiz renk ve \u0131\u015f\u0131k yo\u011funlu\u011funu %1\u2019den %100\u2019e kadar ayarlamak m\u00fcmk\u00fcnd\u00fcr. Mutfak,&#8230;<\/p>\n","protected":false},"featured_media":114517,"comment_status":"open","ping_status":"closed","template":"","meta":{"_kad_post_transparent":"","_kad_post_title":"","_kad_post_layout":"","_kad_post_sidebar_id":"","_kad_post_content_style":"","_kad_post_vertical_padding":"","_kad_post_feature":"","_kad_post_feature_position":"","_kad_post_header":false,"_kad_post_footer":false,"_kad_post_classname":""},"product_brand":[],"product_cat":[14967],"product_tag":[],"class_list":{"0":"post-114518","1":"product","2":"type-product","3":"status-publish","4":"has-post-thumbnail","6":"product_cat-gece-lambasi-gece-lambasi","8":"first","9":"instock","10":"purchasable","11":"product-type-simple","12":"entry","13":"content-bg","14":"loop-entry"},"_links":{"self":[{"href":"https:\/\/www.hediyepazar.com\/index.php?rest_route=\/wp\/v2\/product\/114518","targetHints":{"allow":["GET"]}}],"collection":[{"href":"https:\/\/www.hediyepazar.com\/index.php?rest_route=\/wp\/v2\/product"}],"about":[{"href":"https:\/\/www.hediyepazar.com\/index.php?rest_route=\/wp\/v2\/types\/product"}],"replies":[{"embeddable":true,"href":"https:\/\/www.hediyepazar.com\/index.php?rest_route=%2Fwp%2Fv2%2Fcomments&post=114518"}],"wp:featuredmedia":[{"embeddable":true,"href":"https:\/\/www.hediyepazar.com\/index.php?rest_route=\/wp\/v2\/media\/114517"}],"wp:attachment":[{"href":"https:\/\/www.hediyepazar.com\/index.php?rest_route=%2Fwp%2Fv2%2Fmedia&parent=114518"}],"wp:term":[{"taxonomy":"product_brand","embeddable":true,"href":"https:\/\/www.hediyepazar.com\/index.php?rest_route=%2Fwp%2Fv2%2Fproduct_brand&post=114518"},{"taxonomy":"product_cat","embeddable":true,"href":"https:\/\/www.hediyepazar.com\/index.php?rest_route=%2Fwp%2Fv2%2Fproduct_cat&post=114518"},{"taxonomy":"product_tag","embeddable":true,"href":"https:\/\/www.hediyepazar.com\/index.php?rest_route=%2Fwp%2Fv2%2Fproduct_tag&post=114518"}],"curies":[{"name":"wp","href":"https:\/\/api.w.org\/{rel}","templated":true}]}}