{"id":114530,"date":"2026-05-05T12:48:59","date_gmt":"2026-05-05T15:48:59","guid":{"rendered":"https:\/\/www.hediyepazar.com\/?product=4-kilavuz-tarakli-profesyonel-sac-ve-sakal-kesme-makinesi"},"modified":"2026-05-05T12:48:59","modified_gmt":"2026-05-05T15:48:59","slug":"4-kilavuz-tarakli-profesyonel-sac-ve-sakal-kesme-makinesi","status":"publish","type":"product","link":"https:\/\/www.hediyepazar.com\/?product=4-kilavuz-tarakli-profesyonel-sac-ve-sakal-kesme-makinesi","title":{"rendered":"4 K\u0131lavuz Tarakl\u0131 Profesyonel Sa\u00e7 ve Sakal Kesme Makinesi"},"content":{"rendered":"<p>Sa\u00e7 ve sakal kesimi i\u00e7in tasarlanm\u0131\u015f bu makine, tam \u00e7elik 0 tak\u0131m kafas\u0131 ve R \u015feklinde yuvarlak dokuna\u00e7 tasar\u0131m\u0131 ile konforlu ve g\u00fcvenli kesim sunar. Ya\u011f ba\u015fl\u0131\u011f\u0131, b\u0131\u00e7aklar\u0131n p\u00fcr\u00fczs\u00fcz \u00e7al\u0131\u015fmas\u0131n\u0131 sa\u011flar. \u0130tme beyaz oyma modeli, hassas ve kontroll\u00fc kesim imkan\u0131 verir.5W g\u00fcc\u00fcndeki bak\u0131r \u00e7ekirdek motor, kompakt g\u00f6vdeye ra\u011fmen y\u00fcksek performans sa\u011flar. Sa\u00e7 ve sakal t\u00fcylerini kolayl\u0131kla keser, s\u0131k\u0131\u015fma ya\u015fanmaz. Ergonomik heykel dokulu g\u00f6vdesi, uzun s\u00fcreli kullan\u0131mlarda bile rahat tutu\u015f sa\u011flar. Kompakt yap\u0131s\u0131 sayesinde ta\u015f\u0131nabilir ve pratik kullan\u0131ml\u0131d\u0131r.4 farkl\u0131 k\u0131lavuz tarak ile sa\u00e7 ve sakal uzunlu\u011funu ayarlamak m\u00fcmk\u00fcnd\u00fcr. 500mAh kapasiteli lityum pil, 2 saat \u015farj ile 1 saat kesintisiz kullan\u0131m sunar. Paket i\u00e7eri\u011finde makine, k\u0131lavuz taraklar, temizlik f\u0131r\u00e7as\u0131, USB kablo ve T\u00fcrk\u00e7e kullan\u0131m k\u0131lavuzu yer almaktad\u0131r. Hem g\u00fcnl\u00fck bak\u0131m hem de profesyonel kuaf\u00f6rler i\u00e7in uygundur.&nbsp;<\/p>\n","protected":false},"excerpt":{"rendered":"<p>Sa\u00e7 ve sakal kesimi i\u00e7in tasarlanm\u0131\u015f bu makine, tam \u00e7elik 0 tak\u0131m kafas\u0131 ve R \u015feklinde yuvarlak dokuna\u00e7 tasar\u0131m\u0131 ile konforlu ve g\u00fcvenli kesim sunar. Ya\u011f ba\u015fl\u0131\u011f\u0131, b\u0131\u00e7aklar\u0131n p\u00fcr\u00fczs\u00fcz \u00e7al\u0131\u015fmas\u0131n\u0131 sa\u011flar. \u0130tme beyaz oyma modeli, hassas ve kontroll\u00fc kesim imkan\u0131 verir.5W g\u00fcc\u00fcndeki bak\u0131r \u00e7ekirdek motor, kompakt g\u00f6vdeye ra\u011fmen y\u00fcksek performans sa\u011flar. Sa\u00e7 ve sakal t\u00fcylerini&#8230;<\/p>\n","protected":false},"featured_media":114529,"comment_status":"open","ping_status":"closed","template":"","meta":{"_kad_post_transparent":"","_kad_post_title":"","_kad_post_layout":"","_kad_post_sidebar_id":"","_kad_post_content_style":"","_kad_post_vertical_padding":"","_kad_post_feature":"","_kad_post_feature_position":"","_kad_post_header":false,"_kad_post_footer":false,"_kad_post_classname":""},"product_brand":[],"product_cat":[14925],"product_tag":[],"class_list":{"0":"post-114530","1":"product","2":"type-product","3":"status-publish","4":"has-post-thumbnail","6":"product_cat-tiras-makinesi-tiras-makinesi","8":"first","9":"instock","10":"purchasable","11":"product-type-simple","12":"entry","13":"content-bg","14":"loop-entry"},"_links":{"self":[{"href":"https:\/\/www.hediyepazar.com\/index.php?rest_route=\/wp\/v2\/product\/114530","targetHints":{"allow":["GET"]}}],"collection":[{"href":"https:\/\/www.hediyepazar.com\/index.php?rest_route=\/wp\/v2\/product"}],"about":[{"href":"https:\/\/www.hediyepazar.com\/index.php?rest_route=\/wp\/v2\/types\/product"}],"replies":[{"embeddable":true,"href":"https:\/\/www.hediyepazar.com\/index.php?rest_route=%2Fwp%2Fv2%2Fcomments&post=114530"}],"wp:featuredmedia":[{"embeddable":true,"href":"https:\/\/www.hediyepazar.com\/index.php?rest_route=\/wp\/v2\/media\/114529"}],"wp:attachment":[{"href":"https:\/\/www.hediyepazar.com\/index.php?rest_route=%2Fwp%2Fv2%2Fmedia&parent=114530"}],"wp:term":[{"taxonomy":"product_brand","embeddable":true,"href":"https:\/\/www.hediyepazar.com\/index.php?rest_route=%2Fwp%2Fv2%2Fproduct_brand&post=114530"},{"taxonomy":"product_cat","embeddable":true,"href":"https:\/\/www.hediyepazar.com\/index.php?rest_route=%2Fwp%2Fv2%2Fproduct_cat&post=114530"},{"taxonomy":"product_tag","embeddable":true,"href":"https:\/\/www.hediyepazar.com\/index.php?rest_route=%2Fwp%2Fv2%2Fproduct_tag&post=114530"}],"curies":[{"name":"wp","href":"https:\/\/api.w.org\/{rel}","templated":true}]}}