{"id":114636,"date":"2026-05-05T12:56:45","date_gmt":"2026-05-05T15:56:45","guid":{"rendered":"https:\/\/www.hediyepazar.com\/?product=bluetooth-klavye-ve-mouse-kombinasyonu-usb-alicili-kompakt-uzun-omurlu"},"modified":"2026-05-05T12:56:45","modified_gmt":"2026-05-05T15:56:45","slug":"bluetooth-klavye-ve-mouse-kombinasyonu-usb-alicili-kompakt-uzun-omurlu","status":"publish","type":"product","link":"https:\/\/www.hediyepazar.com\/?product=bluetooth-klavye-ve-mouse-kombinasyonu-usb-alicili-kompakt-uzun-omurlu","title":{"rendered":"Bluetooth Klavye ve Mouse Kombinasyonu \u2013 USB Al\u0131c\u0131l\u0131 Kompakt Uzun \u00d6m\u00fcrl\u00fc"},"content":{"rendered":"<p>Bu klavye, hem Bluetooth 5.1 hem de USB al\u0131c\u0131 deste\u011fiyle \u00e7ift modlu kullan\u0131m sunar. \u0130sterseniz kablosuz olarak, isterseniz USB ba\u011flant\u0131s\u0131yla kullanabilirsiniz. Bu sayede ba\u011flant\u0131 esnekli\u011fi ve y\u00fcksek performans elde edilir. Klavye ve mouse birlikte \u00e7al\u0131\u015farak tek al\u0131c\u0131 \u00fczerinden kontrol imk\u00e2n\u0131 sa\u011flar. Tu\u015flar sessiz, yumu\u015fak ve ergonomik bir yap\u0131ya sahiptir. Retro tarz\u0131 ve \u00e7ok renkli y\u00fczeyiyle masa\u00fcst\u00fcn\u00fcze zarif bir dokunu\u015f katar. Ak\u0131ll\u0131 enerji tasarrufu sistemi, kullan\u0131lmad\u0131\u011f\u0131nda g\u00fc\u00e7 t\u00fcketimini minimuma indirir. Ortalama 6 ayl\u0131k pil \u00f6mr\u00fc sunar. 100 tu\u015flu kompakt tasar\u0131m\u0131 sayesinde dar alanlarda bile konforlu kullan\u0131m sa\u011flar. Windows, macOS, Android ve iOS cihazlarla tam uyumludur. Ev, ofis veya mobil \u00e7al\u0131\u015fma ortamlar\u0131nda verimlili\u011fi art\u0131rmak i\u00e7in idealdir.<\/p>\n","protected":false},"excerpt":{"rendered":"<p>Bu klavye, hem Bluetooth 5.1 hem de USB al\u0131c\u0131 deste\u011fiyle \u00e7ift modlu kullan\u0131m sunar. \u0130sterseniz kablosuz olarak, isterseniz USB ba\u011flant\u0131s\u0131yla kullanabilirsiniz. Bu sayede ba\u011flant\u0131 esnekli\u011fi ve y\u00fcksek performans elde edilir. Klavye ve mouse birlikte \u00e7al\u0131\u015farak tek al\u0131c\u0131 \u00fczerinden kontrol imk\u00e2n\u0131 sa\u011flar. Tu\u015flar sessiz, yumu\u015fak ve ergonomik bir yap\u0131ya sahiptir. Retro tarz\u0131 ve \u00e7ok renkli y\u00fczeyiyle&#8230;<\/p>\n","protected":false},"featured_media":114635,"comment_status":"open","ping_status":"closed","template":"","meta":{"_kad_post_transparent":"","_kad_post_title":"","_kad_post_layout":"","_kad_post_sidebar_id":"","_kad_post_content_style":"","_kad_post_vertical_padding":"","_kad_post_feature":"","_kad_post_feature_position":"","_kad_post_header":false,"_kad_post_footer":false,"_kad_post_classname":""},"product_brand":[],"product_cat":[15033],"product_tag":[],"class_list":{"0":"post-114636","1":"product","2":"type-product","3":"status-publish","4":"has-post-thumbnail","6":"product_cat-oyuncu-klavye-mouse-seti-oyuncu-klavye-mouse-seti","8":"first","9":"instock","10":"purchasable","11":"product-type-simple","12":"entry","13":"content-bg","14":"loop-entry"},"_links":{"self":[{"href":"https:\/\/www.hediyepazar.com\/index.php?rest_route=\/wp\/v2\/product\/114636","targetHints":{"allow":["GET"]}}],"collection":[{"href":"https:\/\/www.hediyepazar.com\/index.php?rest_route=\/wp\/v2\/product"}],"about":[{"href":"https:\/\/www.hediyepazar.com\/index.php?rest_route=\/wp\/v2\/types\/product"}],"replies":[{"embeddable":true,"href":"https:\/\/www.hediyepazar.com\/index.php?rest_route=%2Fwp%2Fv2%2Fcomments&post=114636"}],"wp:featuredmedia":[{"embeddable":true,"href":"https:\/\/www.hediyepazar.com\/index.php?rest_route=\/wp\/v2\/media\/114635"}],"wp:attachment":[{"href":"https:\/\/www.hediyepazar.com\/index.php?rest_route=%2Fwp%2Fv2%2Fmedia&parent=114636"}],"wp:term":[{"taxonomy":"product_brand","embeddable":true,"href":"https:\/\/www.hediyepazar.com\/index.php?rest_route=%2Fwp%2Fv2%2Fproduct_brand&post=114636"},{"taxonomy":"product_cat","embeddable":true,"href":"https:\/\/www.hediyepazar.com\/index.php?rest_route=%2Fwp%2Fv2%2Fproduct_cat&post=114636"},{"taxonomy":"product_tag","embeddable":true,"href":"https:\/\/www.hediyepazar.com\/index.php?rest_route=%2Fwp%2Fv2%2Fproduct_tag&post=114636"}],"curies":[{"name":"wp","href":"https:\/\/api.w.org\/{rel}","templated":true}]}}