{"id":114706,"date":"2026-05-05T13:03:05","date_gmt":"2026-05-05T16:03:05","guid":{"rendered":"https:\/\/www.hediyepazar.com\/?product=retro-tarz-kablosuz-klavye-mouse-seti-104-tuslu-ergonomik-tasarim"},"modified":"2026-05-05T13:03:05","modified_gmt":"2026-05-05T16:03:05","slug":"retro-tarz-kablosuz-klavye-mouse-seti-104-tuslu-ergonomik-tasarim","status":"publish","type":"product","link":"https:\/\/www.hediyepazar.com\/?product=retro-tarz-kablosuz-klavye-mouse-seti-104-tuslu-ergonomik-tasarim","title":{"rendered":"Retro Tarz Kablosuz Klavye Mouse Seti \u2013 104 Tu\u015flu Ergonomik Tasar\u0131m"},"content":{"rendered":"<p>Klasik daktilo g\u00f6r\u00fcn\u00fcm\u00fcn\u00fc modern teknolojiyle birle\u015ftiren bu kablosuz klavye ve mouse seti, y\u00fcksek performans ve estetik tasar\u0131m\u0131 bir araya getiriyor. 104 tu\u015flu klavye, yuvarlak tu\u015f dizilimiyle konforlu ve sessiz bir yaz\u0131m deneyimi sunar. FN+multimedya tu\u015flar\u0131 sayesinde ses, video ve m\u00fczik kontrol\u00fc h\u0131zl\u0131 ve kolayd\u0131r.5 tu\u015flu mouse, ergonomik formuyla elin do\u011fal kavisine uyum sa\u011flar. Tek bir USB al\u0131c\u0131s\u0131 hem klavye hem de fareyi ayn\u0131 anda \u00e7al\u0131\u015ft\u0131r\u0131r, kablo karma\u015fas\u0131ndan kurtulman\u0131z\u0131 sa\u011flar. Klavye kapa\u011f\u0131 \u00e7\u0131kar\u0131labilir, toza ve kire kar\u015f\u0131 dayan\u0131kl\u0131d\u0131r. Ayarlanabilir e\u011fim deste\u011fi uzun s\u00fcreli kullan\u0131mda rahatl\u0131k sa\u011flar. XP, Win7, Win8, Win10 sistemleriyle uyumlu olan bu set, sade ve zarif tasar\u0131m\u0131yla \u00e7al\u0131\u015fma alan\u0131n\u0131za modern bir dokunu\u015f katar.<\/p>\n","protected":false},"excerpt":{"rendered":"<p>Klasik daktilo g\u00f6r\u00fcn\u00fcm\u00fcn\u00fc modern teknolojiyle birle\u015ftiren bu kablosuz klavye ve mouse seti, y\u00fcksek performans ve estetik tasar\u0131m\u0131 bir araya getiriyor. 104 tu\u015flu klavye, yuvarlak tu\u015f dizilimiyle konforlu ve sessiz bir yaz\u0131m deneyimi sunar. FN+multimedya tu\u015flar\u0131 sayesinde ses, video ve m\u00fczik kontrol\u00fc h\u0131zl\u0131 ve kolayd\u0131r.5 tu\u015flu mouse, ergonomik formuyla elin do\u011fal kavisine uyum sa\u011flar. Tek bir&#8230;<\/p>\n","protected":false},"featured_media":114705,"comment_status":"open","ping_status":"closed","template":"","meta":{"_kad_post_transparent":"","_kad_post_title":"","_kad_post_layout":"","_kad_post_sidebar_id":"","_kad_post_content_style":"","_kad_post_vertical_padding":"","_kad_post_feature":"","_kad_post_feature_position":"","_kad_post_header":false,"_kad_post_footer":false,"_kad_post_classname":""},"product_brand":[],"product_cat":[14913],"product_tag":[],"class_list":{"0":"post-114706","1":"product","2":"type-product","3":"status-publish","4":"has-post-thumbnail","6":"product_cat-klavye-klavye-2","8":"first","9":"instock","10":"purchasable","11":"product-type-simple","12":"entry","13":"content-bg","14":"loop-entry"},"_links":{"self":[{"href":"https:\/\/www.hediyepazar.com\/index.php?rest_route=\/wp\/v2\/product\/114706","targetHints":{"allow":["GET"]}}],"collection":[{"href":"https:\/\/www.hediyepazar.com\/index.php?rest_route=\/wp\/v2\/product"}],"about":[{"href":"https:\/\/www.hediyepazar.com\/index.php?rest_route=\/wp\/v2\/types\/product"}],"replies":[{"embeddable":true,"href":"https:\/\/www.hediyepazar.com\/index.php?rest_route=%2Fwp%2Fv2%2Fcomments&post=114706"}],"wp:featuredmedia":[{"embeddable":true,"href":"https:\/\/www.hediyepazar.com\/index.php?rest_route=\/wp\/v2\/media\/114705"}],"wp:attachment":[{"href":"https:\/\/www.hediyepazar.com\/index.php?rest_route=%2Fwp%2Fv2%2Fmedia&parent=114706"}],"wp:term":[{"taxonomy":"product_brand","embeddable":true,"href":"https:\/\/www.hediyepazar.com\/index.php?rest_route=%2Fwp%2Fv2%2Fproduct_brand&post=114706"},{"taxonomy":"product_cat","embeddable":true,"href":"https:\/\/www.hediyepazar.com\/index.php?rest_route=%2Fwp%2Fv2%2Fproduct_cat&post=114706"},{"taxonomy":"product_tag","embeddable":true,"href":"https:\/\/www.hediyepazar.com\/index.php?rest_route=%2Fwp%2Fv2%2Fproduct_tag&post=114706"}],"curies":[{"name":"wp","href":"https:\/\/api.w.org\/{rel}","templated":true}]}}