{"id":114710,"date":"2026-05-05T13:03:29","date_gmt":"2026-05-05T16:03:29","guid":{"rendered":"https:\/\/www.hediyepazar.com\/?product=basincli-el-dusu-basligi-doner-pervaneli-goz-kamastiran-yagmur-etkisi"},"modified":"2026-05-05T13:03:29","modified_gmt":"2026-05-05T16:03:29","slug":"basincli-el-dusu-basligi-doner-pervaneli-goz-kamastiran-yagmur-etkisi","status":"publish","type":"product","link":"https:\/\/www.hediyepazar.com\/?product=basincli-el-dusu-basligi-doner-pervaneli-goz-kamastiran-yagmur-etkisi","title":{"rendered":"Bas\u0131n\u00e7l\u0131 El Du\u015fu Ba\u015fl\u0131\u011f\u0131 \u2013 D\u00f6ner Pervaneli G\u00f6z Kama\u015ft\u0131ran Ya\u011fmur Etkisi"},"content":{"rendered":"<p>Y\u00fcksek kaliteli malzemeden \u00fcretilen el du\u015fu, uzun \u00f6m\u00fcrl\u00fc kullan\u0131m i\u00e7in tasarlanm\u0131\u015ft\u0131r. Basit montaj yap\u0131s\u0131, t\u00fcm standart du\u015f hortumlar\u0131na uyum sa\u011flar.Pervaneli i\u00e7 sistemi, suyun ak\u0131\u015f\u0131n\u0131 d\u00fczenleyerek dengeli ve rahatlat\u0131c\u0131 bir du\u015f sa\u011flar. Start-Stop \u00f6zelli\u011fi sayesinde muslu\u011fa uzanmadan su kontrol\u00fc yapabilir, tasarruf edebilirsiniz.Ergonomik tutma k\u0131sm\u0131 ve \u015f\u0131k g\u00f6r\u00fcn\u00fcm\u00fcyle her banyoya modern bir dokunu\u015f kazand\u0131r\u0131r.<\/p>\n","protected":false},"excerpt":{"rendered":"<p>Y\u00fcksek kaliteli malzemeden \u00fcretilen el du\u015fu, uzun \u00f6m\u00fcrl\u00fc kullan\u0131m i\u00e7in tasarlanm\u0131\u015ft\u0131r. Basit montaj yap\u0131s\u0131, t\u00fcm standart du\u015f hortumlar\u0131na uyum sa\u011flar.Pervaneli i\u00e7 sistemi, suyun ak\u0131\u015f\u0131n\u0131 d\u00fczenleyerek dengeli ve rahatlat\u0131c\u0131 bir du\u015f sa\u011flar. Start-Stop \u00f6zelli\u011fi sayesinde muslu\u011fa uzanmadan su kontrol\u00fc yapabilir, tasarruf edebilirsiniz.Ergonomik tutma k\u0131sm\u0131 ve \u015f\u0131k g\u00f6r\u00fcn\u00fcm\u00fcyle her banyoya modern bir dokunu\u015f kazand\u0131r\u0131r.<\/p>\n","protected":false},"featured_media":114709,"comment_status":"open","ping_status":"closed","template":"","meta":{"_kad_post_transparent":"","_kad_post_title":"","_kad_post_layout":"","_kad_post_sidebar_id":"","_kad_post_content_style":"","_kad_post_vertical_padding":"","_kad_post_feature":"","_kad_post_feature_position":"","_kad_post_header":false,"_kad_post_footer":false,"_kad_post_classname":""},"product_brand":[],"product_cat":[14915],"product_tag":[],"class_list":{"0":"post-114710","1":"product","2":"type-product","3":"status-publish","4":"has-post-thumbnail","6":"product_cat-dus-basligi-dus-basligi","8":"first","9":"instock","10":"purchasable","11":"product-type-simple","12":"entry","13":"content-bg","14":"loop-entry"},"_links":{"self":[{"href":"https:\/\/www.hediyepazar.com\/index.php?rest_route=\/wp\/v2\/product\/114710","targetHints":{"allow":["GET"]}}],"collection":[{"href":"https:\/\/www.hediyepazar.com\/index.php?rest_route=\/wp\/v2\/product"}],"about":[{"href":"https:\/\/www.hediyepazar.com\/index.php?rest_route=\/wp\/v2\/types\/product"}],"replies":[{"embeddable":true,"href":"https:\/\/www.hediyepazar.com\/index.php?rest_route=%2Fwp%2Fv2%2Fcomments&post=114710"}],"wp:featuredmedia":[{"embeddable":true,"href":"https:\/\/www.hediyepazar.com\/index.php?rest_route=\/wp\/v2\/media\/114709"}],"wp:attachment":[{"href":"https:\/\/www.hediyepazar.com\/index.php?rest_route=%2Fwp%2Fv2%2Fmedia&parent=114710"}],"wp:term":[{"taxonomy":"product_brand","embeddable":true,"href":"https:\/\/www.hediyepazar.com\/index.php?rest_route=%2Fwp%2Fv2%2Fproduct_brand&post=114710"},{"taxonomy":"product_cat","embeddable":true,"href":"https:\/\/www.hediyepazar.com\/index.php?rest_route=%2Fwp%2Fv2%2Fproduct_cat&post=114710"},{"taxonomy":"product_tag","embeddable":true,"href":"https:\/\/www.hediyepazar.com\/index.php?rest_route=%2Fwp%2Fv2%2Fproduct_tag&post=114710"}],"curies":[{"name":"wp","href":"https:\/\/api.w.org\/{rel}","templated":true}]}}