{"id":114714,"date":"2026-05-05T13:03:58","date_gmt":"2026-05-05T16:03:58","guid":{"rendered":"https:\/\/www.hediyepazar.com\/?product=saganak-yagmur-etkili-el-dusu-start-stop-tuslu-su-tasarruflu"},"modified":"2026-05-05T13:03:58","modified_gmt":"2026-05-05T16:03:58","slug":"saganak-yagmur-etkili-el-dusu-start-stop-tuslu-su-tasarruflu","status":"publish","type":"product","link":"https:\/\/www.hediyepazar.com\/?product=saganak-yagmur-etkili-el-dusu-start-stop-tuslu-su-tasarruflu","title":{"rendered":"Sa\u011fanak Ya\u011fmur Etkili El Du\u015fu \u2013 Start Stop Tu\u015flu Su Tasarruflu"},"content":{"rendered":"<p>Bu el du\u015fu, banyo keyfinizi \u00fcst seviyeye ta\u015f\u0131yan \u00f6zel pervaneli sistemiyle tasarland\u0131. Su ak\u0131\u015f\u0131n\u0131 dengeleyen d\u00f6ner pervaneler, \u00fczerinize yumu\u015fak bir sa\u011fanak ya\u011fmur etkisiyle d\u00fc\u015fen damlac\u0131klar olu\u015fturur. Bu sayede hem cildinizi canland\u0131r\u0131r hem de rahatlat\u0131c\u0131 bir du\u015f deneyimi sunar.Tutma k\u0131sm\u0131ndaki Start-Stop tu\u015fu sayesinde, muslu\u011fa dokunmadan suyu a\u00e7\u0131p kapatabilirsiniz. B\u00f6ylece hem pratik hem de su tasarruflu bir kullan\u0131m elde edersiniz. Dayan\u0131kl\u0131 ABS malzeme, uzun \u00f6m\u00fcrl\u00fc kullan\u0131m sunarken, kolay monte edilebilir tasar\u0131m\u0131 her banyo tipine uyum sa\u011flar.<\/p>\n","protected":false},"excerpt":{"rendered":"<p>Bu el du\u015fu, banyo keyfinizi \u00fcst seviyeye ta\u015f\u0131yan \u00f6zel pervaneli sistemiyle tasarland\u0131. Su ak\u0131\u015f\u0131n\u0131 dengeleyen d\u00f6ner pervaneler, \u00fczerinize yumu\u015fak bir sa\u011fanak ya\u011fmur etkisiyle d\u00fc\u015fen damlac\u0131klar olu\u015fturur. Bu sayede hem cildinizi canland\u0131r\u0131r hem de rahatlat\u0131c\u0131 bir du\u015f deneyimi sunar.Tutma k\u0131sm\u0131ndaki Start-Stop tu\u015fu sayesinde, muslu\u011fa dokunmadan suyu a\u00e7\u0131p kapatabilirsiniz. B\u00f6ylece hem pratik hem de su tasarruflu bir&#8230;<\/p>\n","protected":false},"featured_media":114713,"comment_status":"open","ping_status":"closed","template":"","meta":{"_kad_post_transparent":"","_kad_post_title":"","_kad_post_layout":"","_kad_post_sidebar_id":"","_kad_post_content_style":"","_kad_post_vertical_padding":"","_kad_post_feature":"","_kad_post_feature_position":"","_kad_post_header":false,"_kad_post_footer":false,"_kad_post_classname":""},"product_brand":[],"product_cat":[14915],"product_tag":[],"class_list":{"0":"post-114714","1":"product","2":"type-product","3":"status-publish","4":"has-post-thumbnail","6":"product_cat-dus-basligi-dus-basligi","8":"first","9":"instock","10":"purchasable","11":"product-type-simple","12":"entry","13":"content-bg","14":"loop-entry"},"_links":{"self":[{"href":"https:\/\/www.hediyepazar.com\/index.php?rest_route=\/wp\/v2\/product\/114714","targetHints":{"allow":["GET"]}}],"collection":[{"href":"https:\/\/www.hediyepazar.com\/index.php?rest_route=\/wp\/v2\/product"}],"about":[{"href":"https:\/\/www.hediyepazar.com\/index.php?rest_route=\/wp\/v2\/types\/product"}],"replies":[{"embeddable":true,"href":"https:\/\/www.hediyepazar.com\/index.php?rest_route=%2Fwp%2Fv2%2Fcomments&post=114714"}],"wp:featuredmedia":[{"embeddable":true,"href":"https:\/\/www.hediyepazar.com\/index.php?rest_route=\/wp\/v2\/media\/114713"}],"wp:attachment":[{"href":"https:\/\/www.hediyepazar.com\/index.php?rest_route=%2Fwp%2Fv2%2Fmedia&parent=114714"}],"wp:term":[{"taxonomy":"product_brand","embeddable":true,"href":"https:\/\/www.hediyepazar.com\/index.php?rest_route=%2Fwp%2Fv2%2Fproduct_brand&post=114714"},{"taxonomy":"product_cat","embeddable":true,"href":"https:\/\/www.hediyepazar.com\/index.php?rest_route=%2Fwp%2Fv2%2Fproduct_cat&post=114714"},{"taxonomy":"product_tag","embeddable":true,"href":"https:\/\/www.hediyepazar.com\/index.php?rest_route=%2Fwp%2Fv2%2Fproduct_tag&post=114714"}],"curies":[{"name":"wp","href":"https:\/\/api.w.org\/{rel}","templated":true}]}}