{"id":114786,"date":"2026-05-05T13:09:50","date_gmt":"2026-05-05T16:09:50","guid":{"rendered":"https:\/\/www.hediyepazar.com\/?product=kablosuz-gun-isigi-3lu-led-spot-lamba-kumandali"},"modified":"2026-05-05T13:09:50","modified_gmt":"2026-05-05T16:09:50","slug":"kablosuz-gun-isigi-3lu-led-spot-lamba-kumandali","status":"publish","type":"product","link":"https:\/\/www.hediyepazar.com\/?product=kablosuz-gun-isigi-3lu-led-spot-lamba-kumandali","title":{"rendered":"Kablosuz G\u00fcn I\u015f\u0131\u011f\u0131 3\u2019l\u00fc LED Spot Lamba Kumandal\u0131"},"content":{"rendered":"<p>3\u2019l\u00fc ayarlanabilir spot LED \u0131\u015f\u0131k seti, kablosuz kullan\u0131m avantaj\u0131 ile ya\u015fam alanlar\u0131n\u0131za kolayl\u0131k ve estetik katar. G\u00fcn \u0131\u015f\u0131\u011f\u0131 tonundaki beyaz \u0131\u015f\u0131\u011f\u0131 ile ortama ferahl\u0131k sa\u011flar, dekorasyonunuza \u015f\u0131k bir dokunu\u015f ekler.Uzaktan kumanda ile kontrol edilen bu LED \u0131\u015f\u0131klar, \u0131\u015f\u0131k derecesini ve yanma s\u00fcresini ayarlaman\u0131za imkan tan\u0131r. B\u00f6ylece farkl\u0131 kullan\u0131m alanlar\u0131nda ihtiyac\u0131n\u0131za uygun ayd\u0131nlatma elde edebilirsiniz. Dolap, kitapl\u0131k, mutfak raf\u0131, koridor ya da merdiven gibi alanlarda g\u00fcvenle kullanabilirsiniz.Dayan\u0131kl\u0131 sert plastik g\u00f6vdesi sayesinde uzun \u00f6m\u00fcrl\u00fcd\u00fcr ve yo\u011fun kullan\u0131ma uygundur. Montaj\u0131 son derece kolayd\u0131r; herhangi bir elektrik ba\u011flant\u0131s\u0131na gerek kalmadan k\u0131sa s\u00fcrede yerle\u015ftirilebilir. Ta\u015f\u0131nabilir yap\u0131s\u0131 sayesinde istedi\u011finiz yere rahat\u00e7a ta\u015f\u0131yabilirsiniz.Hem dekoratif hem de i\u015flevsel olan bu LED \u0131\u015f\u0131k seti, enerji tasarrufu sa\u011flayan modern teknolojisiyle g\u00fcnl\u00fck ya\u015fam\u0131n\u0131z\u0131 kolayla\u015ft\u0131r\u0131r.<\/p>\n","protected":false},"excerpt":{"rendered":"<p>3\u2019l\u00fc ayarlanabilir spot LED \u0131\u015f\u0131k seti, kablosuz kullan\u0131m avantaj\u0131 ile ya\u015fam alanlar\u0131n\u0131za kolayl\u0131k ve estetik katar. G\u00fcn \u0131\u015f\u0131\u011f\u0131 tonundaki beyaz \u0131\u015f\u0131\u011f\u0131 ile ortama ferahl\u0131k sa\u011flar, dekorasyonunuza \u015f\u0131k bir dokunu\u015f ekler.Uzaktan kumanda ile kontrol edilen bu LED \u0131\u015f\u0131klar, \u0131\u015f\u0131k derecesini ve yanma s\u00fcresini ayarlaman\u0131za imkan tan\u0131r. B\u00f6ylece farkl\u0131 kullan\u0131m alanlar\u0131nda ihtiyac\u0131n\u0131za uygun ayd\u0131nlatma elde edebilirsiniz. Dolap,&#8230;<\/p>\n","protected":false},"featured_media":114785,"comment_status":"open","ping_status":"closed","template":"","meta":{"_kad_post_transparent":"","_kad_post_title":"","_kad_post_layout":"","_kad_post_sidebar_id":"","_kad_post_content_style":"","_kad_post_vertical_padding":"","_kad_post_feature":"","_kad_post_feature_position":"","_kad_post_header":false,"_kad_post_footer":false,"_kad_post_classname":""},"product_brand":[],"product_cat":[14933],"product_tag":[],"class_list":{"0":"post-114786","1":"product","2":"type-product","3":"status-publish","4":"has-post-thumbnail","6":"product_cat-led-isik-led-isik","8":"first","9":"instock","10":"purchasable","11":"product-type-simple","12":"entry","13":"content-bg","14":"loop-entry"},"_links":{"self":[{"href":"https:\/\/www.hediyepazar.com\/index.php?rest_route=\/wp\/v2\/product\/114786","targetHints":{"allow":["GET"]}}],"collection":[{"href":"https:\/\/www.hediyepazar.com\/index.php?rest_route=\/wp\/v2\/product"}],"about":[{"href":"https:\/\/www.hediyepazar.com\/index.php?rest_route=\/wp\/v2\/types\/product"}],"replies":[{"embeddable":true,"href":"https:\/\/www.hediyepazar.com\/index.php?rest_route=%2Fwp%2Fv2%2Fcomments&post=114786"}],"wp:featuredmedia":[{"embeddable":true,"href":"https:\/\/www.hediyepazar.com\/index.php?rest_route=\/wp\/v2\/media\/114785"}],"wp:attachment":[{"href":"https:\/\/www.hediyepazar.com\/index.php?rest_route=%2Fwp%2Fv2%2Fmedia&parent=114786"}],"wp:term":[{"taxonomy":"product_brand","embeddable":true,"href":"https:\/\/www.hediyepazar.com\/index.php?rest_route=%2Fwp%2Fv2%2Fproduct_brand&post=114786"},{"taxonomy":"product_cat","embeddable":true,"href":"https:\/\/www.hediyepazar.com\/index.php?rest_route=%2Fwp%2Fv2%2Fproduct_cat&post=114786"},{"taxonomy":"product_tag","embeddable":true,"href":"https:\/\/www.hediyepazar.com\/index.php?rest_route=%2Fwp%2Fv2%2Fproduct_tag&post=114786"}],"curies":[{"name":"wp","href":"https:\/\/api.w.org\/{rel}","templated":true}]}}