{"id":114790,"date":"2026-05-05T13:10:15","date_gmt":"2026-05-05T16:10:15","guid":{"rendered":"https:\/\/www.hediyepazar.com\/?product=3d-ve-4k-goruntu-kaliteli-cok-oyunculu-retro-oyun-konsolu"},"modified":"2026-05-05T13:10:15","modified_gmt":"2026-05-05T16:10:15","slug":"3d-ve-4k-goruntu-kaliteli-cok-oyunculu-retro-oyun-konsolu","status":"publish","type":"product","link":"https:\/\/www.hediyepazar.com\/?product=3d-ve-4k-goruntu-kaliteli-cok-oyunculu-retro-oyun-konsolu","title":{"rendered":"3D ve 4K G\u00f6r\u00fcnt\u00fc Kaliteli \u00c7ok Oyunculu Retro Oyun Konsolu"},"content":{"rendered":"<p>Retro oyun konsolu, nostalji ve teknolojiyi bir arada sunan e\u015fsiz bir cihazd\u0131r. 80\u2019li ve 90\u2019l\u0131 y\u0131llar\u0131n unutulmaz oyunlar\u0131n\u0131 tekrar oynaman\u0131za olanak tan\u0131rken, yeni nesil teknolojiler sayesinde \u00e7ok daha \u00fcst\u00fcn bir deneyim sa\u011flar. \u0130\u00e7inde y\u00fckl\u00fc gelen 20.000\u2019den fazla oyun, her ya\u015fa hitap eden geni\u015f bir oyun ar\u015fivi sunar.\u0130ki kablosuz kontrolc\u00fc sayesinde arkada\u015flar\u0131n\u0131zla veya ailenizle kablosuz \u015fekilde oyun oynayabilir, keyifli an\u0131lar biriktirebilirsiniz. 3D ve 4K HD g\u00f6r\u00fcnt\u00fc kalitesi, klasik oyunlar\u0131n modern ekranlarda \u00e7ok daha net ve canl\u0131 g\u00f6r\u00fcnmesini sa\u011flar.HDMI ve RCA ba\u011flant\u0131 deste\u011fi, h\u0131zl\u0131 ve kolay kurulum imkan\u0131 tan\u0131r. Ayr\u0131ca haf\u0131za kart\u0131 yuvas\u0131 ile oyun ilerlemenizi kaydedebilir, diledi\u011finizde kald\u0131\u011f\u0131n\u0131z yerden devam edebilirsiniz. Retro oyun k\u00fclt\u00fcr\u00fcn\u00fc modern ya\u015famla bulu\u015fturan bu konsol, hem nostaljiyi sevenler hem de retro oyunlar\u0131 ilk kez ke\u015ffetmek isteyenler i\u00e7in m\u00fckemmel bir tercihtir.<\/p>\n","protected":false},"excerpt":{"rendered":"<p>Retro oyun konsolu, nostalji ve teknolojiyi bir arada sunan e\u015fsiz bir cihazd\u0131r. 80\u2019li ve 90\u2019l\u0131 y\u0131llar\u0131n unutulmaz oyunlar\u0131n\u0131 tekrar oynaman\u0131za olanak tan\u0131rken, yeni nesil teknolojiler sayesinde \u00e7ok daha \u00fcst\u00fcn bir deneyim sa\u011flar. \u0130\u00e7inde y\u00fckl\u00fc gelen 20.000\u2019den fazla oyun, her ya\u015fa hitap eden geni\u015f bir oyun ar\u015fivi sunar.\u0130ki kablosuz kontrolc\u00fc sayesinde arkada\u015flar\u0131n\u0131zla veya ailenizle kablosuz \u015fekilde&#8230;<\/p>\n","protected":false},"featured_media":114789,"comment_status":"open","ping_status":"closed","template":"","meta":{"_kad_post_transparent":"","_kad_post_title":"","_kad_post_layout":"","_kad_post_sidebar_id":"","_kad_post_content_style":"","_kad_post_vertical_padding":"","_kad_post_feature":"","_kad_post_feature_position":"","_kad_post_header":false,"_kad_post_footer":false,"_kad_post_classname":""},"product_brand":[],"product_cat":[14961],"product_tag":[],"class_list":{"0":"post-114790","1":"product","2":"type-product","3":"status-publish","4":"has-post-thumbnail","6":"product_cat-oyun-konsolu-oyun-konsolu","8":"first","9":"instock","10":"purchasable","11":"product-type-simple","12":"entry","13":"content-bg","14":"loop-entry"},"_links":{"self":[{"href":"https:\/\/www.hediyepazar.com\/index.php?rest_route=\/wp\/v2\/product\/114790","targetHints":{"allow":["GET"]}}],"collection":[{"href":"https:\/\/www.hediyepazar.com\/index.php?rest_route=\/wp\/v2\/product"}],"about":[{"href":"https:\/\/www.hediyepazar.com\/index.php?rest_route=\/wp\/v2\/types\/product"}],"replies":[{"embeddable":true,"href":"https:\/\/www.hediyepazar.com\/index.php?rest_route=%2Fwp%2Fv2%2Fcomments&post=114790"}],"wp:featuredmedia":[{"embeddable":true,"href":"https:\/\/www.hediyepazar.com\/index.php?rest_route=\/wp\/v2\/media\/114789"}],"wp:attachment":[{"href":"https:\/\/www.hediyepazar.com\/index.php?rest_route=%2Fwp%2Fv2%2Fmedia&parent=114790"}],"wp:term":[{"taxonomy":"product_brand","embeddable":true,"href":"https:\/\/www.hediyepazar.com\/index.php?rest_route=%2Fwp%2Fv2%2Fproduct_brand&post=114790"},{"taxonomy":"product_cat","embeddable":true,"href":"https:\/\/www.hediyepazar.com\/index.php?rest_route=%2Fwp%2Fv2%2Fproduct_cat&post=114790"},{"taxonomy":"product_tag","embeddable":true,"href":"https:\/\/www.hediyepazar.com\/index.php?rest_route=%2Fwp%2Fv2%2Fproduct_tag&post=114790"}],"curies":[{"name":"wp","href":"https:\/\/api.w.org\/{rel}","templated":true}]}}