{"id":114792,"date":"2026-05-05T13:10:30","date_gmt":"2026-05-05T16:10:30","guid":{"rendered":"https:\/\/www.hediyepazar.com\/?product=hdmi-ve-kablosuz-kontrolculu-20-000-oyunlu-retro-oyun-konsolu"},"modified":"2026-05-05T13:10:30","modified_gmt":"2026-05-05T16:10:30","slug":"hdmi-ve-kablosuz-kontrolculu-20-000-oyunlu-retro-oyun-konsolu","status":"publish","type":"product","link":"https:\/\/www.hediyepazar.com\/?product=hdmi-ve-kablosuz-kontrolculu-20-000-oyunlu-retro-oyun-konsolu","title":{"rendered":"HDMI ve Kablosuz Kontrolc\u00fcl\u00fc 20.000 Oyunlu Retro Oyun Konsolu"},"content":{"rendered":"<p>Kablosuz retro oyun konsolu, geni\u015f oyun ar\u015fivi ve geli\u015fmi\u015f \u00f6zellikleriyle ev e\u011flencesini bamba\u015fka bir boyuta ta\u015f\u0131yor. \u0130\u00e7erisinde 20.000\u2019den fazla oyun y\u00fckl\u00fc olan bu konsol, nostaljik oyunlar\u0131n yan\u0131 s\u0131ra farkl\u0131 kategorilerdeki oyunlarla da saatlerce keyif sunar.2.4G kablosuz kontrolc\u00fcleri sayesinde hareket \u00f6zg\u00fcrl\u00fc\u011f\u00fc sa\u011flar, aileniz ve arkada\u015flar\u0131n\u0131zla birlikte \u00e7ok oyunculu deneyim ya\u015fayabilirsiniz. 3D ve 4K HD g\u00f6r\u00fcnt\u00fc deste\u011fi ile klasik oyunlar\u0131 en net \u015fekilde g\u00f6r\u00fcnt\u00fcleyerek modern bir dokunu\u015fla deneyimlemenizi m\u00fcmk\u00fcn k\u0131lar.HDMI ve RCA \u00e7\u0131k\u0131\u015flar\u0131 sayesinde televizyonlarla uyumludur ve kolayca kurulabilir. Haf\u0131za kart\u0131 deste\u011fi ile oyun ilerlemelerinizi kaydedebilir, kald\u0131\u011f\u0131n\u0131z yerden devam edebilirsiniz. Retro oyunlar\u0131 modern g\u00f6r\u00fcnt\u00fc kalitesiyle yeniden ya\u015famak isteyenler i\u00e7in ideal olan bu konsol, evinizin e\u011flence merkezine d\u00f6n\u00fc\u015fmesini sa\u011flar.<\/p>\n","protected":false},"excerpt":{"rendered":"<p>Kablosuz retro oyun konsolu, geni\u015f oyun ar\u015fivi ve geli\u015fmi\u015f \u00f6zellikleriyle ev e\u011flencesini bamba\u015fka bir boyuta ta\u015f\u0131yor. \u0130\u00e7erisinde 20.000\u2019den fazla oyun y\u00fckl\u00fc olan bu konsol, nostaljik oyunlar\u0131n yan\u0131 s\u0131ra farkl\u0131 kategorilerdeki oyunlarla da saatlerce keyif sunar.2.4G kablosuz kontrolc\u00fcleri sayesinde hareket \u00f6zg\u00fcrl\u00fc\u011f\u00fc sa\u011flar, aileniz ve arkada\u015flar\u0131n\u0131zla birlikte \u00e7ok oyunculu deneyim ya\u015fayabilirsiniz. 3D ve 4K HD g\u00f6r\u00fcnt\u00fc deste\u011fi&#8230;<\/p>\n","protected":false},"featured_media":114791,"comment_status":"open","ping_status":"closed","template":"","meta":{"_kad_post_transparent":"","_kad_post_title":"","_kad_post_layout":"","_kad_post_sidebar_id":"","_kad_post_content_style":"","_kad_post_vertical_padding":"","_kad_post_feature":"","_kad_post_feature_position":"","_kad_post_header":false,"_kad_post_footer":false,"_kad_post_classname":""},"product_brand":[],"product_cat":[14961],"product_tag":[],"class_list":{"0":"post-114792","1":"product","2":"type-product","3":"status-publish","4":"has-post-thumbnail","6":"product_cat-oyun-konsolu-oyun-konsolu","8":"first","9":"instock","10":"purchasable","11":"product-type-simple","12":"entry","13":"content-bg","14":"loop-entry"},"_links":{"self":[{"href":"https:\/\/www.hediyepazar.com\/index.php?rest_route=\/wp\/v2\/product\/114792","targetHints":{"allow":["GET"]}}],"collection":[{"href":"https:\/\/www.hediyepazar.com\/index.php?rest_route=\/wp\/v2\/product"}],"about":[{"href":"https:\/\/www.hediyepazar.com\/index.php?rest_route=\/wp\/v2\/types\/product"}],"replies":[{"embeddable":true,"href":"https:\/\/www.hediyepazar.com\/index.php?rest_route=%2Fwp%2Fv2%2Fcomments&post=114792"}],"wp:featuredmedia":[{"embeddable":true,"href":"https:\/\/www.hediyepazar.com\/index.php?rest_route=\/wp\/v2\/media\/114791"}],"wp:attachment":[{"href":"https:\/\/www.hediyepazar.com\/index.php?rest_route=%2Fwp%2Fv2%2Fmedia&parent=114792"}],"wp:term":[{"taxonomy":"product_brand","embeddable":true,"href":"https:\/\/www.hediyepazar.com\/index.php?rest_route=%2Fwp%2Fv2%2Fproduct_brand&post=114792"},{"taxonomy":"product_cat","embeddable":true,"href":"https:\/\/www.hediyepazar.com\/index.php?rest_route=%2Fwp%2Fv2%2Fproduct_cat&post=114792"},{"taxonomy":"product_tag","embeddable":true,"href":"https:\/\/www.hediyepazar.com\/index.php?rest_route=%2Fwp%2Fv2%2Fproduct_tag&post=114792"}],"curies":[{"name":"wp","href":"https:\/\/api.w.org\/{rel}","templated":true}]}}