{"id":114824,"date":"2026-05-05T13:12:42","date_gmt":"2026-05-05T16:12:42","guid":{"rendered":"https:\/\/www.hediyepazar.com\/?product=rgb-led-panel-renkli-isik-efektli-dekoratif-aydinlatma"},"modified":"2026-05-05T13:12:42","modified_gmt":"2026-05-05T16:12:42","slug":"rgb-led-panel-renkli-isik-efektli-dekoratif-aydinlatma","status":"publish","type":"product","link":"https:\/\/www.hediyepazar.com\/?product=rgb-led-panel-renkli-isik-efektli-dekoratif-aydinlatma","title":{"rendered":"RGB LED Panel Renkli I\u015f\u0131k Efektli Dekoratif Ayd\u0131nlatma"},"content":{"rendered":"<p>Modern tasar\u0131m\u0131 ve g\u00fc\u00e7l\u00fc \u0131\u015f\u0131k performans\u0131yla \u00f6ne \u00e7\u0131kan RGB LED Panel, mekanlar\u0131n\u0131za estetik ve dinamik bir atmosfer kazand\u0131r\u0131r.geni\u015f LED yans\u0131tma alan\u0131 sayesinde her ortamda dikkat \u00e7ekici bir g\u00f6rsel \u015f\u00f6len sunar. Renkli LED \u0131\u015f\u0131klar\u0131, bulundu\u011funuz ortam\u0131 daha canl\u0131 ve etkileyici hale getirirken, \u00f6zellikle gece kullan\u0131mlar\u0131nda g\u00f6z al\u0131c\u0131 bir ambiyans yarat\u0131r. Evlerinizde dekoratif ayd\u0131nlatma olarak kullanabilir, i\u015f yerlerinizde modern bir g\u00f6r\u00fcn\u00fcm olu\u015fturabilir veya d\u0131\u015f mekan etkinliklerinde g\u00f6rselli\u011fi \u00f6n plana \u00e7\u0131karabilirsiniz. Enerji tasarruflu LED teknolojisi, uzun s\u00fcreli kullan\u0131mda ekonomik avantaj sa\u011flarken dayan\u0131kl\u0131 yap\u0131s\u0131 ile uzun \u00f6m\u00fcrl\u00fc bir kullan\u0131m deneyimi sunar. Ortam\u0131n\u0131zda s\u0131radanl\u0131ktan uzak, dikkat \u00e7ekici bir atmosfer yaratmak isteyenler i\u00e7in bu RGB LED Panel, \u015f\u0131kl\u0131\u011f\u0131 ve fonksiyonelli\u011fi bir arada sunan ideal bir \u00e7\u00f6z\u00fcmd\u00fcr.<\/p>\n","protected":false},"excerpt":{"rendered":"<p>Modern tasar\u0131m\u0131 ve g\u00fc\u00e7l\u00fc \u0131\u015f\u0131k performans\u0131yla \u00f6ne \u00e7\u0131kan RGB LED Panel, mekanlar\u0131n\u0131za estetik ve dinamik bir atmosfer kazand\u0131r\u0131r.geni\u015f LED yans\u0131tma alan\u0131 sayesinde her ortamda dikkat \u00e7ekici bir g\u00f6rsel \u015f\u00f6len sunar. Renkli LED \u0131\u015f\u0131klar\u0131, bulundu\u011funuz ortam\u0131 daha canl\u0131 ve etkileyici hale getirirken, \u00f6zellikle gece kullan\u0131mlar\u0131nda g\u00f6z al\u0131c\u0131 bir ambiyans yarat\u0131r. Evlerinizde dekoratif ayd\u0131nlatma olarak kullanabilir, i\u015f&#8230;<\/p>\n","protected":false},"featured_media":114823,"comment_status":"open","ping_status":"closed","template":"","meta":{"_kad_post_transparent":"","_kad_post_title":"","_kad_post_layout":"","_kad_post_sidebar_id":"","_kad_post_content_style":"","_kad_post_vertical_padding":"","_kad_post_feature":"","_kad_post_feature_position":"","_kad_post_header":false,"_kad_post_footer":false,"_kad_post_classname":""},"product_brand":[],"product_cat":[14933],"product_tag":[],"class_list":{"0":"post-114824","1":"product","2":"type-product","3":"status-publish","4":"has-post-thumbnail","6":"product_cat-led-isik-led-isik","8":"first","9":"instock","10":"purchasable","11":"product-type-simple","12":"entry","13":"content-bg","14":"loop-entry"},"_links":{"self":[{"href":"https:\/\/www.hediyepazar.com\/index.php?rest_route=\/wp\/v2\/product\/114824","targetHints":{"allow":["GET"]}}],"collection":[{"href":"https:\/\/www.hediyepazar.com\/index.php?rest_route=\/wp\/v2\/product"}],"about":[{"href":"https:\/\/www.hediyepazar.com\/index.php?rest_route=\/wp\/v2\/types\/product"}],"replies":[{"embeddable":true,"href":"https:\/\/www.hediyepazar.com\/index.php?rest_route=%2Fwp%2Fv2%2Fcomments&post=114824"}],"wp:featuredmedia":[{"embeddable":true,"href":"https:\/\/www.hediyepazar.com\/index.php?rest_route=\/wp\/v2\/media\/114823"}],"wp:attachment":[{"href":"https:\/\/www.hediyepazar.com\/index.php?rest_route=%2Fwp%2Fv2%2Fmedia&parent=114824"}],"wp:term":[{"taxonomy":"product_brand","embeddable":true,"href":"https:\/\/www.hediyepazar.com\/index.php?rest_route=%2Fwp%2Fv2%2Fproduct_brand&post=114824"},{"taxonomy":"product_cat","embeddable":true,"href":"https:\/\/www.hediyepazar.com\/index.php?rest_route=%2Fwp%2Fv2%2Fproduct_cat&post=114824"},{"taxonomy":"product_tag","embeddable":true,"href":"https:\/\/www.hediyepazar.com\/index.php?rest_route=%2Fwp%2Fv2%2Fproduct_tag&post=114824"}],"curies":[{"name":"wp","href":"https:\/\/api.w.org\/{rel}","templated":true}]}}