{"id":114860,"date":"2026-05-05T13:17:07","date_gmt":"2026-05-05T16:17:07","guid":{"rendered":"https:\/\/www.hediyepazar.com\/?product=uzun-omurlu-led-teknolojili-10-metre-sik-isikli-susleme-seti"},"modified":"2026-05-05T13:17:07","modified_gmt":"2026-05-05T16:17:07","slug":"uzun-omurlu-led-teknolojili-10-metre-sik-isikli-susleme-seti","status":"publish","type":"product","link":"https:\/\/www.hediyepazar.com\/?product=uzun-omurlu-led-teknolojili-10-metre-sik-isikli-susleme-seti","title":{"rendered":"Uzun \u00d6m\u00fcrl\u00fc LED Teknolojili 10 Metre \u015e\u0131k I\u015f\u0131kl\u0131 S\u00fcsleme Seti"},"content":{"rendered":"<p>Kutlamalar\u0131n\u0131za farkl\u0131 bir hava katmak i\u00e7in tasarlanan 10 metrelik LED \u0131\u015f\u0131kl\u0131 s\u00fcsleme seti, \u015f\u0131k ve fonksiyonel yap\u0131s\u0131yla \u00f6ne \u00e7\u0131kar. LED teknolojisi sayesinde d\u00fc\u015f\u00fck enerji t\u00fcketir, ayn\u0131 zamanda uzun \u00f6m\u00fcrl\u00fc kullan\u0131m imk\u00e2n\u0131 sunar. Ger\u00e7ek g\u00fcn \u0131\u015f\u0131\u011f\u0131 kalitesindeki ayd\u0131nlatmas\u0131 ile davetlerinize s\u0131cak ve enerjik bir atmosfer katar. Uzaktan kumanda ile kontrol edilebilen \u0131\u015f\u0131klar\u0131 sayesinde istedi\u011finiz an a\u00e7\u0131p kapatabilir, tam kontrol\u00fc elinizde tutabilirsiniz. Hafif ve ta\u015f\u0131nabilir yap\u0131s\u0131 sayesinde diledi\u011finiz mek\u00e2nda kolayca kullan\u0131labilir. Dayan\u0131kl\u0131 malzemesi ile uzun s\u00fcre kullan\u0131labilen bu \u00fcr\u00fcn, tekrar de\u011ferlendirilebilir olmas\u0131yla avantaj sa\u011flar. Do\u011fum g\u00fcn\u00fc, d\u00fc\u011f\u00fcn, y\u0131lba\u015f\u0131 partisi veya \u00f6zel davetlerde dekorasyonunuzu g\u00f6z al\u0131c\u0131 bir hale getirir. Estetik tasar\u0131m\u0131yla ev dekorasyonunda da tercih edilebilecek bu set, kutlamalar\u0131n\u0131z\u0131 unutulmaz bir deneyime d\u00f6n\u00fc\u015ft\u00fcrmek i\u00e7in m\u00fckemmel bir se\u00e7imdir.<\/p>\n","protected":false},"excerpt":{"rendered":"<p>Kutlamalar\u0131n\u0131za farkl\u0131 bir hava katmak i\u00e7in tasarlanan 10 metrelik LED \u0131\u015f\u0131kl\u0131 s\u00fcsleme seti, \u015f\u0131k ve fonksiyonel yap\u0131s\u0131yla \u00f6ne \u00e7\u0131kar. LED teknolojisi sayesinde d\u00fc\u015f\u00fck enerji t\u00fcketir, ayn\u0131 zamanda uzun \u00f6m\u00fcrl\u00fc kullan\u0131m imk\u00e2n\u0131 sunar. Ger\u00e7ek g\u00fcn \u0131\u015f\u0131\u011f\u0131 kalitesindeki ayd\u0131nlatmas\u0131 ile davetlerinize s\u0131cak ve enerjik bir atmosfer katar. Uzaktan kumanda ile kontrol edilebilen \u0131\u015f\u0131klar\u0131 sayesinde istedi\u011finiz an a\u00e7\u0131p&#8230;<\/p>\n","protected":false},"featured_media":114859,"comment_status":"open","ping_status":"closed","template":"","meta":{"_kad_post_transparent":"","_kad_post_title":"","_kad_post_layout":"","_kad_post_sidebar_id":"","_kad_post_content_style":"","_kad_post_vertical_padding":"","_kad_post_feature":"","_kad_post_feature_position":"","_kad_post_header":false,"_kad_post_footer":false,"_kad_post_classname":""},"product_brand":[],"product_cat":[14933],"product_tag":[],"class_list":{"0":"post-114860","1":"product","2":"type-product","3":"status-publish","4":"has-post-thumbnail","6":"product_cat-led-isik-led-isik","8":"first","9":"instock","10":"purchasable","11":"product-type-simple","12":"entry","13":"content-bg","14":"loop-entry"},"_links":{"self":[{"href":"https:\/\/www.hediyepazar.com\/index.php?rest_route=\/wp\/v2\/product\/114860","targetHints":{"allow":["GET"]}}],"collection":[{"href":"https:\/\/www.hediyepazar.com\/index.php?rest_route=\/wp\/v2\/product"}],"about":[{"href":"https:\/\/www.hediyepazar.com\/index.php?rest_route=\/wp\/v2\/types\/product"}],"replies":[{"embeddable":true,"href":"https:\/\/www.hediyepazar.com\/index.php?rest_route=%2Fwp%2Fv2%2Fcomments&post=114860"}],"wp:featuredmedia":[{"embeddable":true,"href":"https:\/\/www.hediyepazar.com\/index.php?rest_route=\/wp\/v2\/media\/114859"}],"wp:attachment":[{"href":"https:\/\/www.hediyepazar.com\/index.php?rest_route=%2Fwp%2Fv2%2Fmedia&parent=114860"}],"wp:term":[{"taxonomy":"product_brand","embeddable":true,"href":"https:\/\/www.hediyepazar.com\/index.php?rest_route=%2Fwp%2Fv2%2Fproduct_brand&post=114860"},{"taxonomy":"product_cat","embeddable":true,"href":"https:\/\/www.hediyepazar.com\/index.php?rest_route=%2Fwp%2Fv2%2Fproduct_cat&post=114860"},{"taxonomy":"product_tag","embeddable":true,"href":"https:\/\/www.hediyepazar.com\/index.php?rest_route=%2Fwp%2Fv2%2Fproduct_tag&post=114860"}],"curies":[{"name":"wp","href":"https:\/\/api.w.org\/{rel}","templated":true}]}}