{"id":114900,"date":"2026-05-05T13:26:08","date_gmt":"2026-05-05T16:26:08","guid":{"rendered":"https:\/\/www.hediyepazar.com\/?product=hizli-sarj-destekli-coklu-sarj-kablosu-seyahat-ve-gunluk-kullanim"},"modified":"2026-05-05T13:26:08","modified_gmt":"2026-05-05T16:26:08","slug":"hizli-sarj-destekli-coklu-sarj-kablosu-seyahat-ve-gunluk-kullanim","status":"publish","type":"product","link":"https:\/\/www.hediyepazar.com\/?product=hizli-sarj-destekli-coklu-sarj-kablosu-seyahat-ve-gunluk-kullanim","title":{"rendered":"H\u0131zl\u0131 \u015earj Destekli \u00c7oklu \u015earj Kablosu \u2013 Seyahat ve G\u00fcnl\u00fck Kullan\u0131m"},"content":{"rendered":"<p>Kompakt tasar\u0131m\u0131 ile \u00e7antan\u0131zda veya cebinizde kolayca ta\u015f\u0131yabilirsiniz. \u0130\u015fte, evde, seyahatte ya da ara\u00e7 i\u00e7inde kullanmak i\u00e7in idealdir. Farkl\u0131 giri\u015fli birden fazla cihaz\u0131 yan\u0131n\u0131zda ta\u015f\u0131mak zorunda kalmazs\u0131n\u0131z; tek kablo ile hepsini \u015farj edebilirsiniz. \u00c7oklu cihaz kullanan kullan\u0131c\u0131lar i\u00e7in b\u00fcy\u00fck kolayl\u0131k sa\u011flar. Renk se\u00e7enekleri (k\u0131rm\u0131z\u0131, mavi, siyah, g\u00fcm\u00fc\u015f, alt\u0131n) ile tarz\u0131n\u0131za uygun se\u00e7im yapabilirsiniz.<\/p>\n","protected":false},"excerpt":{"rendered":"<p>Kompakt tasar\u0131m\u0131 ile \u00e7antan\u0131zda veya cebinizde kolayca ta\u015f\u0131yabilirsiniz. \u0130\u015fte, evde, seyahatte ya da ara\u00e7 i\u00e7inde kullanmak i\u00e7in idealdir. Farkl\u0131 giri\u015fli birden fazla cihaz\u0131 yan\u0131n\u0131zda ta\u015f\u0131mak zorunda kalmazs\u0131n\u0131z; tek kablo ile hepsini \u015farj edebilirsiniz. \u00c7oklu cihaz kullanan kullan\u0131c\u0131lar i\u00e7in b\u00fcy\u00fck kolayl\u0131k sa\u011flar. Renk se\u00e7enekleri (k\u0131rm\u0131z\u0131, mavi, siyah, g\u00fcm\u00fc\u015f, alt\u0131n) ile tarz\u0131n\u0131za uygun se\u00e7im yapabilirsiniz.<\/p>\n","protected":false},"featured_media":114899,"comment_status":"open","ping_status":"closed","template":"","meta":{"_kad_post_transparent":"","_kad_post_title":"","_kad_post_layout":"","_kad_post_sidebar_id":"","_kad_post_content_style":"","_kad_post_vertical_padding":"","_kad_post_feature":"","_kad_post_feature_position":"","_kad_post_header":false,"_kad_post_footer":false,"_kad_post_classname":""},"product_brand":[],"product_cat":[14975],"product_tag":[],"class_list":{"0":"post-114900","1":"product","2":"type-product","3":"status-publish","4":"has-post-thumbnail","6":"product_cat-sarj-aletleri-sarj-aletleri","8":"first","9":"instock","10":"purchasable","11":"product-type-simple","12":"entry","13":"content-bg","14":"loop-entry"},"_links":{"self":[{"href":"https:\/\/www.hediyepazar.com\/index.php?rest_route=\/wp\/v2\/product\/114900","targetHints":{"allow":["GET"]}}],"collection":[{"href":"https:\/\/www.hediyepazar.com\/index.php?rest_route=\/wp\/v2\/product"}],"about":[{"href":"https:\/\/www.hediyepazar.com\/index.php?rest_route=\/wp\/v2\/types\/product"}],"replies":[{"embeddable":true,"href":"https:\/\/www.hediyepazar.com\/index.php?rest_route=%2Fwp%2Fv2%2Fcomments&post=114900"}],"wp:featuredmedia":[{"embeddable":true,"href":"https:\/\/www.hediyepazar.com\/index.php?rest_route=\/wp\/v2\/media\/114899"}],"wp:attachment":[{"href":"https:\/\/www.hediyepazar.com\/index.php?rest_route=%2Fwp%2Fv2%2Fmedia&parent=114900"}],"wp:term":[{"taxonomy":"product_brand","embeddable":true,"href":"https:\/\/www.hediyepazar.com\/index.php?rest_route=%2Fwp%2Fv2%2Fproduct_brand&post=114900"},{"taxonomy":"product_cat","embeddable":true,"href":"https:\/\/www.hediyepazar.com\/index.php?rest_route=%2Fwp%2Fv2%2Fproduct_cat&post=114900"},{"taxonomy":"product_tag","embeddable":true,"href":"https:\/\/www.hediyepazar.com\/index.php?rest_route=%2Fwp%2Fv2%2Fproduct_tag&post=114900"}],"curies":[{"name":"wp","href":"https:\/\/api.w.org\/{rel}","templated":true}]}}