{"id":114932,"date":"2026-05-05T13:31:11","date_gmt":"2026-05-05T16:31:11","guid":{"rendered":"https:\/\/www.hediyepazar.com\/?product=isitmali-sac-duzlestirici-firca-kablosuz-ve-hafif-tasarim"},"modified":"2026-05-05T13:31:11","modified_gmt":"2026-05-05T16:31:11","slug":"isitmali-sac-duzlestirici-firca-kablosuz-ve-hafif-tasarim","status":"publish","type":"product","link":"https:\/\/www.hediyepazar.com\/?product=isitmali-sac-duzlestirici-firca-kablosuz-ve-hafif-tasarim","title":{"rendered":"Is\u0131tmal\u0131 Sa\u00e7 D\u00fczle\u015ftirici F\u0131r\u00e7a \u2013 Kablosuz ve Hafif Tasar\u0131m"},"content":{"rendered":"<p>Is\u0131tmal\u0131 tarak teknolojisi sayesinde sa\u00e7 telleri e\u015fit \u015fekilde \u0131s\u0131n\u0131r, bu da sa\u00e7\u0131n k\u0131sa s\u00fcrede d\u00fczelmesini sa\u011flar. Kabar\u0131kl\u0131\u011f\u0131 azalt\u0131r, elektriklenmeyi \u00f6nler ve sa\u00e7lara do\u011fal bir parlakl\u0131k kazand\u0131r\u0131r. Dakikalar i\u00e7inde d\u00fcz, p\u00fcr\u00fczs\u00fcz ve bak\u0131ml\u0131 bir g\u00f6r\u00fcn\u00fcme kavu\u015fabilirsiniz.<\/p>\n","protected":false},"excerpt":{"rendered":"<p>Is\u0131tmal\u0131 tarak teknolojisi sayesinde sa\u00e7 telleri e\u015fit \u015fekilde \u0131s\u0131n\u0131r, bu da sa\u00e7\u0131n k\u0131sa s\u00fcrede d\u00fczelmesini sa\u011flar. Kabar\u0131kl\u0131\u011f\u0131 azalt\u0131r, elektriklenmeyi \u00f6nler ve sa\u00e7lara do\u011fal bir parlakl\u0131k kazand\u0131r\u0131r. Dakikalar i\u00e7inde d\u00fcz, p\u00fcr\u00fczs\u00fcz ve bak\u0131ml\u0131 bir g\u00f6r\u00fcn\u00fcme kavu\u015fabilirsiniz.<\/p>\n","protected":false},"featured_media":114931,"comment_status":"open","ping_status":"closed","template":"","meta":{"_kad_post_transparent":"","_kad_post_title":"","_kad_post_layout":"","_kad_post_sidebar_id":"","_kad_post_content_style":"","_kad_post_vertical_padding":"","_kad_post_feature":"","_kad_post_feature_position":"","_kad_post_header":false,"_kad_post_footer":false,"_kad_post_classname":""},"product_brand":[],"product_cat":[14907],"product_tag":[],"class_list":{"0":"post-114932","1":"product","2":"type-product","3":"status-publish","4":"has-post-thumbnail","6":"product_cat-sac-masasi-sac-masasi","8":"first","9":"instock","10":"purchasable","11":"product-type-simple","12":"entry","13":"content-bg","14":"loop-entry"},"_links":{"self":[{"href":"https:\/\/www.hediyepazar.com\/index.php?rest_route=\/wp\/v2\/product\/114932","targetHints":{"allow":["GET"]}}],"collection":[{"href":"https:\/\/www.hediyepazar.com\/index.php?rest_route=\/wp\/v2\/product"}],"about":[{"href":"https:\/\/www.hediyepazar.com\/index.php?rest_route=\/wp\/v2\/types\/product"}],"replies":[{"embeddable":true,"href":"https:\/\/www.hediyepazar.com\/index.php?rest_route=%2Fwp%2Fv2%2Fcomments&post=114932"}],"wp:featuredmedia":[{"embeddable":true,"href":"https:\/\/www.hediyepazar.com\/index.php?rest_route=\/wp\/v2\/media\/114931"}],"wp:attachment":[{"href":"https:\/\/www.hediyepazar.com\/index.php?rest_route=%2Fwp%2Fv2%2Fmedia&parent=114932"}],"wp:term":[{"taxonomy":"product_brand","embeddable":true,"href":"https:\/\/www.hediyepazar.com\/index.php?rest_route=%2Fwp%2Fv2%2Fproduct_brand&post=114932"},{"taxonomy":"product_cat","embeddable":true,"href":"https:\/\/www.hediyepazar.com\/index.php?rest_route=%2Fwp%2Fv2%2Fproduct_cat&post=114932"},{"taxonomy":"product_tag","embeddable":true,"href":"https:\/\/www.hediyepazar.com\/index.php?rest_route=%2Fwp%2Fv2%2Fproduct_tag&post=114932"}],"curies":[{"name":"wp","href":"https:\/\/api.w.org\/{rel}","templated":true}]}}