{"id":114942,"date":"2026-05-05T13:32:09","date_gmt":"2026-05-05T16:32:09","guid":{"rendered":"https:\/\/www.hediyepazar.com\/?product=tasinabilir-pil-ile-calisan-led-isik-2x2-metre-perde-modeli"},"modified":"2026-05-05T13:32:09","modified_gmt":"2026-05-05T16:32:09","slug":"tasinabilir-pil-ile-calisan-led-isik-2x2-metre-perde-modeli","status":"publish","type":"product","link":"https:\/\/www.hediyepazar.com\/?product=tasinabilir-pil-ile-calisan-led-isik-2x2-metre-perde-modeli","title":{"rendered":"Ta\u015f\u0131nabilir Pil \u0130le \u00c7al\u0131\u015fan LED I\u015f\u0131k \u2013 2&#215;2 Metre Perde Modeli"},"content":{"rendered":"<p>2&#215;2 metre perde LED \u0131\u015f\u0131k, su ge\u00e7irmez yap\u0131s\u0131yla ya\u011fmur, kar ve nemli hava ko\u015fullar\u0131na kar\u015f\u0131 dayan\u0131kl\u0131d\u0131r. A\u00e7\u0131k havada g\u00f6n\u00fcl rahatl\u0131\u011f\u0131yla kullan\u0131labilir. Teras, bah\u00e7e, balkon ya da a\u00e7\u0131k alan organizasyonlar\u0131nda g\u00fcvenle tercih edebilirsiniz. Dayan\u0131kl\u0131 malzemesi sayesinde uzun \u00f6m\u00fcrl\u00fcd\u00fcr ve farkl\u0131 mevsimlerde tekrar tekrar kullan\u0131labilir.<\/p>\n","protected":false},"excerpt":{"rendered":"<p>2&#215;2 metre perde LED \u0131\u015f\u0131k, su ge\u00e7irmez yap\u0131s\u0131yla ya\u011fmur, kar ve nemli hava ko\u015fullar\u0131na kar\u015f\u0131 dayan\u0131kl\u0131d\u0131r. A\u00e7\u0131k havada g\u00f6n\u00fcl rahatl\u0131\u011f\u0131yla kullan\u0131labilir. Teras, bah\u00e7e, balkon ya da a\u00e7\u0131k alan organizasyonlar\u0131nda g\u00fcvenle tercih edebilirsiniz. Dayan\u0131kl\u0131 malzemesi sayesinde uzun \u00f6m\u00fcrl\u00fcd\u00fcr ve farkl\u0131 mevsimlerde tekrar tekrar kullan\u0131labilir.<\/p>\n","protected":false},"featured_media":114941,"comment_status":"open","ping_status":"closed","template":"","meta":{"_kad_post_transparent":"","_kad_post_title":"","_kad_post_layout":"","_kad_post_sidebar_id":"","_kad_post_content_style":"","_kad_post_vertical_padding":"","_kad_post_feature":"","_kad_post_feature_position":"","_kad_post_header":false,"_kad_post_footer":false,"_kad_post_classname":""},"product_brand":[],"product_cat":[14933],"product_tag":[],"class_list":{"0":"post-114942","1":"product","2":"type-product","3":"status-publish","4":"has-post-thumbnail","6":"product_cat-led-isik-led-isik","8":"first","9":"instock","10":"purchasable","11":"product-type-simple","12":"entry","13":"content-bg","14":"loop-entry"},"_links":{"self":[{"href":"https:\/\/www.hediyepazar.com\/index.php?rest_route=\/wp\/v2\/product\/114942","targetHints":{"allow":["GET"]}}],"collection":[{"href":"https:\/\/www.hediyepazar.com\/index.php?rest_route=\/wp\/v2\/product"}],"about":[{"href":"https:\/\/www.hediyepazar.com\/index.php?rest_route=\/wp\/v2\/types\/product"}],"replies":[{"embeddable":true,"href":"https:\/\/www.hediyepazar.com\/index.php?rest_route=%2Fwp%2Fv2%2Fcomments&post=114942"}],"wp:featuredmedia":[{"embeddable":true,"href":"https:\/\/www.hediyepazar.com\/index.php?rest_route=\/wp\/v2\/media\/114941"}],"wp:attachment":[{"href":"https:\/\/www.hediyepazar.com\/index.php?rest_route=%2Fwp%2Fv2%2Fmedia&parent=114942"}],"wp:term":[{"taxonomy":"product_brand","embeddable":true,"href":"https:\/\/www.hediyepazar.com\/index.php?rest_route=%2Fwp%2Fv2%2Fproduct_brand&post=114942"},{"taxonomy":"product_cat","embeddable":true,"href":"https:\/\/www.hediyepazar.com\/index.php?rest_route=%2Fwp%2Fv2%2Fproduct_cat&post=114942"},{"taxonomy":"product_tag","embeddable":true,"href":"https:\/\/www.hediyepazar.com\/index.php?rest_route=%2Fwp%2Fv2%2Fproduct_tag&post=114942"}],"curies":[{"name":"wp","href":"https:\/\/api.w.org\/{rel}","templated":true}]}}