{"id":114985,"date":"2026-05-05T13:42:15","date_gmt":"2026-05-05T16:42:15","guid":{"rendered":"https:\/\/www.hediyepazar.com\/?product=arac-ici-difuzor-nemlendirici-ve-aromaterapi-ozellikli"},"modified":"2026-05-05T13:42:15","modified_gmt":"2026-05-05T16:42:15","slug":"arac-ici-difuzor-nemlendirici-ve-aromaterapi-ozellikli","status":"publish","type":"product","link":"https:\/\/www.hediyepazar.com\/?product=arac-ici-difuzor-nemlendirici-ve-aromaterapi-ozellikli","title":{"rendered":"Ara\u00e7 \u0130\u00e7i Dif\u00fcz\u00f6r Nemlendirici ve Aromaterapi \u00d6zellikli"},"content":{"rendered":"<p>Ara\u00e7 i\u00e7i dif\u00fcz\u00f6r, y\u00fcksek kaliteli malzemelerden \u00fcretilmi\u015f olup g\u00fc\u00e7l\u00fc ala\u015f\u0131m yap\u0131s\u0131 sayesinde uzun \u00f6m\u00fcrl\u00fc kullan\u0131m sunar. A\u015f\u0131nmaya dayan\u0131kl\u0131 yap\u0131s\u0131 ile g\u00fcnl\u00fck kullan\u0131mda bile formunu korur. \u00c7oklu kullan\u0131m avantaj\u0131 sayesinde yaln\u0131zca ara\u00e7larda de\u011fil, ev ve ofis ortamlar\u0131nda da g\u00fcvenilir performans sa\u011flar. Y\u0131ld\u0131z projeksiyonlu ayd\u0131nlatmas\u0131 ile arac\u0131n\u0131z\u0131n atmosferini daha huzurlu hale getirir. Nemlendirme ve aromaterapi \u00f6zellikleriyle ferah bir ortam olu\u015fturur.<\/p>\n","protected":false},"excerpt":{"rendered":"<p>Ara\u00e7 i\u00e7i dif\u00fcz\u00f6r, y\u00fcksek kaliteli malzemelerden \u00fcretilmi\u015f olup g\u00fc\u00e7l\u00fc ala\u015f\u0131m yap\u0131s\u0131 sayesinde uzun \u00f6m\u00fcrl\u00fc kullan\u0131m sunar. A\u015f\u0131nmaya dayan\u0131kl\u0131 yap\u0131s\u0131 ile g\u00fcnl\u00fck kullan\u0131mda bile formunu korur. \u00c7oklu kullan\u0131m avantaj\u0131 sayesinde yaln\u0131zca ara\u00e7larda de\u011fil, ev ve ofis ortamlar\u0131nda da g\u00fcvenilir performans sa\u011flar. Y\u0131ld\u0131z projeksiyonlu ayd\u0131nlatmas\u0131 ile arac\u0131n\u0131z\u0131n atmosferini daha huzurlu hale getirir. Nemlendirme ve aromaterapi \u00f6zellikleriyle ferah&#8230;<\/p>\n","protected":false},"featured_media":0,"comment_status":"open","ping_status":"closed","template":"","meta":{"_kad_post_transparent":"","_kad_post_title":"","_kad_post_layout":"","_kad_post_sidebar_id":"","_kad_post_content_style":"","_kad_post_vertical_padding":"","_kad_post_feature":"","_kad_post_feature_position":"","_kad_post_header":false,"_kad_post_footer":false,"_kad_post_classname":""},"product_brand":[],"product_cat":[14965],"product_tag":[],"class_list":{"0":"post-114985","1":"product","2":"type-product","3":"status-publish","5":"product_cat-hava-nemlendirici-hava-nemlendirici","7":"first","8":"instock","9":"purchasable","10":"product-type-simple","11":"entry","12":"content-bg","13":"loop-entry"},"_links":{"self":[{"href":"https:\/\/www.hediyepazar.com\/index.php?rest_route=\/wp\/v2\/product\/114985","targetHints":{"allow":["GET"]}}],"collection":[{"href":"https:\/\/www.hediyepazar.com\/index.php?rest_route=\/wp\/v2\/product"}],"about":[{"href":"https:\/\/www.hediyepazar.com\/index.php?rest_route=\/wp\/v2\/types\/product"}],"replies":[{"embeddable":true,"href":"https:\/\/www.hediyepazar.com\/index.php?rest_route=%2Fwp%2Fv2%2Fcomments&post=114985"}],"wp:attachment":[{"href":"https:\/\/www.hediyepazar.com\/index.php?rest_route=%2Fwp%2Fv2%2Fmedia&parent=114985"}],"wp:term":[{"taxonomy":"product_brand","embeddable":true,"href":"https:\/\/www.hediyepazar.com\/index.php?rest_route=%2Fwp%2Fv2%2Fproduct_brand&post=114985"},{"taxonomy":"product_cat","embeddable":true,"href":"https:\/\/www.hediyepazar.com\/index.php?rest_route=%2Fwp%2Fv2%2Fproduct_cat&post=114985"},{"taxonomy":"product_tag","embeddable":true,"href":"https:\/\/www.hediyepazar.com\/index.php?rest_route=%2Fwp%2Fv2%2Fproduct_tag&post=114985"}],"curies":[{"name":"wp","href":"https:\/\/api.w.org\/{rel}","templated":true}]}}