{"id":115013,"date":"2026-05-05T13:46:13","date_gmt":"2026-05-05T16:46:13","guid":{"rendered":"https:\/\/www.hediyepazar.com\/?product=kristal-netliginde-ses-ve-guclu-basli-kablosuz-kulak-ustu"},"modified":"2026-05-05T13:46:13","modified_gmt":"2026-05-05T16:46:13","slug":"kristal-netliginde-ses-ve-guclu-basli-kablosuz-kulak-ustu","status":"publish","type":"product","link":"https:\/\/www.hediyepazar.com\/?product=kristal-netliginde-ses-ve-guclu-basli-kablosuz-kulak-ustu","title":{"rendered":"Kristal Netli\u011finde Ses ve G\u00fc\u00e7l\u00fc Basl\u0131 Kablosuz Kulak \u00dcst\u00fc"},"content":{"rendered":"<p>M\u00fczi\u011fin g\u00fcc\u00fcn\u00fc her yerde yan\u0131n\u0131zda ta\u015f\u0131y\u0131n! Kablosuz kulak \u00fcst\u00fc kulakl\u0131k, 40mm g\u00fc\u00e7l\u00fc s\u00fcr\u00fcc\u00fcler ile zengin bas ve kristal netli\u011finde ses kalitesi sunar. Bluetooth teknolojisiyle cihazlar\u0131n\u0131za saniyeler i\u00e7inde ba\u011flanarak kesintisiz dinleme sa\u011flar. Ergonomik tasar\u0131m\u0131 sayesinde uzun s\u00fcreli kullan\u0131mda bile konforlu bir deneyim ya\u015fat\u0131r. Katlanabilir tasar\u0131m\u0131, kolay ta\u015f\u0131nabilirlik i\u00e7in idealdir. Pil \u00f6mr\u00fc uzun oldu\u011fu i\u00e7in uzun seyahatlerde bile yan\u0131n\u0131zda g\u00fc\u00e7l\u00fc bir m\u00fczik arkada\u015f\u0131 olur. Modern tasar\u0131m\u0131, g\u00fc\u00e7l\u00fc \u00f6zellikleri ve kaliteli ses performans\u0131yla m\u00fczik severler i\u00e7in m\u00fckemmel bir se\u00e7imdir.<\/p>\n","protected":false},"excerpt":{"rendered":"<p>M\u00fczi\u011fin g\u00fcc\u00fcn\u00fc her yerde yan\u0131n\u0131zda ta\u015f\u0131y\u0131n! Kablosuz kulak \u00fcst\u00fc kulakl\u0131k, 40mm g\u00fc\u00e7l\u00fc s\u00fcr\u00fcc\u00fcler ile zengin bas ve kristal netli\u011finde ses kalitesi sunar. Bluetooth teknolojisiyle cihazlar\u0131n\u0131za saniyeler i\u00e7inde ba\u011flanarak kesintisiz dinleme sa\u011flar. Ergonomik tasar\u0131m\u0131 sayesinde uzun s\u00fcreli kullan\u0131mda bile konforlu bir deneyim ya\u015fat\u0131r. Katlanabilir tasar\u0131m\u0131, kolay ta\u015f\u0131nabilirlik i\u00e7in idealdir. Pil \u00f6mr\u00fc uzun oldu\u011fu i\u00e7in uzun seyahatlerde&#8230;<\/p>\n","protected":false},"featured_media":115012,"comment_status":"open","ping_status":"closed","template":"","meta":{"_kad_post_transparent":"","_kad_post_title":"","_kad_post_layout":"","_kad_post_sidebar_id":"","_kad_post_content_style":"","_kad_post_vertical_padding":"","_kad_post_feature":"","_kad_post_feature_position":"","_kad_post_header":false,"_kad_post_footer":false,"_kad_post_classname":""},"product_brand":[],"product_cat":[14957],"product_tag":[],"class_list":{"0":"post-115013","1":"product","2":"type-product","3":"status-publish","4":"has-post-thumbnail","6":"product_cat-kablosuz-kulaklik-kablosuz-kulaklik","8":"first","9":"instock","10":"purchasable","11":"product-type-simple","12":"entry","13":"content-bg","14":"loop-entry"},"_links":{"self":[{"href":"https:\/\/www.hediyepazar.com\/index.php?rest_route=\/wp\/v2\/product\/115013","targetHints":{"allow":["GET"]}}],"collection":[{"href":"https:\/\/www.hediyepazar.com\/index.php?rest_route=\/wp\/v2\/product"}],"about":[{"href":"https:\/\/www.hediyepazar.com\/index.php?rest_route=\/wp\/v2\/types\/product"}],"replies":[{"embeddable":true,"href":"https:\/\/www.hediyepazar.com\/index.php?rest_route=%2Fwp%2Fv2%2Fcomments&post=115013"}],"wp:featuredmedia":[{"embeddable":true,"href":"https:\/\/www.hediyepazar.com\/index.php?rest_route=\/wp\/v2\/media\/115012"}],"wp:attachment":[{"href":"https:\/\/www.hediyepazar.com\/index.php?rest_route=%2Fwp%2Fv2%2Fmedia&parent=115013"}],"wp:term":[{"taxonomy":"product_brand","embeddable":true,"href":"https:\/\/www.hediyepazar.com\/index.php?rest_route=%2Fwp%2Fv2%2Fproduct_brand&post=115013"},{"taxonomy":"product_cat","embeddable":true,"href":"https:\/\/www.hediyepazar.com\/index.php?rest_route=%2Fwp%2Fv2%2Fproduct_cat&post=115013"},{"taxonomy":"product_tag","embeddable":true,"href":"https:\/\/www.hediyepazar.com\/index.php?rest_route=%2Fwp%2Fv2%2Fproduct_tag&post=115013"}],"curies":[{"name":"wp","href":"https:\/\/api.w.org\/{rel}","templated":true}]}}