{"id":115019,"date":"2026-05-05T13:47:04","date_gmt":"2026-05-05T16:47:04","guid":{"rendered":"https:\/\/www.hediyepazar.com\/?product=pg920-klipsli-bluetooth-kulaklik"},"modified":"2026-05-05T13:47:04","modified_gmt":"2026-05-05T16:47:04","slug":"pg920-klipsli-bluetooth-kulaklik","status":"publish","type":"product","link":"https:\/\/www.hediyepazar.com\/?product=pg920-klipsli-bluetooth-kulaklik","title":{"rendered":"PG920 Klipsli Bluetooth Kulakl\u0131k"},"content":{"rendered":"<p>Klipsli Bluetooth kulakl\u0131k, i\u015f d\u00fcnyas\u0131 ve g\u00fcnl\u00fck kullan\u0131m i\u00e7in \u00f6zel olarak tasarlanm\u0131\u015ft\u0131r. G\u00f6mle\u011fe veya cekete kolayca tak\u0131labilen klipsli yap\u0131s\u0131 sayesinde kulakl\u0131\u011f\u0131n\u0131z\u0131 pratik \u015fekilde ta\u015f\u0131yabilirsiniz. 10 saate kadar konu\u015fma ve m\u00fczik dinleme s\u00fcresi sunarak g\u00fcn boyu kesintisiz kullan\u0131m sa\u011flar. 160 saate varan bekleme s\u00fcresiyle \u015farj derdi olmadan uzun s\u00fcre yan\u0131n\u0131zda kal\u0131r. Ayn\u0131 anda iki telefonu e\u015fle\u015ftirme \u00f6zelli\u011fi ile hem i\u015f hem ki\u015fisel telefonunuzu ayn\u0131 anda kullanabilirsiniz. Geri \u00e7ekilebilir kablo teknolojisi sayesinde araman\u0131z\u0131 bitirdi\u011finizde tek tu\u015fla kulakl\u0131\u011f\u0131 yuvas\u0131na toplayabilirsiniz. Bluetooth 5.1 teknolojisi h\u0131zl\u0131 ve kararl\u0131 ba\u011flant\u0131 sunarken, dahili mikrofonu sayesinde net ve kaliteli g\u00f6r\u00fc\u015fmeler yapabilirsiniz. Cep telefonu, bilgisayar veya ta\u015f\u0131nabilir medya oynat\u0131c\u0131larla uyumludur.<\/p>\n","protected":false},"excerpt":{"rendered":"<p>Klipsli Bluetooth kulakl\u0131k, i\u015f d\u00fcnyas\u0131 ve g\u00fcnl\u00fck kullan\u0131m i\u00e7in \u00f6zel olarak tasarlanm\u0131\u015ft\u0131r. G\u00f6mle\u011fe veya cekete kolayca tak\u0131labilen klipsli yap\u0131s\u0131 sayesinde kulakl\u0131\u011f\u0131n\u0131z\u0131 pratik \u015fekilde ta\u015f\u0131yabilirsiniz. 10 saate kadar konu\u015fma ve m\u00fczik dinleme s\u00fcresi sunarak g\u00fcn boyu kesintisiz kullan\u0131m sa\u011flar. 160 saate varan bekleme s\u00fcresiyle \u015farj derdi olmadan uzun s\u00fcre yan\u0131n\u0131zda kal\u0131r. Ayn\u0131 anda iki telefonu e\u015fle\u015ftirme&#8230;<\/p>\n","protected":false},"featured_media":115018,"comment_status":"open","ping_status":"closed","template":"","meta":{"_kad_post_transparent":"","_kad_post_title":"","_kad_post_layout":"","_kad_post_sidebar_id":"","_kad_post_content_style":"","_kad_post_vertical_padding":"","_kad_post_feature":"","_kad_post_feature_position":"","_kad_post_header":false,"_kad_post_footer":false,"_kad_post_classname":""},"product_brand":[],"product_cat":[14957],"product_tag":[],"class_list":{"0":"post-115019","1":"product","2":"type-product","3":"status-publish","4":"has-post-thumbnail","6":"product_cat-kablosuz-kulaklik-kablosuz-kulaklik","8":"first","9":"instock","10":"purchasable","11":"product-type-simple","12":"entry","13":"content-bg","14":"loop-entry"},"_links":{"self":[{"href":"https:\/\/www.hediyepazar.com\/index.php?rest_route=\/wp\/v2\/product\/115019","targetHints":{"allow":["GET"]}}],"collection":[{"href":"https:\/\/www.hediyepazar.com\/index.php?rest_route=\/wp\/v2\/product"}],"about":[{"href":"https:\/\/www.hediyepazar.com\/index.php?rest_route=\/wp\/v2\/types\/product"}],"replies":[{"embeddable":true,"href":"https:\/\/www.hediyepazar.com\/index.php?rest_route=%2Fwp%2Fv2%2Fcomments&post=115019"}],"wp:featuredmedia":[{"embeddable":true,"href":"https:\/\/www.hediyepazar.com\/index.php?rest_route=\/wp\/v2\/media\/115018"}],"wp:attachment":[{"href":"https:\/\/www.hediyepazar.com\/index.php?rest_route=%2Fwp%2Fv2%2Fmedia&parent=115019"}],"wp:term":[{"taxonomy":"product_brand","embeddable":true,"href":"https:\/\/www.hediyepazar.com\/index.php?rest_route=%2Fwp%2Fv2%2Fproduct_brand&post=115019"},{"taxonomy":"product_cat","embeddable":true,"href":"https:\/\/www.hediyepazar.com\/index.php?rest_route=%2Fwp%2Fv2%2Fproduct_cat&post=115019"},{"taxonomy":"product_tag","embeddable":true,"href":"https:\/\/www.hediyepazar.com\/index.php?rest_route=%2Fwp%2Fv2%2Fproduct_tag&post=115019"}],"curies":[{"name":"wp","href":"https:\/\/api.w.org\/{rel}","templated":true}]}}