{"id":115027,"date":"2026-05-05T13:48:56","date_gmt":"2026-05-05T16:48:56","guid":{"rendered":"https:\/\/www.hediyepazar.com\/?product=geri-cekilebilir-kablolu-bluetooth-is-kulakligi"},"modified":"2026-05-05T13:48:56","modified_gmt":"2026-05-05T16:48:56","slug":"geri-cekilebilir-kablolu-bluetooth-is-kulakligi","status":"publish","type":"product","link":"https:\/\/www.hediyepazar.com\/?product=geri-cekilebilir-kablolu-bluetooth-is-kulakligi","title":{"rendered":"Geri \u00c7ekilebilir Kablolu Bluetooth \u0130\u015f Kulakl\u0131\u011f\u0131"},"content":{"rendered":"<p>Ta\u015f\u0131nabilir Bluetooth kulakl\u0131k, ergonomik kulak i\u00e7i tasar\u0131m\u0131yla uzun s\u00fcre konforlu kullan\u0131m sa\u011flar. Klipsli yap\u0131s\u0131 sayesinde cebinizde ta\u015f\u0131mak yerine g\u00f6mle\u011finize kolayca tutturabilirsiniz. 10 saate kadar konu\u015fma ve m\u00fczik s\u00fcresi sunan g\u00fc\u00e7l\u00fc bataryas\u0131yla g\u00fcn boyu kesintisiz ileti\u015fim sa\u011flar. 160 saat bekleme s\u00fcresi ile ihtiya\u00e7 duydu\u011funuz her an yan\u0131n\u0131zdad\u0131r. Geri \u00e7ekilebilir kablo teknolojisi, kullan\u0131m sonras\u0131nda kulakl\u0131\u011f\u0131 d\u00fczenli \u015fekilde toplaman\u0131za olanak tan\u0131r. Ayn\u0131 anda iki cihaz\u0131 e\u015fle\u015ftirebilme \u00f6zelli\u011fi sayesinde i\u015f ve \u00f6zel ya\u015fam\u0131n\u0131z\u0131 kolayca y\u00f6netebilirsiniz. Eller serbest arama, ses kontrol\u00fc ve \u015fark\u0131 de\u011fi\u015ftirme fonksiyonlar\u0131yla pratik kullan\u0131m sunar. Mikro USB giri\u015fiyle kolayca \u015farj edilebilir. Hafif yap\u0131s\u0131 sayesinde yan\u0131n\u0131zda ta\u015f\u0131rken rahats\u0131zl\u0131k vermez.<\/p>\n","protected":false},"excerpt":{"rendered":"<p>Ta\u015f\u0131nabilir Bluetooth kulakl\u0131k, ergonomik kulak i\u00e7i tasar\u0131m\u0131yla uzun s\u00fcre konforlu kullan\u0131m sa\u011flar. Klipsli yap\u0131s\u0131 sayesinde cebinizde ta\u015f\u0131mak yerine g\u00f6mle\u011finize kolayca tutturabilirsiniz. 10 saate kadar konu\u015fma ve m\u00fczik s\u00fcresi sunan g\u00fc\u00e7l\u00fc bataryas\u0131yla g\u00fcn boyu kesintisiz ileti\u015fim sa\u011flar. 160 saat bekleme s\u00fcresi ile ihtiya\u00e7 duydu\u011funuz her an yan\u0131n\u0131zdad\u0131r. Geri \u00e7ekilebilir kablo teknolojisi, kullan\u0131m sonras\u0131nda kulakl\u0131\u011f\u0131 d\u00fczenli \u015fekilde&#8230;<\/p>\n","protected":false},"featured_media":115026,"comment_status":"open","ping_status":"closed","template":"","meta":{"_kad_post_transparent":"","_kad_post_title":"","_kad_post_layout":"","_kad_post_sidebar_id":"","_kad_post_content_style":"","_kad_post_vertical_padding":"","_kad_post_feature":"","_kad_post_feature_position":"","_kad_post_header":false,"_kad_post_footer":false,"_kad_post_classname":""},"product_brand":[],"product_cat":[14957],"product_tag":[],"class_list":{"0":"post-115027","1":"product","2":"type-product","3":"status-publish","4":"has-post-thumbnail","6":"product_cat-kablosuz-kulaklik-kablosuz-kulaklik","8":"first","9":"instock","10":"purchasable","11":"product-type-simple","12":"entry","13":"content-bg","14":"loop-entry"},"_links":{"self":[{"href":"https:\/\/www.hediyepazar.com\/index.php?rest_route=\/wp\/v2\/product\/115027","targetHints":{"allow":["GET"]}}],"collection":[{"href":"https:\/\/www.hediyepazar.com\/index.php?rest_route=\/wp\/v2\/product"}],"about":[{"href":"https:\/\/www.hediyepazar.com\/index.php?rest_route=\/wp\/v2\/types\/product"}],"replies":[{"embeddable":true,"href":"https:\/\/www.hediyepazar.com\/index.php?rest_route=%2Fwp%2Fv2%2Fcomments&post=115027"}],"wp:featuredmedia":[{"embeddable":true,"href":"https:\/\/www.hediyepazar.com\/index.php?rest_route=\/wp\/v2\/media\/115026"}],"wp:attachment":[{"href":"https:\/\/www.hediyepazar.com\/index.php?rest_route=%2Fwp%2Fv2%2Fmedia&parent=115027"}],"wp:term":[{"taxonomy":"product_brand","embeddable":true,"href":"https:\/\/www.hediyepazar.com\/index.php?rest_route=%2Fwp%2Fv2%2Fproduct_brand&post=115027"},{"taxonomy":"product_cat","embeddable":true,"href":"https:\/\/www.hediyepazar.com\/index.php?rest_route=%2Fwp%2Fv2%2Fproduct_cat&post=115027"},{"taxonomy":"product_tag","embeddable":true,"href":"https:\/\/www.hediyepazar.com\/index.php?rest_route=%2Fwp%2Fv2%2Fproduct_tag&post=115027"}],"curies":[{"name":"wp","href":"https:\/\/api.w.org\/{rel}","templated":true}]}}