{"id":115041,"date":"2026-05-05T13:49:33","date_gmt":"2026-05-05T16:49:33","guid":{"rendered":"https:\/\/www.hediyepazar.com\/?product=rgb-isikli-tasinabilir-kablosuz-bluetooth-hoparlor"},"modified":"2026-05-05T13:49:33","modified_gmt":"2026-05-05T16:49:33","slug":"rgb-isikli-tasinabilir-kablosuz-bluetooth-hoparlor","status":"publish","type":"product","link":"https:\/\/www.hediyepazar.com\/?product=rgb-isikli-tasinabilir-kablosuz-bluetooth-hoparlor","title":{"rendered":"RGB I\u015f\u0131kl\u0131 Ta\u015f\u0131nabilir Kablosuz Bluetooth Hoparl\u00f6r"},"content":{"rendered":"<p>Kristal netli\u011finde ses kalitesi ve g\u00fc\u00e7l\u00fc bas isteyenler i\u00e7in tasarlanm\u0131\u015f bu ta\u015f\u0131nabilir Bluetooth hoparl\u00f6r, g\u00fcnl\u00fck kullan\u0131mda ve \u00f6zel anlarda en iyi ses deneyimini sunar. 1200mAh bataryas\u0131 ile tam \u015farj edildi\u011finde 8 saate kadar kesintisiz m\u00fczik keyfi sa\u011flar. RGB \u0131\u015f\u0131k efektleri, m\u00fczi\u011finizle senkronize \u015fekilde yan\u0131p s\u00f6nerek e\u011flenceli bir atmosfer yarat\u0131r. 360 derece stereo surround ses \u00f6zelli\u011fi ile m\u00fczi\u011fin her tonunu detayl\u0131 bir \u015fekilde duyman\u0131z\u0131 sa\u011flar. Bluetooth 5.0 teknolojisi sayesinde t\u00fcm uyumlu cihazlarla h\u0131zl\u0131 ve kesintisiz ba\u011flant\u0131 kurar. Hafif ve kompakt tasar\u0131m\u0131yla \u00e7antan\u0131zda rahat\u00e7a ta\u015f\u0131yabilir, seyahatlerde, partilerde veya a\u00e7\u0131k hava etkinliklerinde yan\u0131n\u0131zda bulundurabilirsiniz. Dayan\u0131kl\u0131 malzeme yap\u0131s\u0131 uzun s\u00fcreli kullan\u0131m i\u00e7in idealdir. Dahili mikrofonu sayesinde eller serbest arama yapabilirsiniz.<\/p>\n","protected":false},"excerpt":{"rendered":"<p>Kristal netli\u011finde ses kalitesi ve g\u00fc\u00e7l\u00fc bas isteyenler i\u00e7in tasarlanm\u0131\u015f bu ta\u015f\u0131nabilir Bluetooth hoparl\u00f6r, g\u00fcnl\u00fck kullan\u0131mda ve \u00f6zel anlarda en iyi ses deneyimini sunar. 1200mAh bataryas\u0131 ile tam \u015farj edildi\u011finde 8 saate kadar kesintisiz m\u00fczik keyfi sa\u011flar. RGB \u0131\u015f\u0131k efektleri, m\u00fczi\u011finizle senkronize \u015fekilde yan\u0131p s\u00f6nerek e\u011flenceli bir atmosfer yarat\u0131r. 360 derece stereo surround ses \u00f6zelli\u011fi&#8230;<\/p>\n","protected":false},"featured_media":115040,"comment_status":"open","ping_status":"closed","template":"","meta":{"_kad_post_transparent":"","_kad_post_title":"","_kad_post_layout":"","_kad_post_sidebar_id":"","_kad_post_content_style":"","_kad_post_vertical_padding":"","_kad_post_feature":"","_kad_post_feature_position":"","_kad_post_header":false,"_kad_post_footer":false,"_kad_post_classname":""},"product_brand":[],"product_cat":[14911],"product_tag":[],"class_list":{"0":"post-115041","1":"product","2":"type-product","3":"status-publish","4":"has-post-thumbnail","6":"product_cat-kablosuz-hoparlor-kablosuz-hoparlor","8":"first","9":"instock","10":"purchasable","11":"product-type-simple","12":"entry","13":"content-bg","14":"loop-entry"},"_links":{"self":[{"href":"https:\/\/www.hediyepazar.com\/index.php?rest_route=\/wp\/v2\/product\/115041","targetHints":{"allow":["GET"]}}],"collection":[{"href":"https:\/\/www.hediyepazar.com\/index.php?rest_route=\/wp\/v2\/product"}],"about":[{"href":"https:\/\/www.hediyepazar.com\/index.php?rest_route=\/wp\/v2\/types\/product"}],"replies":[{"embeddable":true,"href":"https:\/\/www.hediyepazar.com\/index.php?rest_route=%2Fwp%2Fv2%2Fcomments&post=115041"}],"wp:featuredmedia":[{"embeddable":true,"href":"https:\/\/www.hediyepazar.com\/index.php?rest_route=\/wp\/v2\/media\/115040"}],"wp:attachment":[{"href":"https:\/\/www.hediyepazar.com\/index.php?rest_route=%2Fwp%2Fv2%2Fmedia&parent=115041"}],"wp:term":[{"taxonomy":"product_brand","embeddable":true,"href":"https:\/\/www.hediyepazar.com\/index.php?rest_route=%2Fwp%2Fv2%2Fproduct_brand&post=115041"},{"taxonomy":"product_cat","embeddable":true,"href":"https:\/\/www.hediyepazar.com\/index.php?rest_route=%2Fwp%2Fv2%2Fproduct_cat&post=115041"},{"taxonomy":"product_tag","embeddable":true,"href":"https:\/\/www.hediyepazar.com\/index.php?rest_route=%2Fwp%2Fv2%2Fproduct_tag&post=115041"}],"curies":[{"name":"wp","href":"https:\/\/api.w.org\/{rel}","templated":true}]}}