{"id":115043,"date":"2026-05-05T13:49:37","date_gmt":"2026-05-05T16:49:37","guid":{"rendered":"https:\/\/www.hediyepazar.com\/?product=fotograf-tanima-ve-konusma-cevirili-akilli-tercuman"},"modified":"2026-05-05T13:49:37","modified_gmt":"2026-05-05T16:49:37","slug":"fotograf-tanima-ve-konusma-cevirili-akilli-tercuman","status":"publish","type":"product","link":"https:\/\/www.hediyepazar.com\/?product=fotograf-tanima-ve-konusma-cevirili-akilli-tercuman","title":{"rendered":"Foto\u011fraf Tan\u0131ma ve Konu\u015fma \u00c7evirili Ak\u0131ll\u0131 Terc\u00fcman"},"content":{"rendered":"<p>Her dilde rahat ileti\u015fim kurun! Bu ak\u0131ll\u0131 mini \u00e7evirmen cihaz\u0131, 139 dili \u00e7evrimi\u00e7i ve 17 dili \u00e7evrimd\u0131\u015f\u0131 olarak destekler. Dokunmatik IPS ekran\u0131 sayesinde kolay kullan\u0131m sa\u011flar. Konu\u015fma \u00e7evirisi, metin \u00e7evirisi, foto\u011fraf tan\u0131ma ve e\u015fzamanl\u0131 yorumlama \u00f6zellikleriyle dil bariyerini tamamen ortadan kald\u0131r\u0131r. 360&#215;640 \u00e7\u00f6z\u00fcn\u00fcrl\u00fckl\u00fc ekran\u0131, net ve kaliteli g\u00f6r\u00fcnt\u00fc sunar. Google Translate benzeri bir deneyim sa\u011flayan cihaz, sadece bir t\u0131kla an\u0131nda \u00e7eviri yapabilir. 1500mAh bataryas\u0131 uzun s\u00fcreli kullan\u0131m i\u00e7in idealdir, USB kablo ile h\u0131zl\u0131ca \u015farj edilir. Wifi ba\u011flant\u0131s\u0131 sayesinde h\u0131zl\u0131 ve do\u011fru sonu\u00e7lar alabilirsiniz. Hem i\u015f hem seyahatlerde kullanabilece\u011finiz bu cihaz, Android ve iOS uyumlulu\u011fu sayesinde geni\u015f kullan\u0131c\u0131 kitlesine hitap eder. \u015e\u0131k tasar\u0131m\u0131, dayan\u0131kl\u0131 g\u00f6vdesi ve ta\u015f\u0131nabilir boyutlar\u0131yla her an yan\u0131n\u0131zda ta\u015f\u0131yabilece\u011finiz m\u00fckemmel bir \u00e7eviri yard\u0131mc\u0131s\u0131d\u0131r.<\/p>\n","protected":false},"excerpt":{"rendered":"<p>Her dilde rahat ileti\u015fim kurun! Bu ak\u0131ll\u0131 mini \u00e7evirmen cihaz\u0131, 139 dili \u00e7evrimi\u00e7i ve 17 dili \u00e7evrimd\u0131\u015f\u0131 olarak destekler. Dokunmatik IPS ekran\u0131 sayesinde kolay kullan\u0131m sa\u011flar. Konu\u015fma \u00e7evirisi, metin \u00e7evirisi, foto\u011fraf tan\u0131ma ve e\u015fzamanl\u0131 yorumlama \u00f6zellikleriyle dil bariyerini tamamen ortadan kald\u0131r\u0131r. 360&#215;640 \u00e7\u00f6z\u00fcn\u00fcrl\u00fckl\u00fc ekran\u0131, net ve kaliteli g\u00f6r\u00fcnt\u00fc sunar. Google Translate benzeri bir deneyim sa\u011flayan&#8230;<\/p>\n","protected":false},"featured_media":115042,"comment_status":"open","ping_status":"closed","template":"","meta":{"_kad_post_transparent":"","_kad_post_title":"","_kad_post_layout":"","_kad_post_sidebar_id":"","_kad_post_content_style":"","_kad_post_vertical_padding":"","_kad_post_feature":"","_kad_post_feature_position":"","_kad_post_header":false,"_kad_post_footer":false,"_kad_post_classname":""},"product_brand":[],"product_cat":[15064],"product_tag":[],"class_list":{"0":"post-115043","1":"product","2":"type-product","3":"status-publish","4":"has-post-thumbnail","6":"product_cat-akilli-ceviri-cihazi-akilli-ceviri-cihazi","8":"first","9":"instock","10":"purchasable","11":"product-type-simple","12":"entry","13":"content-bg","14":"loop-entry"},"_links":{"self":[{"href":"https:\/\/www.hediyepazar.com\/index.php?rest_route=\/wp\/v2\/product\/115043","targetHints":{"allow":["GET"]}}],"collection":[{"href":"https:\/\/www.hediyepazar.com\/index.php?rest_route=\/wp\/v2\/product"}],"about":[{"href":"https:\/\/www.hediyepazar.com\/index.php?rest_route=\/wp\/v2\/types\/product"}],"replies":[{"embeddable":true,"href":"https:\/\/www.hediyepazar.com\/index.php?rest_route=%2Fwp%2Fv2%2Fcomments&post=115043"}],"wp:featuredmedia":[{"embeddable":true,"href":"https:\/\/www.hediyepazar.com\/index.php?rest_route=\/wp\/v2\/media\/115042"}],"wp:attachment":[{"href":"https:\/\/www.hediyepazar.com\/index.php?rest_route=%2Fwp%2Fv2%2Fmedia&parent=115043"}],"wp:term":[{"taxonomy":"product_brand","embeddable":true,"href":"https:\/\/www.hediyepazar.com\/index.php?rest_route=%2Fwp%2Fv2%2Fproduct_brand&post=115043"},{"taxonomy":"product_cat","embeddable":true,"href":"https:\/\/www.hediyepazar.com\/index.php?rest_route=%2Fwp%2Fv2%2Fproduct_cat&post=115043"},{"taxonomy":"product_tag","embeddable":true,"href":"https:\/\/www.hediyepazar.com\/index.php?rest_route=%2Fwp%2Fv2%2Fproduct_tag&post=115043"}],"curies":[{"name":"wp","href":"https:\/\/api.w.org\/{rel}","templated":true}]}}