{"id":115051,"date":"2026-05-05T13:50:13","date_gmt":"2026-05-05T16:50:13","guid":{"rendered":"https:\/\/www.hediyepazar.com\/?product=cift-bant-wifi-android-auto-kablosuz-baglanti-cihazi"},"modified":"2026-05-05T13:50:13","modified_gmt":"2026-05-05T16:50:13","slug":"cift-bant-wifi-android-auto-kablosuz-baglanti-cihazi","status":"publish","type":"product","link":"https:\/\/www.hediyepazar.com\/?product=cift-bant-wifi-android-auto-kablosuz-baglanti-cihazi","title":{"rendered":"\u00c7ift Bant WiFi Android Auto Kablosuz Ba\u011flant\u0131 Cihaz\u0131"},"content":{"rendered":"<p>Yolculuklar\u0131n\u0131z\u0131 kablosuz ba\u011flant\u0131n\u0131n rahatl\u0131\u011f\u0131yla ya\u015fay\u0131n! Android Auto kablosuz adapt\u00f6r\u00fc, arac\u0131n\u0131zdaki USB portuna tak\u0131ld\u0131\u011f\u0131nda kolayca devreye girer. Tak \u00e7al\u0131\u015ft\u0131r \u00f6zelli\u011fi sayesinde kurulum s\u00fcreci zahmetsizdir. Bluetooth 5.0 deste\u011fiyle cihaz\u0131n\u0131zla h\u0131zl\u0131ca e\u015fle\u015fir, 2.4GHz ve 5.8GHz WiFi aktar\u0131m\u0131 sayesinde kesintisiz ve y\u00fcksek h\u0131zl\u0131 ba\u011flant\u0131 sunar. Google Asistan deste\u011fiyle s\u00fcr\u00fc\u015f s\u0131ras\u0131nda eller serbest kullan\u0131m m\u00fcmk\u00fcn hale gelir. Navigasyonu ba\u015flatabilir, m\u00fczik a\u00e7abilir veya arama yapabilirsiniz. Y\u00fcksek performansl\u0131 i\u015flemcisi sayesinde ak\u0131c\u0131 bir deneyim sa\u011flar. Kompakt ve dayan\u0131kl\u0131 tasar\u0131m\u0131 ara\u00e7 i\u00e7inde yer kaplamaz, ta\u015f\u0131nabilirli\u011fi kolayd\u0131r. 2 y\u0131l garanti g\u00fcvencesi ile uzun s\u00fcreli kullan\u0131m sunar. Android kullan\u0131c\u0131lar\u0131 i\u00e7in vazge\u00e7ilmez bir s\u00fcr\u00fc\u015f yard\u0131mc\u0131s\u0131d\u0131r.<\/p>\n","protected":false},"excerpt":{"rendered":"<p>Yolculuklar\u0131n\u0131z\u0131 kablosuz ba\u011flant\u0131n\u0131n rahatl\u0131\u011f\u0131yla ya\u015fay\u0131n! Android Auto kablosuz adapt\u00f6r\u00fc, arac\u0131n\u0131zdaki USB portuna tak\u0131ld\u0131\u011f\u0131nda kolayca devreye girer. Tak \u00e7al\u0131\u015ft\u0131r \u00f6zelli\u011fi sayesinde kurulum s\u00fcreci zahmetsizdir. Bluetooth 5.0 deste\u011fiyle cihaz\u0131n\u0131zla h\u0131zl\u0131ca e\u015fle\u015fir, 2.4GHz ve 5.8GHz WiFi aktar\u0131m\u0131 sayesinde kesintisiz ve y\u00fcksek h\u0131zl\u0131 ba\u011flant\u0131 sunar. Google Asistan deste\u011fiyle s\u00fcr\u00fc\u015f s\u0131ras\u0131nda eller serbest kullan\u0131m m\u00fcmk\u00fcn hale gelir. Navigasyonu ba\u015flatabilir, m\u00fczik&#8230;<\/p>\n","protected":false},"featured_media":115050,"comment_status":"open","ping_status":"closed","template":"","meta":{"_kad_post_transparent":"","_kad_post_title":"","_kad_post_layout":"","_kad_post_sidebar_id":"","_kad_post_content_style":"","_kad_post_vertical_padding":"","_kad_post_feature":"","_kad_post_feature_position":"","_kad_post_header":false,"_kad_post_footer":false,"_kad_post_classname":""},"product_brand":[],"product_cat":[15066],"product_tag":[],"class_list":{"0":"post-115051","1":"product","2":"type-product","3":"status-publish","4":"has-post-thumbnail","6":"product_cat-kablosuz-ses-ve-goruntu-aktarici-kablosuz-ses-ve-goruntu-aktarici","8":"first","9":"instock","10":"purchasable","11":"product-type-simple","12":"entry","13":"content-bg","14":"loop-entry"},"_links":{"self":[{"href":"https:\/\/www.hediyepazar.com\/index.php?rest_route=\/wp\/v2\/product\/115051","targetHints":{"allow":["GET"]}}],"collection":[{"href":"https:\/\/www.hediyepazar.com\/index.php?rest_route=\/wp\/v2\/product"}],"about":[{"href":"https:\/\/www.hediyepazar.com\/index.php?rest_route=\/wp\/v2\/types\/product"}],"replies":[{"embeddable":true,"href":"https:\/\/www.hediyepazar.com\/index.php?rest_route=%2Fwp%2Fv2%2Fcomments&post=115051"}],"wp:featuredmedia":[{"embeddable":true,"href":"https:\/\/www.hediyepazar.com\/index.php?rest_route=\/wp\/v2\/media\/115050"}],"wp:attachment":[{"href":"https:\/\/www.hediyepazar.com\/index.php?rest_route=%2Fwp%2Fv2%2Fmedia&parent=115051"}],"wp:term":[{"taxonomy":"product_brand","embeddable":true,"href":"https:\/\/www.hediyepazar.com\/index.php?rest_route=%2Fwp%2Fv2%2Fproduct_brand&post=115051"},{"taxonomy":"product_cat","embeddable":true,"href":"https:\/\/www.hediyepazar.com\/index.php?rest_route=%2Fwp%2Fv2%2Fproduct_cat&post=115051"},{"taxonomy":"product_tag","embeddable":true,"href":"https:\/\/www.hediyepazar.com\/index.php?rest_route=%2Fwp%2Fv2%2Fproduct_tag&post=115051"}],"curies":[{"name":"wp","href":"https:\/\/api.w.org\/{rel}","templated":true}]}}