{"id":115053,"date":"2026-05-05T13:50:18","date_gmt":"2026-05-05T16:50:18","guid":{"rendered":"https:\/\/www.hediyepazar.com\/?product=usb-girisli-tak-calistir-kablosuz-android-auto-cihazi"},"modified":"2026-05-05T13:50:18","modified_gmt":"2026-05-05T16:50:18","slug":"usb-girisli-tak-calistir-kablosuz-android-auto-cihazi","status":"publish","type":"product","link":"https:\/\/www.hediyepazar.com\/?product=usb-girisli-tak-calistir-kablosuz-android-auto-cihazi","title":{"rendered":"USB Giri\u015fli Tak \u00c7al\u0131\u015ft\u0131r Kablosuz Android Auto Cihaz\u0131"},"content":{"rendered":"<p>Arac\u0131n\u0131z\u0131 kablosuz teknolojiyle donatman\u0131n en kolay yolu! Android Auto adapt\u00f6r\u00fc, kablolu ba\u011flant\u0131y\u0131 ortadan kald\u0131rarak kablosuz kullan\u0131m \u00f6zg\u00fcrl\u00fc\u011f\u00fc sunar. USB portuna tak\u0131ld\u0131\u011f\u0131nda otomatik olarak \u00e7al\u0131\u015f\u0131r ve Bluetooth \u00fczerinden saniyeler i\u00e7inde e\u015fle\u015fir. 5.8GHz WiFi deste\u011fi, s\u00fcr\u00fc\u015f s\u0131ras\u0131nda kesintisiz ba\u011flant\u0131 sa\u011flarken, Google Asistan \u00f6zelli\u011fi ile eller serbest kullan\u0131m imkan\u0131 sunar. B\u00f6ylece navigasyonu a\u00e7abilir, m\u00fczik dinleyebilir veya aramalar\u0131n\u0131z\u0131 yapabilirsiniz. Bluetooth 5.0 teknolojisi h\u0131zl\u0131 ve g\u00fcvenilir ba\u011flant\u0131 sunarken, \u00f6zel i\u015flemcisi sayesinde sistem ak\u0131c\u0131 \u015fekilde \u00e7al\u0131\u015f\u0131r. Kompakt boyutlu tasar\u0131m\u0131 ara\u00e7 i\u00e7inde fazladan yer kaplamaz. Android cihazlarla uyumlu olan bu \u00fcr\u00fcn, 2 y\u0131l garanti deste\u011fi ile g\u00fcvenle kullan\u0131labilir. Modern s\u00fcr\u00fcc\u00fcler i\u00e7in ideal bir \u00e7\u00f6z\u00fcmd\u00fcr.<\/p>\n","protected":false},"excerpt":{"rendered":"<p>Arac\u0131n\u0131z\u0131 kablosuz teknolojiyle donatman\u0131n en kolay yolu! Android Auto adapt\u00f6r\u00fc, kablolu ba\u011flant\u0131y\u0131 ortadan kald\u0131rarak kablosuz kullan\u0131m \u00f6zg\u00fcrl\u00fc\u011f\u00fc sunar. USB portuna tak\u0131ld\u0131\u011f\u0131nda otomatik olarak \u00e7al\u0131\u015f\u0131r ve Bluetooth \u00fczerinden saniyeler i\u00e7inde e\u015fle\u015fir. 5.8GHz WiFi deste\u011fi, s\u00fcr\u00fc\u015f s\u0131ras\u0131nda kesintisiz ba\u011flant\u0131 sa\u011flarken, Google Asistan \u00f6zelli\u011fi ile eller serbest kullan\u0131m imkan\u0131 sunar. B\u00f6ylece navigasyonu a\u00e7abilir, m\u00fczik dinleyebilir veya aramalar\u0131n\u0131z\u0131 yapabilirsiniz&#8230;.<\/p>\n","protected":false},"featured_media":115052,"comment_status":"open","ping_status":"closed","template":"","meta":{"_kad_post_transparent":"","_kad_post_title":"","_kad_post_layout":"","_kad_post_sidebar_id":"","_kad_post_content_style":"","_kad_post_vertical_padding":"","_kad_post_feature":"","_kad_post_feature_position":"","_kad_post_header":false,"_kad_post_footer":false,"_kad_post_classname":""},"product_brand":[],"product_cat":[15066],"product_tag":[],"class_list":{"0":"post-115053","1":"product","2":"type-product","3":"status-publish","4":"has-post-thumbnail","6":"product_cat-kablosuz-ses-ve-goruntu-aktarici-kablosuz-ses-ve-goruntu-aktarici","8":"first","9":"instock","10":"purchasable","11":"product-type-simple","12":"entry","13":"content-bg","14":"loop-entry"},"_links":{"self":[{"href":"https:\/\/www.hediyepazar.com\/index.php?rest_route=\/wp\/v2\/product\/115053","targetHints":{"allow":["GET"]}}],"collection":[{"href":"https:\/\/www.hediyepazar.com\/index.php?rest_route=\/wp\/v2\/product"}],"about":[{"href":"https:\/\/www.hediyepazar.com\/index.php?rest_route=\/wp\/v2\/types\/product"}],"replies":[{"embeddable":true,"href":"https:\/\/www.hediyepazar.com\/index.php?rest_route=%2Fwp%2Fv2%2Fcomments&post=115053"}],"wp:featuredmedia":[{"embeddable":true,"href":"https:\/\/www.hediyepazar.com\/index.php?rest_route=\/wp\/v2\/media\/115052"}],"wp:attachment":[{"href":"https:\/\/www.hediyepazar.com\/index.php?rest_route=%2Fwp%2Fv2%2Fmedia&parent=115053"}],"wp:term":[{"taxonomy":"product_brand","embeddable":true,"href":"https:\/\/www.hediyepazar.com\/index.php?rest_route=%2Fwp%2Fv2%2Fproduct_brand&post=115053"},{"taxonomy":"product_cat","embeddable":true,"href":"https:\/\/www.hediyepazar.com\/index.php?rest_route=%2Fwp%2Fv2%2Fproduct_cat&post=115053"},{"taxonomy":"product_tag","embeddable":true,"href":"https:\/\/www.hediyepazar.com\/index.php?rest_route=%2Fwp%2Fv2%2Fproduct_tag&post=115053"}],"curies":[{"name":"wp","href":"https:\/\/api.w.org\/{rel}","templated":true}]}}