{"id":115073,"date":"2026-05-05T13:54:17","date_gmt":"2026-05-05T16:54:17","guid":{"rendered":"https:\/\/www.hediyepazar.com\/?product=traktor-ws-560-bluetooth-hoparlor"},"modified":"2026-05-05T13:54:17","modified_gmt":"2026-05-05T16:54:17","slug":"traktor-ws-560-bluetooth-hoparlor","status":"publish","type":"product","link":"https:\/\/www.hediyepazar.com\/?product=traktor-ws-560-bluetooth-hoparlor","title":{"rendered":"Trakt\u00f6r WS-560 Bluetooth Hoparl\u00f6r"},"content":{"rendered":"<p>Klasik ara\u00e7lardan ilham al\u0131narak tasarlanm\u0131\u015f bu Bluetooth hoparl\u00f6r, nostaljik g\u00f6r\u00fcnt\u00fcs\u00fcyle farkl\u0131 bir hava katarken g\u00fc\u00e7l\u00fc \u00f6zellikleriyle m\u00fczik deneyiminizi zirveye ta\u015f\u0131r. Bluetooth \u00f6zelli\u011fi sayesinde kablosuz m\u00fczik dinleme kolayl\u0131\u011f\u0131 sunar, ayr\u0131ca USB bellek, TF kart ve AUX giri\u015fiyle \u00e7oklu ba\u011flant\u0131 se\u00e7enekleri sa\u011flar. FM radyo \u00f6zelli\u011fi ile diledi\u011finiz kanallar\u0131 dinleyebilirsiniz. 12W g\u00fcc\u00fcnde ses \u00e7\u0131k\u0131\u015f\u0131, 50Hz \u2013 20kHz frekans aral\u0131\u011f\u0131 ile net ve g\u00fc\u00e7l\u00fc m\u00fczik sunar. TWS \u00f6zelli\u011fi sayesinde ikinci hoparl\u00f6rle e\u015fle\u015ferek stereo ses deneyimi ya\u015fayabilirsiniz. LED \u0131\u015f\u0131klar\u0131yla \u015f\u0131k bir atmosfer yaratan bu hoparl\u00f6r, 1800mAh bataryas\u0131 sayesinde 4-6 saat kesintisiz m\u00fczik \u00e7alma imk\u00e2n\u0131 sunar ve sadece 3-4 saatte tam \u015farj olur. Kompakt boyutlar\u0131 ve hafif yap\u0131s\u0131 ile ta\u015f\u0131mas\u0131 kolayd\u0131r. Paket i\u00e7erisinde hoparl\u00f6r, \u015farj kablosu ve kullan\u0131m k\u0131lavuzu bulunur. \u015e\u0131k tasar\u0131m\u0131 ve g\u00fc\u00e7l\u00fc \u00f6zellikleri ile hem evde hem de d\u0131\u015far\u0131da m\u00fczik keyfi ya\u015famak isteyen herkes i\u00e7in ideal bir hoparl\u00f6rd\u00fcr.<\/p>\n","protected":false},"excerpt":{"rendered":"<p>Klasik ara\u00e7lardan ilham al\u0131narak tasarlanm\u0131\u015f bu Bluetooth hoparl\u00f6r, nostaljik g\u00f6r\u00fcnt\u00fcs\u00fcyle farkl\u0131 bir hava katarken g\u00fc\u00e7l\u00fc \u00f6zellikleriyle m\u00fczik deneyiminizi zirveye ta\u015f\u0131r. Bluetooth \u00f6zelli\u011fi sayesinde kablosuz m\u00fczik dinleme kolayl\u0131\u011f\u0131 sunar, ayr\u0131ca USB bellek, TF kart ve AUX giri\u015fiyle \u00e7oklu ba\u011flant\u0131 se\u00e7enekleri sa\u011flar. FM radyo \u00f6zelli\u011fi ile diledi\u011finiz kanallar\u0131 dinleyebilirsiniz. 12W g\u00fcc\u00fcnde ses \u00e7\u0131k\u0131\u015f\u0131, 50Hz \u2013 20kHz frekans&#8230;<\/p>\n","protected":false},"featured_media":115072,"comment_status":"open","ping_status":"closed","template":"","meta":{"_kad_post_transparent":"","_kad_post_title":"","_kad_post_layout":"","_kad_post_sidebar_id":"","_kad_post_content_style":"","_kad_post_vertical_padding":"","_kad_post_feature":"","_kad_post_feature_position":"","_kad_post_header":false,"_kad_post_footer":false,"_kad_post_classname":""},"product_brand":[],"product_cat":[14911],"product_tag":[],"class_list":{"0":"post-115073","1":"product","2":"type-product","3":"status-publish","4":"has-post-thumbnail","6":"product_cat-kablosuz-hoparlor-kablosuz-hoparlor","8":"first","9":"instock","10":"purchasable","11":"product-type-simple","12":"entry","13":"content-bg","14":"loop-entry"},"_links":{"self":[{"href":"https:\/\/www.hediyepazar.com\/index.php?rest_route=\/wp\/v2\/product\/115073","targetHints":{"allow":["GET"]}}],"collection":[{"href":"https:\/\/www.hediyepazar.com\/index.php?rest_route=\/wp\/v2\/product"}],"about":[{"href":"https:\/\/www.hediyepazar.com\/index.php?rest_route=\/wp\/v2\/types\/product"}],"replies":[{"embeddable":true,"href":"https:\/\/www.hediyepazar.com\/index.php?rest_route=%2Fwp%2Fv2%2Fcomments&post=115073"}],"wp:featuredmedia":[{"embeddable":true,"href":"https:\/\/www.hediyepazar.com\/index.php?rest_route=\/wp\/v2\/media\/115072"}],"wp:attachment":[{"href":"https:\/\/www.hediyepazar.com\/index.php?rest_route=%2Fwp%2Fv2%2Fmedia&parent=115073"}],"wp:term":[{"taxonomy":"product_brand","embeddable":true,"href":"https:\/\/www.hediyepazar.com\/index.php?rest_route=%2Fwp%2Fv2%2Fproduct_brand&post=115073"},{"taxonomy":"product_cat","embeddable":true,"href":"https:\/\/www.hediyepazar.com\/index.php?rest_route=%2Fwp%2Fv2%2Fproduct_cat&post=115073"},{"taxonomy":"product_tag","embeddable":true,"href":"https:\/\/www.hediyepazar.com\/index.php?rest_route=%2Fwp%2Fv2%2Fproduct_tag&post=115073"}],"curies":[{"name":"wp","href":"https:\/\/api.w.org\/{rel}","templated":true}]}}