{"id":115085,"date":"2026-05-05T13:56:27","date_gmt":"2026-05-05T16:56:27","guid":{"rendered":"https:\/\/www.hediyepazar.com\/?product=hepa-filtreli-sessiz-calisan-kablosuz-sarjli-mini-supurge"},"modified":"2026-05-05T13:56:27","modified_gmt":"2026-05-05T16:56:27","slug":"hepa-filtreli-sessiz-calisan-kablosuz-sarjli-mini-supurge","status":"publish","type":"product","link":"https:\/\/www.hediyepazar.com\/?product=hepa-filtreli-sessiz-calisan-kablosuz-sarjli-mini-supurge","title":{"rendered":"HEPA Filtreli Sessiz \u00c7al\u0131\u015fan Kablosuz \u015earjl\u0131 Mini S\u00fcp\u00fcrge"},"content":{"rendered":"<p>K\u00fc\u00e7\u00fck alanlarda pratik, ara\u00e7 i\u00e7inde ise profesyonel temizlik sa\u011flayan bu \u015farjl\u0131 s\u00fcp\u00fcrge, g\u00fc\u00e7l\u00fc performans\u0131 ve ta\u015f\u0131nabilir yap\u0131s\u0131yla \u00f6ne \u00e7\u0131k\u0131yor. Kablosuz kullan\u0131m imk\u00e2n\u0131 sayesinde priz arama derdi olmadan her yerde kullan\u0131labilir. 15.000 PA maksimum emi\u015f g\u00fcc\u00fc, g\u00fcnl\u00fck tozlardan derinlemesine temizlik gerektiren alanlara kadar etkili sonu\u00e7 sunar. \u00dc\u00e7 kademeli emi\u015f se\u00e7ene\u011fi ile kullan\u0131m alan\u0131na g\u00f6re performans ayar\u0131 yapabilirsiniz. \u00dcfleme fonksiyonu sayesinde sadece s\u00fcp\u00fcrmekle kalmaz, tozlar\u0131 ve partik\u00fclleri d\u0131\u015far\u0131 atarak temizlik yapabilirsiniz. HEPA filtre sistemi, havadaki en k\u00fc\u00e7\u00fck partik\u00fclleri bile hapsederek daha sa\u011fl\u0131kl\u0131 bir ortam sa\u011flar. Y\u0131kanabilir filtre \u00f6zelli\u011fi, kullan\u0131m kolayl\u0131\u011f\u0131 sunarken uzun \u00f6m\u00fcrl\u00fc olmas\u0131n\u0131 sa\u011flar. Kompakt boyutu ve hafifli\u011fi sayesinde kolayca ta\u015f\u0131nabilir. Ergonomik tasar\u0131m\u0131 uzun s\u00fcreli kullan\u0131mlarda bile rahatl\u0131k sa\u011flar. Sessiz motor teknolojisiyle \u00e7al\u0131\u015f\u0131rken \u00e7evrenizi rahats\u0131z etmez. Dar a\u011f\u0131zl\u0131 ba\u015fl\u0131k, f\u0131r\u00e7al\u0131 ba\u015fl\u0131k ve \u00fcfleme aparat\u0131 gibi farkl\u0131 aksesuarlar\u0131 sayesinde her y\u00fczeyde en iyi sonucu alabilirsiniz. Ara\u00e7 i\u00e7i detayl\u0131 temizlikte m\u00fckemmel performans sunan bu s\u00fcp\u00fcrge, evinizde de k\u00fc\u00e7\u00fck alanlarda kullanabilece\u011finiz ideal bir temizlik yard\u0131mc\u0131s\u0131d\u0131r.<\/p>\n","protected":false},"excerpt":{"rendered":"<p>K\u00fc\u00e7\u00fck alanlarda pratik, ara\u00e7 i\u00e7inde ise profesyonel temizlik sa\u011flayan bu \u015farjl\u0131 s\u00fcp\u00fcrge, g\u00fc\u00e7l\u00fc performans\u0131 ve ta\u015f\u0131nabilir yap\u0131s\u0131yla \u00f6ne \u00e7\u0131k\u0131yor. Kablosuz kullan\u0131m imk\u00e2n\u0131 sayesinde priz arama derdi olmadan her yerde kullan\u0131labilir. 15.000 PA maksimum emi\u015f g\u00fcc\u00fc, g\u00fcnl\u00fck tozlardan derinlemesine temizlik gerektiren alanlara kadar etkili sonu\u00e7 sunar. \u00dc\u00e7 kademeli emi\u015f se\u00e7ene\u011fi ile kullan\u0131m alan\u0131na g\u00f6re performans ayar\u0131&#8230;<\/p>\n","protected":false},"featured_media":115084,"comment_status":"open","ping_status":"closed","template":"","meta":{"_kad_post_transparent":"","_kad_post_title":"","_kad_post_layout":"","_kad_post_sidebar_id":"","_kad_post_content_style":"","_kad_post_vertical_padding":"","_kad_post_feature":"","_kad_post_feature_position":"","_kad_post_header":false,"_kad_post_footer":false,"_kad_post_classname":""},"product_brand":[],"product_cat":[15053],"product_tag":[],"class_list":{"0":"post-115085","1":"product","2":"type-product","3":"status-publish","4":"has-post-thumbnail","6":"product_cat-oto-bakim-seti-oto-bakim-seti-2","8":"first","9":"instock","10":"purchasable","11":"product-type-simple","12":"entry","13":"content-bg","14":"loop-entry"},"_links":{"self":[{"href":"https:\/\/www.hediyepazar.com\/index.php?rest_route=\/wp\/v2\/product\/115085","targetHints":{"allow":["GET"]}}],"collection":[{"href":"https:\/\/www.hediyepazar.com\/index.php?rest_route=\/wp\/v2\/product"}],"about":[{"href":"https:\/\/www.hediyepazar.com\/index.php?rest_route=\/wp\/v2\/types\/product"}],"replies":[{"embeddable":true,"href":"https:\/\/www.hediyepazar.com\/index.php?rest_route=%2Fwp%2Fv2%2Fcomments&post=115085"}],"wp:featuredmedia":[{"embeddable":true,"href":"https:\/\/www.hediyepazar.com\/index.php?rest_route=\/wp\/v2\/media\/115084"}],"wp:attachment":[{"href":"https:\/\/www.hediyepazar.com\/index.php?rest_route=%2Fwp%2Fv2%2Fmedia&parent=115085"}],"wp:term":[{"taxonomy":"product_brand","embeddable":true,"href":"https:\/\/www.hediyepazar.com\/index.php?rest_route=%2Fwp%2Fv2%2Fproduct_brand&post=115085"},{"taxonomy":"product_cat","embeddable":true,"href":"https:\/\/www.hediyepazar.com\/index.php?rest_route=%2Fwp%2Fv2%2Fproduct_cat&post=115085"},{"taxonomy":"product_tag","embeddable":true,"href":"https:\/\/www.hediyepazar.com\/index.php?rest_route=%2Fwp%2Fv2%2Fproduct_tag&post=115085"}],"curies":[{"name":"wp","href":"https:\/\/api.w.org\/{rel}","templated":true}]}}