{"id":115115,"date":"2026-05-05T14:00:14","date_gmt":"2026-05-05T17:00:14","guid":{"rendered":"https:\/\/www.hediyepazar.com\/?product=kaydirmaz-seffaf-raflik-cekmece-ortusu-45x300-cm"},"modified":"2026-05-05T14:00:14","modified_gmt":"2026-05-05T17:00:14","slug":"kaydirmaz-seffaf-raflik-cekmece-ortusu-45x300-cm","status":"publish","type":"product","link":"https:\/\/www.hediyepazar.com\/?product=kaydirmaz-seffaf-raflik-cekmece-ortusu-45x300-cm","title":{"rendered":"Kayd\u0131rmaz \u015feffaf rafl\u0131k \u00e7ekmece \u00f6rt\u00fcs\u00fc 45&#215;300 cm"},"content":{"rendered":"<p>Kayd\u0131rmaz \u015feffaf rafl\u0131k, mutfak dolaplar\u0131n\u0131zda, \u00e7ekmecelerde ve buzdolab\u0131 raflar\u0131nda d\u00fczeni korumak ve hijyen sa\u011flamak i\u00e7in \u00f6zel olarak tasarlanm\u0131\u015ft\u0131r. Kal\u0131n EVA \u2013 PVC malzemeden \u00fcretilmi\u015ftir ve BPA i\u00e7ermez, bu nedenle g\u0131dalarla temasa uygundur. G\u00fcvenli ve kokusuz yap\u0131s\u0131 sayesinde sebze, meyve ya da yiyeceklerinizi g\u00f6n\u00fcl rahatl\u0131\u011f\u0131yla \u00fczerine koyabilirsiniz. \u015eeffaf tasar\u0131m\u0131 bulundu\u011fu y\u00fczeyin g\u00f6r\u00fcn\u00fcm\u00fcn\u00fc bozmaz, modern ve estetik bir g\u00f6r\u00fcn\u00fcm sunar. Kayd\u0131rmaz y\u00fczeyi, e\u015fyalar\u0131n\u0131z\u0131n sabit kalmas\u0131n\u0131 sa\u011flayarak d\u00fczeni en \u00fcst seviyeye ta\u015f\u0131r. 45&#215;300 cm boyutlar\u0131 ile geni\u015f kullan\u0131m alan\u0131 sunar, kesilebilir yap\u0131s\u0131 sayesinde istedi\u011finiz boyuta g\u00f6re kolayca \u015fekillendirebilirsiniz. Su ge\u00e7irmez ve ya\u011f tutmaz yap\u0131s\u0131 ile temizlik son derece pratiktir; nemli bir bez veya do\u011frudan su ile kolayca temizlenebilir. Uzun \u00f6m\u00fcrl\u00fc ve dayan\u0131kl\u0131 yap\u0131s\u0131 sayesinde defalarca kullan\u0131labilir. Mutfa\u011f\u0131n yan\u0131 s\u0131ra banyo dolaplar\u0131nda, ayakkab\u0131l\u0131kta, \u00e7ama\u015f\u0131r odalar\u0131nda, ofis \u00e7ekmecelerinde ve vestiyerlerde de g\u00fcvenle kullan\u0131labilir. Hem pratik hem de fonksiyonel yap\u0131s\u0131yla evinizin vazge\u00e7ilmez yard\u0131mc\u0131 \u00fcr\u00fcnlerinden biridir.<\/p>\n","protected":false},"excerpt":{"rendered":"<p>Kayd\u0131rmaz \u015feffaf rafl\u0131k, mutfak dolaplar\u0131n\u0131zda, \u00e7ekmecelerde ve buzdolab\u0131 raflar\u0131nda d\u00fczeni korumak ve hijyen sa\u011flamak i\u00e7in \u00f6zel olarak tasarlanm\u0131\u015ft\u0131r. Kal\u0131n EVA \u2013 PVC malzemeden \u00fcretilmi\u015ftir ve BPA i\u00e7ermez, bu nedenle g\u0131dalarla temasa uygundur. G\u00fcvenli ve kokusuz yap\u0131s\u0131 sayesinde sebze, meyve ya da yiyeceklerinizi g\u00f6n\u00fcl rahatl\u0131\u011f\u0131yla \u00fczerine koyabilirsiniz. \u015eeffaf tasar\u0131m\u0131 bulundu\u011fu y\u00fczeyin g\u00f6r\u00fcn\u00fcm\u00fcn\u00fc bozmaz, modern ve estetik&#8230;<\/p>\n","protected":false},"featured_media":115114,"comment_status":"open","ping_status":"closed","template":"","meta":{"_kad_post_transparent":"","_kad_post_title":"","_kad_post_layout":"","_kad_post_sidebar_id":"","_kad_post_content_style":"","_kad_post_vertical_padding":"","_kad_post_feature":"","_kad_post_feature_position":"","_kad_post_header":false,"_kad_post_footer":false,"_kad_post_classname":""},"product_brand":[],"product_cat":[15068],"product_tag":[],"class_list":{"0":"post-115115","1":"product","2":"type-product","3":"status-publish","4":"has-post-thumbnail","6":"product_cat-pratik-mutfak-gerecleri-pratik-mutfak-gerecleri-2","8":"first","9":"instock","10":"purchasable","11":"product-type-simple","12":"entry","13":"content-bg","14":"loop-entry"},"_links":{"self":[{"href":"https:\/\/www.hediyepazar.com\/index.php?rest_route=\/wp\/v2\/product\/115115","targetHints":{"allow":["GET"]}}],"collection":[{"href":"https:\/\/www.hediyepazar.com\/index.php?rest_route=\/wp\/v2\/product"}],"about":[{"href":"https:\/\/www.hediyepazar.com\/index.php?rest_route=\/wp\/v2\/types\/product"}],"replies":[{"embeddable":true,"href":"https:\/\/www.hediyepazar.com\/index.php?rest_route=%2Fwp%2Fv2%2Fcomments&post=115115"}],"wp:featuredmedia":[{"embeddable":true,"href":"https:\/\/www.hediyepazar.com\/index.php?rest_route=\/wp\/v2\/media\/115114"}],"wp:attachment":[{"href":"https:\/\/www.hediyepazar.com\/index.php?rest_route=%2Fwp%2Fv2%2Fmedia&parent=115115"}],"wp:term":[{"taxonomy":"product_brand","embeddable":true,"href":"https:\/\/www.hediyepazar.com\/index.php?rest_route=%2Fwp%2Fv2%2Fproduct_brand&post=115115"},{"taxonomy":"product_cat","embeddable":true,"href":"https:\/\/www.hediyepazar.com\/index.php?rest_route=%2Fwp%2Fv2%2Fproduct_cat&post=115115"},{"taxonomy":"product_tag","embeddable":true,"href":"https:\/\/www.hediyepazar.com\/index.php?rest_route=%2Fwp%2Fv2%2Fproduct_tag&post=115115"}],"curies":[{"name":"wp","href":"https:\/\/api.w.org\/{rel}","templated":true}]}}