{"id":115131,"date":"2026-05-05T14:05:05","date_gmt":"2026-05-05T17:05:05","guid":{"rendered":"https:\/\/www.hediyepazar.com\/?product=tum-ihtiyaclara-uygun-tasinabilir-manikur-pedikur-seti"},"modified":"2026-05-05T14:05:05","modified_gmt":"2026-05-05T17:05:05","slug":"tum-ihtiyaclara-uygun-tasinabilir-manikur-pedikur-seti","status":"publish","type":"product","link":"https:\/\/www.hediyepazar.com\/?product=tum-ihtiyaclara-uygun-tasinabilir-manikur-pedikur-seti","title":{"rendered":"T\u00fcm \u0130htiya\u00e7lara Uygun Ta\u015f\u0131nabilir Manik\u00fcr &#038; Pedik\u00fcr Seti"},"content":{"rendered":"<p>\u015e\u0131kl\u0131k ve i\u015flevselli\u011fi bir arada sunan bu deri \u00e7antal\u0131 bak\u0131m seti, ki\u015fisel bak\u0131m\u0131na \u00f6nem veren herkes i\u00e7in ideal bir \u00e7\u00f6z\u00fcmd\u00fcr. Dayan\u0131kl\u0131 paslanmaz \u00e7elik par\u00e7alar\u0131 sayesinde uzun y\u0131llar kullan\u0131m imkan\u0131 sunar. Set i\u00e7erisinde t\u0131rnak ve manik\u00fcr makaslar\u0131, t\u00f6rp\u00fc, pense, c\u0131mb\u0131z, kulak \u00e7ekme aparat\u0131, manik\u00fcr b\u0131\u00e7a\u011f\u0131, akne i\u011fnesi ve \u00e7ok ama\u00e7l\u0131 makas yer almaktad\u0131r. Deri \u00e7antas\u0131 hem d\u00fczenli saklama hem de kolay ta\u015f\u0131ma imkan\u0131 sa\u011flar. Hafif ve kompakt yap\u0131s\u0131 sayesinde evde, i\u015fte veya seyahatlerde yan\u0131n\u0131zda bulundurabilirsiniz. Estetik tasar\u0131m\u0131yla hediye olarak da tercih edilebilecek pratik bir bak\u0131m setidir.<\/p>\n","protected":false},"excerpt":{"rendered":"<p>\u015e\u0131kl\u0131k ve i\u015flevselli\u011fi bir arada sunan bu deri \u00e7antal\u0131 bak\u0131m seti, ki\u015fisel bak\u0131m\u0131na \u00f6nem veren herkes i\u00e7in ideal bir \u00e7\u00f6z\u00fcmd\u00fcr. Dayan\u0131kl\u0131 paslanmaz \u00e7elik par\u00e7alar\u0131 sayesinde uzun y\u0131llar kullan\u0131m imkan\u0131 sunar. Set i\u00e7erisinde t\u0131rnak ve manik\u00fcr makaslar\u0131, t\u00f6rp\u00fc, pense, c\u0131mb\u0131z, kulak \u00e7ekme aparat\u0131, manik\u00fcr b\u0131\u00e7a\u011f\u0131, akne i\u011fnesi ve \u00e7ok ama\u00e7l\u0131 makas yer almaktad\u0131r. Deri \u00e7antas\u0131 hem&#8230;<\/p>\n","protected":false},"featured_media":115130,"comment_status":"open","ping_status":"closed","template":"","meta":{"_kad_post_transparent":"","_kad_post_title":"","_kad_post_layout":"","_kad_post_sidebar_id":"","_kad_post_content_style":"","_kad_post_vertical_padding":"","_kad_post_feature":"","_kad_post_feature_position":"","_kad_post_header":false,"_kad_post_footer":false,"_kad_post_classname":""},"product_brand":[],"product_cat":[14963],"product_tag":[],"class_list":{"0":"post-115131","1":"product","2":"type-product","3":"status-publish","4":"has-post-thumbnail","6":"product_cat-manikur-ve-pedikur-aletleri-manikur-ve-pedikur-aletleri","8":"first","9":"instock","10":"purchasable","11":"product-type-simple","12":"entry","13":"content-bg","14":"loop-entry"},"_links":{"self":[{"href":"https:\/\/www.hediyepazar.com\/index.php?rest_route=\/wp\/v2\/product\/115131","targetHints":{"allow":["GET"]}}],"collection":[{"href":"https:\/\/www.hediyepazar.com\/index.php?rest_route=\/wp\/v2\/product"}],"about":[{"href":"https:\/\/www.hediyepazar.com\/index.php?rest_route=\/wp\/v2\/types\/product"}],"replies":[{"embeddable":true,"href":"https:\/\/www.hediyepazar.com\/index.php?rest_route=%2Fwp%2Fv2%2Fcomments&post=115131"}],"wp:featuredmedia":[{"embeddable":true,"href":"https:\/\/www.hediyepazar.com\/index.php?rest_route=\/wp\/v2\/media\/115130"}],"wp:attachment":[{"href":"https:\/\/www.hediyepazar.com\/index.php?rest_route=%2Fwp%2Fv2%2Fmedia&parent=115131"}],"wp:term":[{"taxonomy":"product_brand","embeddable":true,"href":"https:\/\/www.hediyepazar.com\/index.php?rest_route=%2Fwp%2Fv2%2Fproduct_brand&post=115131"},{"taxonomy":"product_cat","embeddable":true,"href":"https:\/\/www.hediyepazar.com\/index.php?rest_route=%2Fwp%2Fv2%2Fproduct_cat&post=115131"},{"taxonomy":"product_tag","embeddable":true,"href":"https:\/\/www.hediyepazar.com\/index.php?rest_route=%2Fwp%2Fv2%2Fproduct_tag&post=115131"}],"curies":[{"name":"wp","href":"https:\/\/api.w.org\/{rel}","templated":true}]}}