{"id":115133,"date":"2026-05-05T14:05:12","date_gmt":"2026-05-05T17:05:12","guid":{"rendered":"https:\/\/www.hediyepazar.com\/?product=sik-ve-dayanikli-cok-amacli-kisisel-12-bakim-seti"},"modified":"2026-05-05T14:05:12","modified_gmt":"2026-05-05T17:05:12","slug":"sik-ve-dayanikli-cok-amacli-kisisel-12-bakim-seti","status":"publish","type":"product","link":"https:\/\/www.hediyepazar.com\/?product=sik-ve-dayanikli-cok-amacli-kisisel-12-bakim-seti","title":{"rendered":"\u015e\u0131k ve Dayan\u0131kl\u0131 \u00c7ok Ama\u00e7l\u0131 Ki\u015fisel 12 Bak\u0131m Seti"},"content":{"rendered":"<p>Hem kad\u0131nlar hem de erkekler i\u00e7in uygun olan bu \u00f6zel deri \u00e7antal\u0131 bak\u0131m seti, kapsaml\u0131 i\u00e7eri\u011fiyle ki\u015fisel bak\u0131m\u0131n\u0131z\u0131 kolayla\u015ft\u0131r\u0131r. Paslanmaz \u00e7elikten \u00fcretilmi\u015f par\u00e7alar\u0131 dayan\u0131kl\u0131, keskin ve hijyeniktir. \u0130\u00e7eri\u011finde t\u0131rnak makaslar\u0131, pense, t\u00f6rp\u00fc, c\u0131mb\u0131z, kulak aparat\u0131, manik\u00fcr b\u0131\u00e7a\u011f\u0131, akne i\u011fnesi ve \u00e7ok ama\u00e7l\u0131 makas yer al\u0131r. \u015e\u0131k deri \u00e7antas\u0131 sayesinde t\u00fcm par\u00e7alar d\u00fczenli bir \u015fekilde saklanabilir. Kompakt boyutu ile \u00e7antan\u0131zda ta\u015f\u0131yabilir, seyahatlerde rahatl\u0131kla kullanabilirsiniz. G\u00fcnl\u00fck kullan\u0131m i\u00e7in ideal, ayn\u0131 zamanda hediye olarak da \u015f\u0131k bir alternatiftir.<\/p>\n","protected":false},"excerpt":{"rendered":"<p>Hem kad\u0131nlar hem de erkekler i\u00e7in uygun olan bu \u00f6zel deri \u00e7antal\u0131 bak\u0131m seti, kapsaml\u0131 i\u00e7eri\u011fiyle ki\u015fisel bak\u0131m\u0131n\u0131z\u0131 kolayla\u015ft\u0131r\u0131r. Paslanmaz \u00e7elikten \u00fcretilmi\u015f par\u00e7alar\u0131 dayan\u0131kl\u0131, keskin ve hijyeniktir. \u0130\u00e7eri\u011finde t\u0131rnak makaslar\u0131, pense, t\u00f6rp\u00fc, c\u0131mb\u0131z, kulak aparat\u0131, manik\u00fcr b\u0131\u00e7a\u011f\u0131, akne i\u011fnesi ve \u00e7ok ama\u00e7l\u0131 makas yer al\u0131r. \u015e\u0131k deri \u00e7antas\u0131 sayesinde t\u00fcm par\u00e7alar d\u00fczenli bir \u015fekilde saklanabilir&#8230;.<\/p>\n","protected":false},"featured_media":115132,"comment_status":"open","ping_status":"closed","template":"","meta":{"_kad_post_transparent":"","_kad_post_title":"","_kad_post_layout":"","_kad_post_sidebar_id":"","_kad_post_content_style":"","_kad_post_vertical_padding":"","_kad_post_feature":"","_kad_post_feature_position":"","_kad_post_header":false,"_kad_post_footer":false,"_kad_post_classname":""},"product_brand":[],"product_cat":[14963],"product_tag":[],"class_list":{"0":"post-115133","1":"product","2":"type-product","3":"status-publish","4":"has-post-thumbnail","6":"product_cat-manikur-ve-pedikur-aletleri-manikur-ve-pedikur-aletleri","8":"first","9":"instock","10":"purchasable","11":"product-type-simple","12":"entry","13":"content-bg","14":"loop-entry"},"_links":{"self":[{"href":"https:\/\/www.hediyepazar.com\/index.php?rest_route=\/wp\/v2\/product\/115133","targetHints":{"allow":["GET"]}}],"collection":[{"href":"https:\/\/www.hediyepazar.com\/index.php?rest_route=\/wp\/v2\/product"}],"about":[{"href":"https:\/\/www.hediyepazar.com\/index.php?rest_route=\/wp\/v2\/types\/product"}],"replies":[{"embeddable":true,"href":"https:\/\/www.hediyepazar.com\/index.php?rest_route=%2Fwp%2Fv2%2Fcomments&post=115133"}],"wp:featuredmedia":[{"embeddable":true,"href":"https:\/\/www.hediyepazar.com\/index.php?rest_route=\/wp\/v2\/media\/115132"}],"wp:attachment":[{"href":"https:\/\/www.hediyepazar.com\/index.php?rest_route=%2Fwp%2Fv2%2Fmedia&parent=115133"}],"wp:term":[{"taxonomy":"product_brand","embeddable":true,"href":"https:\/\/www.hediyepazar.com\/index.php?rest_route=%2Fwp%2Fv2%2Fproduct_brand&post=115133"},{"taxonomy":"product_cat","embeddable":true,"href":"https:\/\/www.hediyepazar.com\/index.php?rest_route=%2Fwp%2Fv2%2Fproduct_cat&post=115133"},{"taxonomy":"product_tag","embeddable":true,"href":"https:\/\/www.hediyepazar.com\/index.php?rest_route=%2Fwp%2Fv2%2Fproduct_tag&post=115133"}],"curies":[{"name":"wp","href":"https:\/\/api.w.org\/{rel}","templated":true}]}}