{"id":115147,"date":"2026-05-05T14:07:14","date_gmt":"2026-05-05T17:07:14","guid":{"rendered":"https:\/\/www.hediyepazar.com\/?product=tasinabilir-deri-kutulu-17-parca-manikur-seti"},"modified":"2026-05-05T14:07:14","modified_gmt":"2026-05-05T17:07:14","slug":"tasinabilir-deri-kutulu-17-parca-manikur-seti","status":"publish","type":"product","link":"https:\/\/www.hediyepazar.com\/?product=tasinabilir-deri-kutulu-17-parca-manikur-seti","title":{"rendered":"Ta\u015f\u0131nabilir Deri Kutulu 17 Par\u00e7a Manik\u00fcr Seti"},"content":{"rendered":"<p>Profesyonel bak\u0131m deneyimini evinize ta\u015f\u0131yan bu 17 par\u00e7al\u0131k manik\u00fcr seti, el ve ayak bak\u0131m\u0131n\u0131z\u0131 eksiksiz yapman\u0131z i\u00e7in tasarlanm\u0131\u015ft\u0131r. Paslanmaz \u00e7elikten \u00fcretilmi\u015f t\u00fcm par\u00e7alar\u0131, uzun \u00f6m\u00fcrl\u00fc kullan\u0131m ve hijyenik temizlik imkan\u0131 sunar. Korozyona dayan\u0131kl\u0131 yap\u0131s\u0131 sayesinde zamanla bozulmaz, keskinli\u011fini korur. Set i\u00e7erisinde b\u00fcy\u00fck, k\u00fc\u00e7\u00fck ve sivri u\u00e7lu t\u0131rnak makaslar\u0131, t\u00f6rp\u00fc, c\u0131mb\u0131z, pedik\u00fcr b\u0131\u00e7aklar\u0131, t\u0131rnak kald\u0131rma aparat\u0131 ve kulak temizleme aparat\u0131 gibi bir\u00e7ok farkl\u0131 alet bulunur. Yeni nesil siyah kaymaz parlatma teknolojisi sayesinde aletler hem \u015f\u0131k bir g\u00f6r\u00fcn\u00fcme sahiptir hem de kolay kavrama sa\u011flar. \u015e\u0131k deri kaplama kutusu, t\u00fcm par\u00e7alar\u0131 d\u00fczenli \u015fekilde saklaman\u0131za yard\u0131mc\u0131 olur. Tek tu\u015fla a\u00e7\u0131labilen bu kutu, hafif ve ta\u015f\u0131nabilir yap\u0131s\u0131yla seyahatlerde de yan\u0131n\u0131zda ta\u015f\u0131nabilir. G\u00fcnl\u00fck kullan\u0131m i\u00e7in pratik, hediye se\u00e7ene\u011fi olarak da \u015f\u0131k bir alternatiftir.<\/p>\n","protected":false},"excerpt":{"rendered":"<p>Profesyonel bak\u0131m deneyimini evinize ta\u015f\u0131yan bu 17 par\u00e7al\u0131k manik\u00fcr seti, el ve ayak bak\u0131m\u0131n\u0131z\u0131 eksiksiz yapman\u0131z i\u00e7in tasarlanm\u0131\u015ft\u0131r. Paslanmaz \u00e7elikten \u00fcretilmi\u015f t\u00fcm par\u00e7alar\u0131, uzun \u00f6m\u00fcrl\u00fc kullan\u0131m ve hijyenik temizlik imkan\u0131 sunar. Korozyona dayan\u0131kl\u0131 yap\u0131s\u0131 sayesinde zamanla bozulmaz, keskinli\u011fini korur. Set i\u00e7erisinde b\u00fcy\u00fck, k\u00fc\u00e7\u00fck ve sivri u\u00e7lu t\u0131rnak makaslar\u0131, t\u00f6rp\u00fc, c\u0131mb\u0131z, pedik\u00fcr b\u0131\u00e7aklar\u0131, t\u0131rnak kald\u0131rma aparat\u0131&#8230;<\/p>\n","protected":false},"featured_media":115146,"comment_status":"open","ping_status":"closed","template":"","meta":{"_kad_post_transparent":"","_kad_post_title":"","_kad_post_layout":"","_kad_post_sidebar_id":"","_kad_post_content_style":"","_kad_post_vertical_padding":"","_kad_post_feature":"","_kad_post_feature_position":"","_kad_post_header":false,"_kad_post_footer":false,"_kad_post_classname":""},"product_brand":[],"product_cat":[14963],"product_tag":[],"class_list":{"0":"post-115147","1":"product","2":"type-product","3":"status-publish","4":"has-post-thumbnail","6":"product_cat-manikur-ve-pedikur-aletleri-manikur-ve-pedikur-aletleri","8":"first","9":"instock","10":"purchasable","11":"product-type-simple","12":"entry","13":"content-bg","14":"loop-entry"},"_links":{"self":[{"href":"https:\/\/www.hediyepazar.com\/index.php?rest_route=\/wp\/v2\/product\/115147","targetHints":{"allow":["GET"]}}],"collection":[{"href":"https:\/\/www.hediyepazar.com\/index.php?rest_route=\/wp\/v2\/product"}],"about":[{"href":"https:\/\/www.hediyepazar.com\/index.php?rest_route=\/wp\/v2\/types\/product"}],"replies":[{"embeddable":true,"href":"https:\/\/www.hediyepazar.com\/index.php?rest_route=%2Fwp%2Fv2%2Fcomments&post=115147"}],"wp:featuredmedia":[{"embeddable":true,"href":"https:\/\/www.hediyepazar.com\/index.php?rest_route=\/wp\/v2\/media\/115146"}],"wp:attachment":[{"href":"https:\/\/www.hediyepazar.com\/index.php?rest_route=%2Fwp%2Fv2%2Fmedia&parent=115147"}],"wp:term":[{"taxonomy":"product_brand","embeddable":true,"href":"https:\/\/www.hediyepazar.com\/index.php?rest_route=%2Fwp%2Fv2%2Fproduct_brand&post=115147"},{"taxonomy":"product_cat","embeddable":true,"href":"https:\/\/www.hediyepazar.com\/index.php?rest_route=%2Fwp%2Fv2%2Fproduct_cat&post=115147"},{"taxonomy":"product_tag","embeddable":true,"href":"https:\/\/www.hediyepazar.com\/index.php?rest_route=%2Fwp%2Fv2%2Fproduct_tag&post=115147"}],"curies":[{"name":"wp","href":"https:\/\/api.w.org\/{rel}","templated":true}]}}