{"id":115153,"date":"2026-05-05T14:09:08","date_gmt":"2026-05-05T17:09:08","guid":{"rendered":"https:\/\/www.hediyepazar.com\/?product=dayanikli-celik-aletlerden-olusan-kisisel-bakim-seti"},"modified":"2026-05-05T14:09:08","modified_gmt":"2026-05-05T17:09:08","slug":"dayanikli-celik-aletlerden-olusan-kisisel-bakim-seti","status":"publish","type":"product","link":"https:\/\/www.hediyepazar.com\/?product=dayanikli-celik-aletlerden-olusan-kisisel-bakim-seti","title":{"rendered":"Dayan\u0131kl\u0131 \u00c7elik Aletlerden Olu\u015fan Ki\u015fisel Bak\u0131m Seti"},"content":{"rendered":"<p>Kompakt tasar\u0131m\u0131 ve \u00e7ok y\u00f6nl\u00fc kullan\u0131m\u0131yla bu ki\u015fisel bak\u0131m seti, hem kad\u0131nlar hem erkekler i\u00e7in ideal bir \u00fcr\u00fcnd\u00fcr. \u0130\u00e7eri\u011finde bulunan t\u0131rnak makas\u0131, ka\u015f makas\u0131, c\u0131mb\u0131z, kulak temizleme aparat\u0131, et t\u0131rnak makas\u0131, et kald\u0131r\u0131c\u0131 ve sivilce temizleyici aparatlar sayesinde ki\u015fisel bak\u0131m\u0131n\u0131z\u0131 eksiksiz \u015fekilde tamamlayabilirsiniz. Paslanmaz \u00e7elikten \u00fcretilmi\u015f olan par\u00e7alar sa\u011flaml\u0131\u011f\u0131yla uzun y\u0131llar kullan\u0131m sunar. \u015e\u0131k \u00e7antas\u0131, hem d\u00fczenli saklama hem de kolay ta\u015f\u0131ma imkan\u0131 sa\u011flar. K\u00fc\u00e7\u00fck boyutlar\u0131 sayesinde \u00e7antan\u0131zda fazla yer kaplamaz ve her yerde kullan\u0131m kolayl\u0131\u011f\u0131 sa\u011flar. G\u00fcnl\u00fck ki\u015fisel bak\u0131m\u0131n\u0131 \u00f6nemseyen herkes i\u00e7in kaliteli ve pratik bir tercihtir.<\/p>\n","protected":false},"excerpt":{"rendered":"<p>Kompakt tasar\u0131m\u0131 ve \u00e7ok y\u00f6nl\u00fc kullan\u0131m\u0131yla bu ki\u015fisel bak\u0131m seti, hem kad\u0131nlar hem erkekler i\u00e7in ideal bir \u00fcr\u00fcnd\u00fcr. \u0130\u00e7eri\u011finde bulunan t\u0131rnak makas\u0131, ka\u015f makas\u0131, c\u0131mb\u0131z, kulak temizleme aparat\u0131, et t\u0131rnak makas\u0131, et kald\u0131r\u0131c\u0131 ve sivilce temizleyici aparatlar sayesinde ki\u015fisel bak\u0131m\u0131n\u0131z\u0131 eksiksiz \u015fekilde tamamlayabilirsiniz. Paslanmaz \u00e7elikten \u00fcretilmi\u015f olan par\u00e7alar sa\u011flaml\u0131\u011f\u0131yla uzun y\u0131llar kullan\u0131m sunar. \u015e\u0131k \u00e7antas\u0131,&#8230;<\/p>\n","protected":false},"featured_media":115152,"comment_status":"open","ping_status":"closed","template":"","meta":{"_kad_post_transparent":"","_kad_post_title":"","_kad_post_layout":"","_kad_post_sidebar_id":"","_kad_post_content_style":"","_kad_post_vertical_padding":"","_kad_post_feature":"","_kad_post_feature_position":"","_kad_post_header":false,"_kad_post_footer":false,"_kad_post_classname":""},"product_brand":[],"product_cat":[14963],"product_tag":[],"class_list":{"0":"post-115153","1":"product","2":"type-product","3":"status-publish","4":"has-post-thumbnail","6":"product_cat-manikur-ve-pedikur-aletleri-manikur-ve-pedikur-aletleri","8":"first","9":"instock","10":"purchasable","11":"product-type-simple","12":"entry","13":"content-bg","14":"loop-entry"},"_links":{"self":[{"href":"https:\/\/www.hediyepazar.com\/index.php?rest_route=\/wp\/v2\/product\/115153","targetHints":{"allow":["GET"]}}],"collection":[{"href":"https:\/\/www.hediyepazar.com\/index.php?rest_route=\/wp\/v2\/product"}],"about":[{"href":"https:\/\/www.hediyepazar.com\/index.php?rest_route=\/wp\/v2\/types\/product"}],"replies":[{"embeddable":true,"href":"https:\/\/www.hediyepazar.com\/index.php?rest_route=%2Fwp%2Fv2%2Fcomments&post=115153"}],"wp:featuredmedia":[{"embeddable":true,"href":"https:\/\/www.hediyepazar.com\/index.php?rest_route=\/wp\/v2\/media\/115152"}],"wp:attachment":[{"href":"https:\/\/www.hediyepazar.com\/index.php?rest_route=%2Fwp%2Fv2%2Fmedia&parent=115153"}],"wp:term":[{"taxonomy":"product_brand","embeddable":true,"href":"https:\/\/www.hediyepazar.com\/index.php?rest_route=%2Fwp%2Fv2%2Fproduct_brand&post=115153"},{"taxonomy":"product_cat","embeddable":true,"href":"https:\/\/www.hediyepazar.com\/index.php?rest_route=%2Fwp%2Fv2%2Fproduct_cat&post=115153"},{"taxonomy":"product_tag","embeddable":true,"href":"https:\/\/www.hediyepazar.com\/index.php?rest_route=%2Fwp%2Fv2%2Fproduct_tag&post=115153"}],"curies":[{"name":"wp","href":"https:\/\/api.w.org\/{rel}","templated":true}]}}