{"id":115164,"date":"2026-05-05T14:17:59","date_gmt":"2026-05-05T17:17:59","guid":{"rendered":"https:\/\/www.hediyepazar.com\/?product=led-ekranli-sarjli-kablosuz-kulak-ici-kulaklik"},"modified":"2026-05-05T14:17:59","modified_gmt":"2026-05-05T17:17:59","slug":"led-ekranli-sarjli-kablosuz-kulak-ici-kulaklik","status":"publish","type":"product","link":"https:\/\/www.hediyepazar.com\/?product=led-ekranli-sarjli-kablosuz-kulak-ici-kulaklik","title":{"rendered":"LED Ekranl\u0131 \u015earjl\u0131 Kablosuz Kulak \u0130\u00e7i Kulakl\u0131k"},"content":{"rendered":"<p>\u015e\u0131k ve modern tasar\u0131ml\u0131 Bluetooth kulakl\u0131k, ta\u015f\u0131nabilir yap\u0131s\u0131yla her an yan\u0131n\u0131zda ta\u015f\u0131yabilece\u011finiz bir cihazd\u0131r. \u015earj kutusu kompakt boyutlar\u0131yla cebinizde veya \u00e7antan\u0131zda kolayca ta\u015f\u0131nabilir. LED ekran g\u00f6stergesi, pil seviyesini anl\u0131k olarak g\u00f6rmenizi sa\u011flar. 2 saatlik h\u0131zl\u0131 \u015farj deste\u011fi ile kulakl\u0131k k\u0131sa s\u00fcrede yeniden kullan\u0131ma haz\u0131r hale gelir. G\u00fcn boyu m\u00fczik keyfi ve sorunsuz g\u00f6r\u00fc\u015fmeler i\u00e7in m\u00fckemmel bir se\u00e7imdir.<\/p>\n","protected":false},"excerpt":{"rendered":"<p>\u015e\u0131k ve modern tasar\u0131ml\u0131 Bluetooth kulakl\u0131k, ta\u015f\u0131nabilir yap\u0131s\u0131yla her an yan\u0131n\u0131zda ta\u015f\u0131yabilece\u011finiz bir cihazd\u0131r. \u015earj kutusu kompakt boyutlar\u0131yla cebinizde veya \u00e7antan\u0131zda kolayca ta\u015f\u0131nabilir. LED ekran g\u00f6stergesi, pil seviyesini anl\u0131k olarak g\u00f6rmenizi sa\u011flar. 2 saatlik h\u0131zl\u0131 \u015farj deste\u011fi ile kulakl\u0131k k\u0131sa s\u00fcrede yeniden kullan\u0131ma haz\u0131r hale gelir. G\u00fcn boyu m\u00fczik keyfi ve sorunsuz g\u00f6r\u00fc\u015fmeler i\u00e7in m\u00fckemmel&#8230;<\/p>\n","protected":false},"featured_media":115163,"comment_status":"open","ping_status":"closed","template":"","meta":{"_kad_post_transparent":"","_kad_post_title":"","_kad_post_layout":"","_kad_post_sidebar_id":"","_kad_post_content_style":"","_kad_post_vertical_padding":"","_kad_post_feature":"","_kad_post_feature_position":"","_kad_post_header":false,"_kad_post_footer":false,"_kad_post_classname":""},"product_brand":[],"product_cat":[14957],"product_tag":[],"class_list":{"0":"post-115164","1":"product","2":"type-product","3":"status-publish","4":"has-post-thumbnail","6":"product_cat-kablosuz-kulaklik-kablosuz-kulaklik","8":"first","9":"instock","10":"purchasable","11":"product-type-simple","12":"entry","13":"content-bg","14":"loop-entry"},"_links":{"self":[{"href":"https:\/\/www.hediyepazar.com\/index.php?rest_route=\/wp\/v2\/product\/115164","targetHints":{"allow":["GET"]}}],"collection":[{"href":"https:\/\/www.hediyepazar.com\/index.php?rest_route=\/wp\/v2\/product"}],"about":[{"href":"https:\/\/www.hediyepazar.com\/index.php?rest_route=\/wp\/v2\/types\/product"}],"replies":[{"embeddable":true,"href":"https:\/\/www.hediyepazar.com\/index.php?rest_route=%2Fwp%2Fv2%2Fcomments&post=115164"}],"wp:featuredmedia":[{"embeddable":true,"href":"https:\/\/www.hediyepazar.com\/index.php?rest_route=\/wp\/v2\/media\/115163"}],"wp:attachment":[{"href":"https:\/\/www.hediyepazar.com\/index.php?rest_route=%2Fwp%2Fv2%2Fmedia&parent=115164"}],"wp:term":[{"taxonomy":"product_brand","embeddable":true,"href":"https:\/\/www.hediyepazar.com\/index.php?rest_route=%2Fwp%2Fv2%2Fproduct_brand&post=115164"},{"taxonomy":"product_cat","embeddable":true,"href":"https:\/\/www.hediyepazar.com\/index.php?rest_route=%2Fwp%2Fv2%2Fproduct_cat&post=115164"},{"taxonomy":"product_tag","embeddable":true,"href":"https:\/\/www.hediyepazar.com\/index.php?rest_route=%2Fwp%2Fv2%2Fproduct_tag&post=115164"}],"curies":[{"name":"wp","href":"https:\/\/api.w.org\/{rel}","templated":true}]}}