{"id":115180,"date":"2026-05-05T14:21:17","date_gmt":"2026-05-05T17:21:17","guid":{"rendered":"https:\/\/www.hediyepazar.com\/?product=arac-icin-eglenceli-led-el-isareti-isigi"},"modified":"2026-05-05T14:21:17","modified_gmt":"2026-05-05T17:21:17","slug":"arac-icin-eglenceli-led-el-isareti-isigi","status":"publish","type":"product","link":"https:\/\/www.hediyepazar.com\/?product=arac-icin-eglenceli-led-el-isareti-isigi","title":{"rendered":"Ara\u00e7 \u0130\u00e7in E\u011flenceli LED El \u0130\u015fareti I\u015f\u0131\u011f\u0131"},"content":{"rendered":"<p>Bu LED jest \u0131\u015f\u0131\u011f\u0131, s\u00fcr\u00fc\u015f s\u0131ras\u0131nda ileti\u015fimi kolayla\u015ft\u0131r\u0131r ve e\u011flenceli hale getirir. \u00dc\u00e7 farkl\u0131 hareket se\u00e7ene\u011fi ile s\u00fcr\u00fcc\u00fclere te\u015fekk\u00fcr edebilir, dost\u00e7a mesaj verebilir veya ho\u015f olmayan davran\u0131\u015flara tepkinizi g\u00f6sterebilirsiniz. Naylon bant ile birka\u00e7 saniyede araca monte edilir, hi\u00e7bir \u015fekilde arac\u0131n\u0131za zarar vermez. Uzaktan kumandas\u0131yla kolayca a\u00e7\u0131l\u0131p kapanabilir, dilerseniz sadece dekoratif ama\u00e7la da kullanabilirsiniz.<\/p>\n","protected":false},"excerpt":{"rendered":"<p>Bu LED jest \u0131\u015f\u0131\u011f\u0131, s\u00fcr\u00fc\u015f s\u0131ras\u0131nda ileti\u015fimi kolayla\u015ft\u0131r\u0131r ve e\u011flenceli hale getirir. \u00dc\u00e7 farkl\u0131 hareket se\u00e7ene\u011fi ile s\u00fcr\u00fcc\u00fclere te\u015fekk\u00fcr edebilir, dost\u00e7a mesaj verebilir veya ho\u015f olmayan davran\u0131\u015flara tepkinizi g\u00f6sterebilirsiniz. Naylon bant ile birka\u00e7 saniyede araca monte edilir, hi\u00e7bir \u015fekilde arac\u0131n\u0131za zarar vermez. Uzaktan kumandas\u0131yla kolayca a\u00e7\u0131l\u0131p kapanabilir, dilerseniz sadece dekoratif ama\u00e7la da kullanabilirsiniz.<\/p>\n","protected":false},"featured_media":115179,"comment_status":"open","ping_status":"closed","template":"","meta":{"_kad_post_transparent":"","_kad_post_title":"","_kad_post_layout":"","_kad_post_sidebar_id":"","_kad_post_content_style":"","_kad_post_vertical_padding":"","_kad_post_feature":"","_kad_post_feature_position":"","_kad_post_header":false,"_kad_post_footer":false,"_kad_post_classname":""},"product_brand":[],"product_cat":[14933],"product_tag":[],"class_list":{"0":"post-115180","1":"product","2":"type-product","3":"status-publish","4":"has-post-thumbnail","6":"product_cat-led-isik-led-isik","8":"first","9":"instock","10":"purchasable","11":"product-type-simple","12":"entry","13":"content-bg","14":"loop-entry"},"_links":{"self":[{"href":"https:\/\/www.hediyepazar.com\/index.php?rest_route=\/wp\/v2\/product\/115180","targetHints":{"allow":["GET"]}}],"collection":[{"href":"https:\/\/www.hediyepazar.com\/index.php?rest_route=\/wp\/v2\/product"}],"about":[{"href":"https:\/\/www.hediyepazar.com\/index.php?rest_route=\/wp\/v2\/types\/product"}],"replies":[{"embeddable":true,"href":"https:\/\/www.hediyepazar.com\/index.php?rest_route=%2Fwp%2Fv2%2Fcomments&post=115180"}],"wp:featuredmedia":[{"embeddable":true,"href":"https:\/\/www.hediyepazar.com\/index.php?rest_route=\/wp\/v2\/media\/115179"}],"wp:attachment":[{"href":"https:\/\/www.hediyepazar.com\/index.php?rest_route=%2Fwp%2Fv2%2Fmedia&parent=115180"}],"wp:term":[{"taxonomy":"product_brand","embeddable":true,"href":"https:\/\/www.hediyepazar.com\/index.php?rest_route=%2Fwp%2Fv2%2Fproduct_brand&post=115180"},{"taxonomy":"product_cat","embeddable":true,"href":"https:\/\/www.hediyepazar.com\/index.php?rest_route=%2Fwp%2Fv2%2Fproduct_cat&post=115180"},{"taxonomy":"product_tag","embeddable":true,"href":"https:\/\/www.hediyepazar.com\/index.php?rest_route=%2Fwp%2Fv2%2Fproduct_tag&post=115180"}],"curies":[{"name":"wp","href":"https:\/\/api.w.org\/{rel}","templated":true}]}}