{"id":115186,"date":"2026-05-05T14:22:15","date_gmt":"2026-05-05T17:22:15","guid":{"rendered":"https:\/\/www.hediyepazar.com\/?product=profesyonel-salon-kalitesinde-sac-ve-sakal-kesme-makinesi"},"modified":"2026-05-05T14:22:15","modified_gmt":"2026-05-05T17:22:15","slug":"profesyonel-salon-kalitesinde-sac-ve-sakal-kesme-makinesi","status":"publish","type":"product","link":"https:\/\/www.hediyepazar.com\/?product=profesyonel-salon-kalitesinde-sac-ve-sakal-kesme-makinesi","title":{"rendered":"Profesyonel Salon Kalitesinde Sa\u00e7 ve Sakal Kesme Makinesi"},"content":{"rendered":"<p>Profesyonel salon kalitesinde bir kesim deneyimi i\u00e7in tasarlanm\u0131\u015f bu sa\u00e7 kesme makinesi, estetik g\u00f6r\u00fcn\u00fcm\u00fc ve g\u00fc\u00e7l\u00fc yap\u0131s\u0131yla \u00f6ne \u00e7\u0131kar. Koyu ye\u015fil metal g\u00f6vde mat dokusu ile premium bir his sunar. Paslanmaz \u00e7elik b\u0131\u00e7aklar uzun s\u00fcre keskinli\u011fini koruyarak p\u00fcr\u00fczs\u00fcz kesim sa\u011flar. 2 saatte tam \u015farj olan bataryas\u0131 3 saat kesintisiz kullan\u0131m sa\u011flar. USB h\u0131zl\u0131 \u015farj \u00f6zelli\u011fi seyahatlerde bile rahat kullan\u0131m imkan\u0131 verir. T\u00fcm g\u00f6vde y\u0131kanabilir, bu da hijyenik kullan\u0131m sa\u011flar. Limit tara\u011f\u0131 se\u00e7enekleri ile farkl\u0131 sa\u00e7 uzunluklar\u0131 kolayca ayarlanabilir.<\/p>\n","protected":false},"excerpt":{"rendered":"<p>Profesyonel salon kalitesinde bir kesim deneyimi i\u00e7in tasarlanm\u0131\u015f bu sa\u00e7 kesme makinesi, estetik g\u00f6r\u00fcn\u00fcm\u00fc ve g\u00fc\u00e7l\u00fc yap\u0131s\u0131yla \u00f6ne \u00e7\u0131kar. Koyu ye\u015fil metal g\u00f6vde mat dokusu ile premium bir his sunar. Paslanmaz \u00e7elik b\u0131\u00e7aklar uzun s\u00fcre keskinli\u011fini koruyarak p\u00fcr\u00fczs\u00fcz kesim sa\u011flar. 2 saatte tam \u015farj olan bataryas\u0131 3 saat kesintisiz kullan\u0131m sa\u011flar. USB h\u0131zl\u0131 \u015farj \u00f6zelli\u011fi&#8230;<\/p>\n","protected":false},"featured_media":115185,"comment_status":"open","ping_status":"closed","template":"","meta":{"_kad_post_transparent":"","_kad_post_title":"","_kad_post_layout":"","_kad_post_sidebar_id":"","_kad_post_content_style":"","_kad_post_vertical_padding":"","_kad_post_feature":"","_kad_post_feature_position":"","_kad_post_header":false,"_kad_post_footer":false,"_kad_post_classname":""},"product_brand":[],"product_cat":[14925],"product_tag":[],"class_list":{"0":"post-115186","1":"product","2":"type-product","3":"status-publish","4":"has-post-thumbnail","6":"product_cat-tiras-makinesi-tiras-makinesi","8":"first","9":"instock","10":"purchasable","11":"product-type-simple","12":"entry","13":"content-bg","14":"loop-entry"},"_links":{"self":[{"href":"https:\/\/www.hediyepazar.com\/index.php?rest_route=\/wp\/v2\/product\/115186","targetHints":{"allow":["GET"]}}],"collection":[{"href":"https:\/\/www.hediyepazar.com\/index.php?rest_route=\/wp\/v2\/product"}],"about":[{"href":"https:\/\/www.hediyepazar.com\/index.php?rest_route=\/wp\/v2\/types\/product"}],"replies":[{"embeddable":true,"href":"https:\/\/www.hediyepazar.com\/index.php?rest_route=%2Fwp%2Fv2%2Fcomments&post=115186"}],"wp:featuredmedia":[{"embeddable":true,"href":"https:\/\/www.hediyepazar.com\/index.php?rest_route=\/wp\/v2\/media\/115185"}],"wp:attachment":[{"href":"https:\/\/www.hediyepazar.com\/index.php?rest_route=%2Fwp%2Fv2%2Fmedia&parent=115186"}],"wp:term":[{"taxonomy":"product_brand","embeddable":true,"href":"https:\/\/www.hediyepazar.com\/index.php?rest_route=%2Fwp%2Fv2%2Fproduct_brand&post=115186"},{"taxonomy":"product_cat","embeddable":true,"href":"https:\/\/www.hediyepazar.com\/index.php?rest_route=%2Fwp%2Fv2%2Fproduct_cat&post=115186"},{"taxonomy":"product_tag","embeddable":true,"href":"https:\/\/www.hediyepazar.com\/index.php?rest_route=%2Fwp%2Fv2%2Fproduct_tag&post=115186"}],"curies":[{"name":"wp","href":"https:\/\/api.w.org\/{rel}","templated":true}]}}