{"id":115216,"date":"2026-05-05T14:27:22","date_gmt":"2026-05-05T17:27:22","guid":{"rendered":"https:\/\/www.hediyepazar.com\/?product=bluetooth-5-0-destekli-yuksek-ses-kaliteli-hoparlor"},"modified":"2026-05-05T14:27:22","modified_gmt":"2026-05-05T17:27:22","slug":"bluetooth-5-0-destekli-yuksek-ses-kaliteli-hoparlor","status":"publish","type":"product","link":"https:\/\/www.hediyepazar.com\/?product=bluetooth-5-0-destekli-yuksek-ses-kaliteli-hoparlor","title":{"rendered":"Bluetooth 5.0 Destekli Y\u00fcksek Ses Kaliteli Hoparl\u00f6r"},"content":{"rendered":"<p>K\u00fc\u00e7\u00fck boyutuna ra\u011fmen g\u00fc\u00e7l\u00fc ses \u00e7\u0131k\u0131\u015f\u0131 sa\u011flayan bu hoparl\u00f6r, \u00e7ift s\u00fcr\u00fcc\u00fcl\u00fc ses sistemi ile tatmin edici bir performans sunar. D\u00fc\u015f\u00fck frekansta tok bass, y\u00fcksek frekansta ise berrak tizler elde edebilirsiniz. Bluetooth ba\u011flant\u0131s\u0131 sayesinde kablosuz kullan\u0131m kolayl\u0131\u011f\u0131 sa\u011flar. Bunun yan\u0131nda USB bellek, SD kart ve AUX giri\u015fleri ile \u00e7oklu ba\u011flant\u0131 se\u00e7enekleri sunar. Uzun pil \u00f6mr\u00fc, kesintisiz m\u00fczik keyfini garanti eder. Kompakt yap\u0131s\u0131 sayesinde her yere kolayca ta\u015f\u0131nabilir.<\/p>\n","protected":false},"excerpt":{"rendered":"<p>K\u00fc\u00e7\u00fck boyutuna ra\u011fmen g\u00fc\u00e7l\u00fc ses \u00e7\u0131k\u0131\u015f\u0131 sa\u011flayan bu hoparl\u00f6r, \u00e7ift s\u00fcr\u00fcc\u00fcl\u00fc ses sistemi ile tatmin edici bir performans sunar. D\u00fc\u015f\u00fck frekansta tok bass, y\u00fcksek frekansta ise berrak tizler elde edebilirsiniz. Bluetooth ba\u011flant\u0131s\u0131 sayesinde kablosuz kullan\u0131m kolayl\u0131\u011f\u0131 sa\u011flar. Bunun yan\u0131nda USB bellek, SD kart ve AUX giri\u015fleri ile \u00e7oklu ba\u011flant\u0131 se\u00e7enekleri sunar. Uzun pil \u00f6mr\u00fc, kesintisiz&#8230;<\/p>\n","protected":false},"featured_media":115215,"comment_status":"open","ping_status":"closed","template":"","meta":{"_kad_post_transparent":"","_kad_post_title":"","_kad_post_layout":"","_kad_post_sidebar_id":"","_kad_post_content_style":"","_kad_post_vertical_padding":"","_kad_post_feature":"","_kad_post_feature_position":"","_kad_post_header":false,"_kad_post_footer":false,"_kad_post_classname":""},"product_brand":[],"product_cat":[14911],"product_tag":[],"class_list":{"0":"post-115216","1":"product","2":"type-product","3":"status-publish","4":"has-post-thumbnail","6":"product_cat-kablosuz-hoparlor-kablosuz-hoparlor","8":"first","9":"instock","10":"purchasable","11":"product-type-simple","12":"entry","13":"content-bg","14":"loop-entry"},"_links":{"self":[{"href":"https:\/\/www.hediyepazar.com\/index.php?rest_route=\/wp\/v2\/product\/115216","targetHints":{"allow":["GET"]}}],"collection":[{"href":"https:\/\/www.hediyepazar.com\/index.php?rest_route=\/wp\/v2\/product"}],"about":[{"href":"https:\/\/www.hediyepazar.com\/index.php?rest_route=\/wp\/v2\/types\/product"}],"replies":[{"embeddable":true,"href":"https:\/\/www.hediyepazar.com\/index.php?rest_route=%2Fwp%2Fv2%2Fcomments&post=115216"}],"wp:featuredmedia":[{"embeddable":true,"href":"https:\/\/www.hediyepazar.com\/index.php?rest_route=\/wp\/v2\/media\/115215"}],"wp:attachment":[{"href":"https:\/\/www.hediyepazar.com\/index.php?rest_route=%2Fwp%2Fv2%2Fmedia&parent=115216"}],"wp:term":[{"taxonomy":"product_brand","embeddable":true,"href":"https:\/\/www.hediyepazar.com\/index.php?rest_route=%2Fwp%2Fv2%2Fproduct_brand&post=115216"},{"taxonomy":"product_cat","embeddable":true,"href":"https:\/\/www.hediyepazar.com\/index.php?rest_route=%2Fwp%2Fv2%2Fproduct_cat&post=115216"},{"taxonomy":"product_tag","embeddable":true,"href":"https:\/\/www.hediyepazar.com\/index.php?rest_route=%2Fwp%2Fv2%2Fproduct_tag&post=115216"}],"curies":[{"name":"wp","href":"https:\/\/api.w.org\/{rel}","templated":true}]}}