{"id":115244,"date":"2026-05-05T14:33:15","date_gmt":"2026-05-05T17:33:15","guid":{"rendered":"https:\/\/www.hediyepazar.com\/?product=sik-tasarimli-aromaterapi-ve-nemlendirici-cihaz"},"modified":"2026-05-05T14:33:15","modified_gmt":"2026-05-05T17:33:15","slug":"sik-tasarimli-aromaterapi-ve-nemlendirici-cihaz","status":"publish","type":"product","link":"https:\/\/www.hediyepazar.com\/?product=sik-tasarimli-aromaterapi-ve-nemlendirici-cihaz","title":{"rendered":"\u015e\u0131k Tasar\u0131ml\u0131 Aromaterapi ve Nemlendirici Cihaz"},"content":{"rendered":"<p>Volkanik nemlendirici, sadece nemlendirme de\u011fil ayn\u0131 zamanda ya\u015fam kalitesini art\u0131ran \u00e7ok y\u00f6nl\u00fc bir cihazd\u0131r. Aromaterapi etkisiyle zihni sakinle\u015ftirir, uykuya dalmay\u0131 kolayla\u015ft\u0131r\u0131r ve odaklanmay\u0131 art\u0131r\u0131r. Modern tasar\u0131m\u0131 sayesinde bulundu\u011fu ortama \u015f\u0131kl\u0131k katar. Hem g\u00fcnl\u00fck kullan\u0131m hem de \u00f6zel g\u00fcnlerde sevdiklerinize hediye edebilece\u011finiz ideal bir \u00fcr\u00fcnd\u00fcr.<\/p>\n","protected":false},"excerpt":{"rendered":"<p>Volkanik nemlendirici, sadece nemlendirme de\u011fil ayn\u0131 zamanda ya\u015fam kalitesini art\u0131ran \u00e7ok y\u00f6nl\u00fc bir cihazd\u0131r. Aromaterapi etkisiyle zihni sakinle\u015ftirir, uykuya dalmay\u0131 kolayla\u015ft\u0131r\u0131r ve odaklanmay\u0131 art\u0131r\u0131r. Modern tasar\u0131m\u0131 sayesinde bulundu\u011fu ortama \u015f\u0131kl\u0131k katar. Hem g\u00fcnl\u00fck kullan\u0131m hem de \u00f6zel g\u00fcnlerde sevdiklerinize hediye edebilece\u011finiz ideal bir \u00fcr\u00fcnd\u00fcr.<\/p>\n","protected":false},"featured_media":115243,"comment_status":"open","ping_status":"closed","template":"","meta":{"_kad_post_transparent":"","_kad_post_title":"","_kad_post_layout":"","_kad_post_sidebar_id":"","_kad_post_content_style":"","_kad_post_vertical_padding":"","_kad_post_feature":"","_kad_post_feature_position":"","_kad_post_header":false,"_kad_post_footer":false,"_kad_post_classname":""},"product_brand":[],"product_cat":[14965],"product_tag":[],"class_list":{"0":"post-115244","1":"product","2":"type-product","3":"status-publish","4":"has-post-thumbnail","6":"product_cat-hava-nemlendirici-hava-nemlendirici","8":"first","9":"instock","10":"purchasable","11":"product-type-simple","12":"entry","13":"content-bg","14":"loop-entry"},"_links":{"self":[{"href":"https:\/\/www.hediyepazar.com\/index.php?rest_route=\/wp\/v2\/product\/115244","targetHints":{"allow":["GET"]}}],"collection":[{"href":"https:\/\/www.hediyepazar.com\/index.php?rest_route=\/wp\/v2\/product"}],"about":[{"href":"https:\/\/www.hediyepazar.com\/index.php?rest_route=\/wp\/v2\/types\/product"}],"replies":[{"embeddable":true,"href":"https:\/\/www.hediyepazar.com\/index.php?rest_route=%2Fwp%2Fv2%2Fcomments&post=115244"}],"wp:featuredmedia":[{"embeddable":true,"href":"https:\/\/www.hediyepazar.com\/index.php?rest_route=\/wp\/v2\/media\/115243"}],"wp:attachment":[{"href":"https:\/\/www.hediyepazar.com\/index.php?rest_route=%2Fwp%2Fv2%2Fmedia&parent=115244"}],"wp:term":[{"taxonomy":"product_brand","embeddable":true,"href":"https:\/\/www.hediyepazar.com\/index.php?rest_route=%2Fwp%2Fv2%2Fproduct_brand&post=115244"},{"taxonomy":"product_cat","embeddable":true,"href":"https:\/\/www.hediyepazar.com\/index.php?rest_route=%2Fwp%2Fv2%2Fproduct_cat&post=115244"},{"taxonomy":"product_tag","embeddable":true,"href":"https:\/\/www.hediyepazar.com\/index.php?rest_route=%2Fwp%2Fv2%2Fproduct_tag&post=115244"}],"curies":[{"name":"wp","href":"https:\/\/api.w.org\/{rel}","templated":true}]}}