{"id":115256,"date":"2026-05-05T14:35:09","date_gmt":"2026-05-05T17:35:09","guid":{"rendered":"https:\/\/www.hediyepazar.com\/?product=hizli-sarjli-bluetooth-ses-alicisi-ev-arac-ve-ofis-icin"},"modified":"2026-05-05T14:35:09","modified_gmt":"2026-05-05T17:35:09","slug":"hizli-sarjli-bluetooth-ses-alicisi-ev-arac-ve-ofis-icin","status":"publish","type":"product","link":"https:\/\/www.hediyepazar.com\/?product=hizli-sarjli-bluetooth-ses-alicisi-ev-arac-ve-ofis-icin","title":{"rendered":"H\u0131zl\u0131 \u015earjl\u0131 Bluetooth Ses Al\u0131c\u0131s\u0131 \u2013 Ev Ara\u00e7 ve Ofis \u0130\u00e7in"},"content":{"rendered":"<p>Bluetooth 4.1 Ses Al\u0131c\u0131s\u0131, modern ya\u015fam\u0131n ihtiya\u00e7lar\u0131na y\u00f6nelik pratik bir \u00e7\u00f6z\u00fcmd\u00fcr. Kablolardan kurtulmak isteyen, eski cihazlar\u0131n\u0131 de\u011ferlendirmek isteyen herkes i\u00e7in uygundur. Uygun fiyatl\u0131 olmas\u0131 sayesinde b\u00fct\u00e7e dostudur.Kullan\u0131m alan\u0131 son derece geni\u015ftir: Evde, arabada, ofiste, d\u0131\u015far\u0131da. Nerede olursan\u0131z olun, birka\u00e7 saniye i\u00e7inde m\u00fczik keyfini kablosuz olarak ya\u015famaya ba\u015flayabilirsiniz. \u015e\u0131k, ta\u015f\u0131nabilir ve dayan\u0131kl\u0131 tasar\u0131m\u0131 ile uzun s\u00fcreli kullan\u0131m i\u00e7in idealdir. Ses kalitesi, kolay kurulumu ve i\u015flevselli\u011fi ile vazge\u00e7ilmez bir aksesuar haline gelir.<\/p>\n","protected":false},"excerpt":{"rendered":"<p>Bluetooth 4.1 Ses Al\u0131c\u0131s\u0131, modern ya\u015fam\u0131n ihtiya\u00e7lar\u0131na y\u00f6nelik pratik bir \u00e7\u00f6z\u00fcmd\u00fcr. Kablolardan kurtulmak isteyen, eski cihazlar\u0131n\u0131 de\u011ferlendirmek isteyen herkes i\u00e7in uygundur. Uygun fiyatl\u0131 olmas\u0131 sayesinde b\u00fct\u00e7e dostudur.Kullan\u0131m alan\u0131 son derece geni\u015ftir: Evde, arabada, ofiste, d\u0131\u015far\u0131da. Nerede olursan\u0131z olun, birka\u00e7 saniye i\u00e7inde m\u00fczik keyfini kablosuz olarak ya\u015famaya ba\u015flayabilirsiniz. \u015e\u0131k, ta\u015f\u0131nabilir ve dayan\u0131kl\u0131 tasar\u0131m\u0131 ile uzun s\u00fcreli&#8230;<\/p>\n","protected":false},"featured_media":115255,"comment_status":"open","ping_status":"closed","template":"","meta":{"_kad_post_transparent":"","_kad_post_title":"","_kad_post_layout":"","_kad_post_sidebar_id":"","_kad_post_content_style":"","_kad_post_vertical_padding":"","_kad_post_feature":"","_kad_post_feature_position":"","_kad_post_header":false,"_kad_post_footer":false,"_kad_post_classname":""},"product_brand":[],"product_cat":[15020],"product_tag":[],"class_list":{"0":"post-115256","1":"product","2":"type-product","3":"status-publish","4":"has-post-thumbnail","6":"product_cat-bluetooth-arac-kiti-bluetooth-arac-kiti","8":"first","9":"instock","10":"purchasable","11":"product-type-simple","12":"entry","13":"content-bg","14":"loop-entry"},"_links":{"self":[{"href":"https:\/\/www.hediyepazar.com\/index.php?rest_route=\/wp\/v2\/product\/115256","targetHints":{"allow":["GET"]}}],"collection":[{"href":"https:\/\/www.hediyepazar.com\/index.php?rest_route=\/wp\/v2\/product"}],"about":[{"href":"https:\/\/www.hediyepazar.com\/index.php?rest_route=\/wp\/v2\/types\/product"}],"replies":[{"embeddable":true,"href":"https:\/\/www.hediyepazar.com\/index.php?rest_route=%2Fwp%2Fv2%2Fcomments&post=115256"}],"wp:featuredmedia":[{"embeddable":true,"href":"https:\/\/www.hediyepazar.com\/index.php?rest_route=\/wp\/v2\/media\/115255"}],"wp:attachment":[{"href":"https:\/\/www.hediyepazar.com\/index.php?rest_route=%2Fwp%2Fv2%2Fmedia&parent=115256"}],"wp:term":[{"taxonomy":"product_brand","embeddable":true,"href":"https:\/\/www.hediyepazar.com\/index.php?rest_route=%2Fwp%2Fv2%2Fproduct_brand&post=115256"},{"taxonomy":"product_cat","embeddable":true,"href":"https:\/\/www.hediyepazar.com\/index.php?rest_route=%2Fwp%2Fv2%2Fproduct_cat&post=115256"},{"taxonomy":"product_tag","embeddable":true,"href":"https:\/\/www.hediyepazar.com\/index.php?rest_route=%2Fwp%2Fv2%2Fproduct_tag&post=115256"}],"curies":[{"name":"wp","href":"https:\/\/api.w.org\/{rel}","templated":true}]}}