{"id":115282,"date":"2026-05-05T14:38:26","date_gmt":"2026-05-05T17:38:26","guid":{"rendered":"https:\/\/www.hediyepazar.com\/?product=modern-tasarimli-cok-fonksiyonlu-kablosuz-sarj-standi"},"modified":"2026-05-05T14:38:26","modified_gmt":"2026-05-05T17:38:26","slug":"modern-tasarimli-cok-fonksiyonlu-kablosuz-sarj-standi","status":"publish","type":"product","link":"https:\/\/www.hediyepazar.com\/?product=modern-tasarimli-cok-fonksiyonlu-kablosuz-sarj-standi","title":{"rendered":"Modern Tasar\u0131ml\u0131 \u00c7ok Fonksiyonlu Kablosuz \u015earj Stand\u0131"},"content":{"rendered":"<p>Kablosuz \u015farj istasyonu, g\u00fc\u00e7l\u00fc performans\u0131 ve estetik tasar\u0131m\u0131yla \u00f6ne \u00e7\u0131kar. 4 cihaz\u0131 ayn\u0131 anda \u015farj edebilme \u00f6zelli\u011fi sayesinde masa\u00fcst\u00fcn\u00fczde d\u00fczen sa\u011flar. Qi uyumlu cihazlarla geni\u015f bir kullan\u0131m alan\u0131 sunar. 15W h\u0131zl\u0131 \u015farj deste\u011fi, telefonlar\u0131n\u0131z\u0131 k\u0131sa s\u00fcrede kullan\u0131ma haz\u0131r hale getirir. A\u015f\u0131r\u0131 y\u00fcklenme ve a\u015f\u0131r\u0131 \u0131s\u0131nmaya kar\u015f\u0131 koruma sa\u011flayarak g\u00fcvenli kullan\u0131m sunar. Kompakt yap\u0131s\u0131, hem ev hem ofis i\u00e7in ideal bir \u00e7\u00f6z\u00fcmd\u00fcr. Seyahatlerde de kolayl\u0131kla ta\u015f\u0131nabilir.<\/p>\n","protected":false},"excerpt":{"rendered":"<p>Kablosuz \u015farj istasyonu, g\u00fc\u00e7l\u00fc performans\u0131 ve estetik tasar\u0131m\u0131yla \u00f6ne \u00e7\u0131kar. 4 cihaz\u0131 ayn\u0131 anda \u015farj edebilme \u00f6zelli\u011fi sayesinde masa\u00fcst\u00fcn\u00fczde d\u00fczen sa\u011flar. Qi uyumlu cihazlarla geni\u015f bir kullan\u0131m alan\u0131 sunar. 15W h\u0131zl\u0131 \u015farj deste\u011fi, telefonlar\u0131n\u0131z\u0131 k\u0131sa s\u00fcrede kullan\u0131ma haz\u0131r hale getirir. A\u015f\u0131r\u0131 y\u00fcklenme ve a\u015f\u0131r\u0131 \u0131s\u0131nmaya kar\u015f\u0131 koruma sa\u011flayarak g\u00fcvenli kullan\u0131m sunar. Kompakt yap\u0131s\u0131, hem ev&#8230;<\/p>\n","protected":false},"featured_media":115281,"comment_status":"open","ping_status":"closed","template":"","meta":{"_kad_post_transparent":"","_kad_post_title":"","_kad_post_layout":"","_kad_post_sidebar_id":"","_kad_post_content_style":"","_kad_post_vertical_padding":"","_kad_post_feature":"","_kad_post_feature_position":"","_kad_post_header":false,"_kad_post_footer":false,"_kad_post_classname":""},"product_brand":[],"product_cat":[14975],"product_tag":[],"class_list":{"0":"post-115282","1":"product","2":"type-product","3":"status-publish","4":"has-post-thumbnail","6":"product_cat-sarj-aletleri-sarj-aletleri","8":"first","9":"instock","10":"purchasable","11":"product-type-simple","12":"entry","13":"content-bg","14":"loop-entry"},"_links":{"self":[{"href":"https:\/\/www.hediyepazar.com\/index.php?rest_route=\/wp\/v2\/product\/115282","targetHints":{"allow":["GET"]}}],"collection":[{"href":"https:\/\/www.hediyepazar.com\/index.php?rest_route=\/wp\/v2\/product"}],"about":[{"href":"https:\/\/www.hediyepazar.com\/index.php?rest_route=\/wp\/v2\/types\/product"}],"replies":[{"embeddable":true,"href":"https:\/\/www.hediyepazar.com\/index.php?rest_route=%2Fwp%2Fv2%2Fcomments&post=115282"}],"wp:featuredmedia":[{"embeddable":true,"href":"https:\/\/www.hediyepazar.com\/index.php?rest_route=\/wp\/v2\/media\/115281"}],"wp:attachment":[{"href":"https:\/\/www.hediyepazar.com\/index.php?rest_route=%2Fwp%2Fv2%2Fmedia&parent=115282"}],"wp:term":[{"taxonomy":"product_brand","embeddable":true,"href":"https:\/\/www.hediyepazar.com\/index.php?rest_route=%2Fwp%2Fv2%2Fproduct_brand&post=115282"},{"taxonomy":"product_cat","embeddable":true,"href":"https:\/\/www.hediyepazar.com\/index.php?rest_route=%2Fwp%2Fv2%2Fproduct_cat&post=115282"},{"taxonomy":"product_tag","embeddable":true,"href":"https:\/\/www.hediyepazar.com\/index.php?rest_route=%2Fwp%2Fv2%2Fproduct_tag&post=115282"}],"curies":[{"name":"wp","href":"https:\/\/api.w.org\/{rel}","templated":true}]}}