{"id":115284,"date":"2026-05-05T14:38:37","date_gmt":"2026-05-05T17:38:37","guid":{"rendered":"https:\/\/www.hediyepazar.com\/?product=qi-destekli-tum-cihazlarla-uyumlu-kablosuz-sarj-unitesi"},"modified":"2026-05-05T14:38:37","modified_gmt":"2026-05-05T17:38:37","slug":"qi-destekli-tum-cihazlarla-uyumlu-kablosuz-sarj-unitesi","status":"publish","type":"product","link":"https:\/\/www.hediyepazar.com\/?product=qi-destekli-tum-cihazlarla-uyumlu-kablosuz-sarj-unitesi","title":{"rendered":"Qi Destekli T\u00fcm Cihazlarla Uyumlu Kablosuz \u015earj \u00dcnitesi"},"content":{"rendered":"<p>Modern ya\u015fam\u0131n vazge\u00e7ilmezi olan kablosuz \u015farj istasyonu, tek noktadan d\u00f6rt cihaz\u0131 birden \u015farj ederek b\u00fcy\u00fck kolayl\u0131k sa\u011flar. Telefonlar, kulakl\u0131klar ve ak\u0131ll\u0131 saatler i\u00e7in uyumluluk sunar. Qi h\u0131zl\u0131 \u015farj deste\u011fi ile cihazlar\u0131n\u0131za k\u0131sa s\u00fcrede enerji kazand\u0131r\u0131r. Ak\u0131ll\u0131 g\u00fcvenlik sistemi, pil \u00f6mr\u00fcn\u00fc koruyarak uzun s\u00fcreli kullan\u0131m sa\u011flar. Minimalist tasar\u0131m\u0131, hem ev hem ofis dekorasyonuna uyum sa\u011flar. Kablo karma\u015fas\u0131na son vererek d\u00fczenli ve estetik bir \u015farj alan\u0131 olu\u015fturur.<\/p>\n","protected":false},"excerpt":{"rendered":"<p>Modern ya\u015fam\u0131n vazge\u00e7ilmezi olan kablosuz \u015farj istasyonu, tek noktadan d\u00f6rt cihaz\u0131 birden \u015farj ederek b\u00fcy\u00fck kolayl\u0131k sa\u011flar. Telefonlar, kulakl\u0131klar ve ak\u0131ll\u0131 saatler i\u00e7in uyumluluk sunar. Qi h\u0131zl\u0131 \u015farj deste\u011fi ile cihazlar\u0131n\u0131za k\u0131sa s\u00fcrede enerji kazand\u0131r\u0131r. Ak\u0131ll\u0131 g\u00fcvenlik sistemi, pil \u00f6mr\u00fcn\u00fc koruyarak uzun s\u00fcreli kullan\u0131m sa\u011flar. Minimalist tasar\u0131m\u0131, hem ev hem ofis dekorasyonuna uyum sa\u011flar. Kablo&#8230;<\/p>\n","protected":false},"featured_media":115283,"comment_status":"open","ping_status":"closed","template":"","meta":{"_kad_post_transparent":"","_kad_post_title":"","_kad_post_layout":"","_kad_post_sidebar_id":"","_kad_post_content_style":"","_kad_post_vertical_padding":"","_kad_post_feature":"","_kad_post_feature_position":"","_kad_post_header":false,"_kad_post_footer":false,"_kad_post_classname":""},"product_brand":[],"product_cat":[14975],"product_tag":[],"class_list":{"0":"post-115284","1":"product","2":"type-product","3":"status-publish","4":"has-post-thumbnail","6":"product_cat-sarj-aletleri-sarj-aletleri","8":"first","9":"instock","10":"purchasable","11":"product-type-simple","12":"entry","13":"content-bg","14":"loop-entry"},"_links":{"self":[{"href":"https:\/\/www.hediyepazar.com\/index.php?rest_route=\/wp\/v2\/product\/115284","targetHints":{"allow":["GET"]}}],"collection":[{"href":"https:\/\/www.hediyepazar.com\/index.php?rest_route=\/wp\/v2\/product"}],"about":[{"href":"https:\/\/www.hediyepazar.com\/index.php?rest_route=\/wp\/v2\/types\/product"}],"replies":[{"embeddable":true,"href":"https:\/\/www.hediyepazar.com\/index.php?rest_route=%2Fwp%2Fv2%2Fcomments&post=115284"}],"wp:featuredmedia":[{"embeddable":true,"href":"https:\/\/www.hediyepazar.com\/index.php?rest_route=\/wp\/v2\/media\/115283"}],"wp:attachment":[{"href":"https:\/\/www.hediyepazar.com\/index.php?rest_route=%2Fwp%2Fv2%2Fmedia&parent=115284"}],"wp:term":[{"taxonomy":"product_brand","embeddable":true,"href":"https:\/\/www.hediyepazar.com\/index.php?rest_route=%2Fwp%2Fv2%2Fproduct_brand&post=115284"},{"taxonomy":"product_cat","embeddable":true,"href":"https:\/\/www.hediyepazar.com\/index.php?rest_route=%2Fwp%2Fv2%2Fproduct_cat&post=115284"},{"taxonomy":"product_tag","embeddable":true,"href":"https:\/\/www.hediyepazar.com\/index.php?rest_route=%2Fwp%2Fv2%2Fproduct_tag&post=115284"}],"curies":[{"name":"wp","href":"https:\/\/api.w.org\/{rel}","templated":true}]}}