{"id":115286,"date":"2026-05-05T14:38:47","date_gmt":"2026-05-05T17:38:47","guid":{"rendered":"https:\/\/www.hediyepazar.com\/?product=iphone-airpods-ve-akilli-saat-uyumlu-coklu-sarj-cihazi"},"modified":"2026-05-05T14:38:47","modified_gmt":"2026-05-05T17:38:47","slug":"iphone-airpods-ve-akilli-saat-uyumlu-coklu-sarj-cihazi","status":"publish","type":"product","link":"https:\/\/www.hediyepazar.com\/?product=iphone-airpods-ve-akilli-saat-uyumlu-coklu-sarj-cihazi","title":{"rendered":"iPhone AirPods ve Ak\u0131ll\u0131 Saat Uyumlu \u00c7oklu \u015earj Cihaz\u0131"},"content":{"rendered":"<p>Kablosuz \u015farj teknolojisini en verimli \u015fekilde kullanabilece\u011finiz bu \u015farj \u00fcnitesi, ayn\u0131 anda birden fazla cihaz\u0131 \u015farj etme \u00f6zelli\u011fi ile dikkat \u00e7eker. Telefon, AirPods ve ak\u0131ll\u0131 saatler i\u00e7in \u00f6zel b\u00f6lmelere sahiptir. 15W h\u0131zl\u0131 \u015farj g\u00fcc\u00fc, zaman kaybetmeden cihazlar\u0131n\u0131z\u0131 haz\u0131r hale getirir. Dayan\u0131kl\u0131 yap\u0131s\u0131 ve \u015f\u0131k tasar\u0131m\u0131yla uzun \u00f6m\u00fcrl\u00fc kullan\u0131m sunar. Ak\u0131ll\u0131 havaland\u0131rma sistemi ile \u0131s\u0131nmay\u0131 \u00f6nler, g\u00fcvenli \u015farj deneyimi sa\u011flar. Masa\u00fcst\u00fc d\u00fczenleyici i\u015fleviyle ya\u015fam alan\u0131n\u0131za estetik katar.<\/p>\n","protected":false},"excerpt":{"rendered":"<p>Kablosuz \u015farj teknolojisini en verimli \u015fekilde kullanabilece\u011finiz bu \u015farj \u00fcnitesi, ayn\u0131 anda birden fazla cihaz\u0131 \u015farj etme \u00f6zelli\u011fi ile dikkat \u00e7eker. Telefon, AirPods ve ak\u0131ll\u0131 saatler i\u00e7in \u00f6zel b\u00f6lmelere sahiptir. 15W h\u0131zl\u0131 \u015farj g\u00fcc\u00fc, zaman kaybetmeden cihazlar\u0131n\u0131z\u0131 haz\u0131r hale getirir. Dayan\u0131kl\u0131 yap\u0131s\u0131 ve \u015f\u0131k tasar\u0131m\u0131yla uzun \u00f6m\u00fcrl\u00fc kullan\u0131m sunar. Ak\u0131ll\u0131 havaland\u0131rma sistemi ile \u0131s\u0131nmay\u0131 \u00f6nler,&#8230;<\/p>\n","protected":false},"featured_media":115285,"comment_status":"open","ping_status":"closed","template":"","meta":{"_kad_post_transparent":"","_kad_post_title":"","_kad_post_layout":"","_kad_post_sidebar_id":"","_kad_post_content_style":"","_kad_post_vertical_padding":"","_kad_post_feature":"","_kad_post_feature_position":"","_kad_post_header":false,"_kad_post_footer":false,"_kad_post_classname":""},"product_brand":[],"product_cat":[14975],"product_tag":[],"class_list":{"0":"post-115286","1":"product","2":"type-product","3":"status-publish","4":"has-post-thumbnail","6":"product_cat-sarj-aletleri-sarj-aletleri","8":"first","9":"instock","10":"purchasable","11":"product-type-simple","12":"entry","13":"content-bg","14":"loop-entry"},"_links":{"self":[{"href":"https:\/\/www.hediyepazar.com\/index.php?rest_route=\/wp\/v2\/product\/115286","targetHints":{"allow":["GET"]}}],"collection":[{"href":"https:\/\/www.hediyepazar.com\/index.php?rest_route=\/wp\/v2\/product"}],"about":[{"href":"https:\/\/www.hediyepazar.com\/index.php?rest_route=\/wp\/v2\/types\/product"}],"replies":[{"embeddable":true,"href":"https:\/\/www.hediyepazar.com\/index.php?rest_route=%2Fwp%2Fv2%2Fcomments&post=115286"}],"wp:featuredmedia":[{"embeddable":true,"href":"https:\/\/www.hediyepazar.com\/index.php?rest_route=\/wp\/v2\/media\/115285"}],"wp:attachment":[{"href":"https:\/\/www.hediyepazar.com\/index.php?rest_route=%2Fwp%2Fv2%2Fmedia&parent=115286"}],"wp:term":[{"taxonomy":"product_brand","embeddable":true,"href":"https:\/\/www.hediyepazar.com\/index.php?rest_route=%2Fwp%2Fv2%2Fproduct_brand&post=115286"},{"taxonomy":"product_cat","embeddable":true,"href":"https:\/\/www.hediyepazar.com\/index.php?rest_route=%2Fwp%2Fv2%2Fproduct_cat&post=115286"},{"taxonomy":"product_tag","embeddable":true,"href":"https:\/\/www.hediyepazar.com\/index.php?rest_route=%2Fwp%2Fv2%2Fproduct_tag&post=115286"}],"curies":[{"name":"wp","href":"https:\/\/api.w.org\/{rel}","templated":true}]}}