{"id":115306,"date":"2026-05-05T14:41:18","date_gmt":"2026-05-05T17:41:18","guid":{"rendered":"https:\/\/www.hediyepazar.com\/?product=manyetik-montajli-dijital-ekranli-telefon-sogutucu"},"modified":"2026-05-05T14:41:18","modified_gmt":"2026-05-05T17:41:18","slug":"manyetik-montajli-dijital-ekranli-telefon-sogutucu","status":"publish","type":"product","link":"https:\/\/www.hediyepazar.com\/?product=manyetik-montajli-dijital-ekranli-telefon-sogutucu","title":{"rendered":"Manyetik Montajl\u0131 Dijital Ekranl\u0131 Telefon So\u011futucu"},"content":{"rendered":"<p>Y\u00fcksek performansl\u0131 telefon so\u011futucu, mobil cihazlar\u0131n a\u015f\u0131r\u0131 \u0131s\u0131nma sorununa profesyonel \u00e7\u00f6z\u00fcm sunar. TEC \u00e7ip teknolojisi, cihaz\u0131n y\u00fczey s\u0131cakl\u0131\u011f\u0131n\u0131 h\u0131zla d\u00fc\u015f\u00fcrerek stabil performans sa\u011flar. 7 kanatl\u0131 vortex fan tasar\u0131m\u0131, g\u00fc\u00e7l\u00fc hava ak\u0131\u015f\u0131 ile verimli so\u011futma performans\u0131 sunar.Manyetik montaj sistemi, cihaz\u0131n telefonunuza s\u0131k\u0131ca tutunmas\u0131n\u0131 sa\u011flar. Kompakt boyutlar\u0131 sayesinde oyun oynarken veya video izlerken telefonun dengesini bozmaz. RGB \u0131\u015f\u0131kland\u0131rma ve dijital ekran, hem \u015f\u0131k bir g\u00f6r\u00fcn\u00fcm hem de kullan\u0131m kolayl\u0131\u011f\u0131 kazand\u0131r\u0131r.\u00c7ift \u00e7al\u0131\u015fma modu sayesinde farkl\u0131 kullan\u0131m senaryolar\u0131na uyum sa\u011flar. Standart modda pil g\u00fcc\u00fc ile ta\u015f\u0131nabilirlik \u00f6n plandayken, AI modunda adapt\u00f6r ba\u011flant\u0131s\u0131yla kesintisiz so\u011futma yap\u0131labilir. ABS + al\u00fcminyum g\u00f6vde yap\u0131s\u0131 dayan\u0131kl\u0131l\u0131k sa\u011flarken, yaln\u0131zca 120 graml\u0131k hafifli\u011fi ile konforlu kullan\u0131m sunar.<\/p>\n","protected":false},"excerpt":{"rendered":"<p>Y\u00fcksek performansl\u0131 telefon so\u011futucu, mobil cihazlar\u0131n a\u015f\u0131r\u0131 \u0131s\u0131nma sorununa profesyonel \u00e7\u00f6z\u00fcm sunar. TEC \u00e7ip teknolojisi, cihaz\u0131n y\u00fczey s\u0131cakl\u0131\u011f\u0131n\u0131 h\u0131zla d\u00fc\u015f\u00fcrerek stabil performans sa\u011flar. 7 kanatl\u0131 vortex fan tasar\u0131m\u0131, g\u00fc\u00e7l\u00fc hava ak\u0131\u015f\u0131 ile verimli so\u011futma performans\u0131 sunar.Manyetik montaj sistemi, cihaz\u0131n telefonunuza s\u0131k\u0131ca tutunmas\u0131n\u0131 sa\u011flar. Kompakt boyutlar\u0131 sayesinde oyun oynarken veya video izlerken telefonun dengesini bozmaz. RGB&#8230;<\/p>\n","protected":false},"featured_media":115305,"comment_status":"open","ping_status":"closed","template":"","meta":{"_kad_post_transparent":"","_kad_post_title":"","_kad_post_layout":"","_kad_post_sidebar_id":"","_kad_post_content_style":"","_kad_post_vertical_padding":"","_kad_post_feature":"","_kad_post_feature_position":"","_kad_post_header":false,"_kad_post_footer":false,"_kad_post_classname":""},"product_brand":[],"product_cat":[14991],"product_tag":[],"class_list":{"0":"post-115306","1":"product","2":"type-product","3":"status-publish","4":"has-post-thumbnail","6":"product_cat-mobil-oyun-aksesuar-mobil-oyun-aksesuar","8":"first","9":"instock","10":"purchasable","11":"product-type-simple","12":"entry","13":"content-bg","14":"loop-entry"},"_links":{"self":[{"href":"https:\/\/www.hediyepazar.com\/index.php?rest_route=\/wp\/v2\/product\/115306","targetHints":{"allow":["GET"]}}],"collection":[{"href":"https:\/\/www.hediyepazar.com\/index.php?rest_route=\/wp\/v2\/product"}],"about":[{"href":"https:\/\/www.hediyepazar.com\/index.php?rest_route=\/wp\/v2\/types\/product"}],"replies":[{"embeddable":true,"href":"https:\/\/www.hediyepazar.com\/index.php?rest_route=%2Fwp%2Fv2%2Fcomments&post=115306"}],"wp:featuredmedia":[{"embeddable":true,"href":"https:\/\/www.hediyepazar.com\/index.php?rest_route=\/wp\/v2\/media\/115305"}],"wp:attachment":[{"href":"https:\/\/www.hediyepazar.com\/index.php?rest_route=%2Fwp%2Fv2%2Fmedia&parent=115306"}],"wp:term":[{"taxonomy":"product_brand","embeddable":true,"href":"https:\/\/www.hediyepazar.com\/index.php?rest_route=%2Fwp%2Fv2%2Fproduct_brand&post=115306"},{"taxonomy":"product_cat","embeddable":true,"href":"https:\/\/www.hediyepazar.com\/index.php?rest_route=%2Fwp%2Fv2%2Fproduct_cat&post=115306"},{"taxonomy":"product_tag","embeddable":true,"href":"https:\/\/www.hediyepazar.com\/index.php?rest_route=%2Fwp%2Fv2%2Fproduct_tag&post=115306"}],"curies":[{"name":"wp","href":"https:\/\/api.w.org\/{rel}","templated":true}]}}