{"id":115338,"date":"2026-05-05T14:43:22","date_gmt":"2026-05-05T17:43:22","guid":{"rendered":"https:\/\/www.hediyepazar.com\/?product=80w-kablosuz-dijital-ekranli-tasinabilir-lastik-sisirme-pompasi"},"modified":"2026-05-05T14:43:22","modified_gmt":"2026-05-05T17:43:22","slug":"80w-kablosuz-dijital-ekranli-tasinabilir-lastik-sisirme-pompasi","status":"publish","type":"product","link":"https:\/\/www.hediyepazar.com\/?product=80w-kablosuz-dijital-ekranli-tasinabilir-lastik-sisirme-pompasi","title":{"rendered":"80W Kablosuz Dijital Ekranl\u0131 Ta\u015f\u0131nabilir Lastik \u015ei\u015firme Pompas\u0131"},"content":{"rendered":"<p>Kablosuz ta\u015f\u0131nabilir lastik \u015fi\u015firme pompas\u0131, s\u00fcr\u00fcc\u00fcler i\u00e7in g\u00fcvenli\u011fi ve pratikli\u011fi bir araya getirir. 80W g\u00fcc\u00fcndeki motoru sayesinde h\u0131zl\u0131 \u015fi\u015firme yapabilen bu cihaz, arabalar, motosikletler, bisikletler ve toplar i\u00e7in uygundur. Kompakt ve hafif yap\u0131s\u0131 ile arac\u0131n\u0131zda, \u00e7antan\u0131zda veya garaj\u0131n\u0131zda kolayca saklanabilir.Dijital ekranl\u0131 kontrol paneli, bas\u0131n\u00e7 de\u011ferlerini net \u015fekilde g\u00f6r\u00fcnt\u00fclemenizi sa\u011flar. \u00d6nceden ayarlanan de\u011fere ula\u015f\u0131ld\u0131\u011f\u0131nda cihaz otomatik olarak durur, b\u00f6ylece fazla \u015fi\u015firme riskini ortadan kald\u0131r\u0131r. D\u00f6rt farkl\u0131 mod se\u00e7ene\u011fi ile ihtiyac\u0131n\u0131za uygun kullan\u0131m sunar.LED ayd\u0131nlatma fonksiyonu sayesinde gece veya d\u00fc\u015f\u00fck \u0131\u015f\u0131kta g\u00fcvenli kullan\u0131m m\u00fcmk\u00fcnd\u00fcr. Ayr\u0131ca SOS yard\u0131m \u0131\u015f\u0131\u011f\u0131, acil durumlarda dikkat \u00e7ekmenize yard\u0131mc\u0131 olur. Dayan\u0131kl\u0131 g\u00f6vdesi, naylon \u00f6rg\u00fc g\u00fc\u00e7lendirmesi ile uzun \u00f6m\u00fcrl\u00fcd\u00fcr.12V uyumlu bu cihaz, kablosuz kullan\u0131m\u0131yla kablo karma\u015fas\u0131na son verir. Kamp, tatil veya uzun yolculuklarda yan\u0131n\u0131zda ta\u015f\u0131yarak her an g\u00fcvenle kullanabilirsiniz.<\/p>\n","protected":false},"excerpt":{"rendered":"<p>Kablosuz ta\u015f\u0131nabilir lastik \u015fi\u015firme pompas\u0131, s\u00fcr\u00fcc\u00fcler i\u00e7in g\u00fcvenli\u011fi ve pratikli\u011fi bir araya getirir. 80W g\u00fcc\u00fcndeki motoru sayesinde h\u0131zl\u0131 \u015fi\u015firme yapabilen bu cihaz, arabalar, motosikletler, bisikletler ve toplar i\u00e7in uygundur. Kompakt ve hafif yap\u0131s\u0131 ile arac\u0131n\u0131zda, \u00e7antan\u0131zda veya garaj\u0131n\u0131zda kolayca saklanabilir.Dijital ekranl\u0131 kontrol paneli, bas\u0131n\u00e7 de\u011ferlerini net \u015fekilde g\u00f6r\u00fcnt\u00fclemenizi sa\u011flar. \u00d6nceden ayarlanan de\u011fere ula\u015f\u0131ld\u0131\u011f\u0131nda cihaz otomatik&#8230;<\/p>\n","protected":false},"featured_media":115337,"comment_status":"open","ping_status":"closed","template":"","meta":{"_kad_post_transparent":"","_kad_post_title":"","_kad_post_layout":"","_kad_post_sidebar_id":"","_kad_post_content_style":"","_kad_post_vertical_padding":"","_kad_post_feature":"","_kad_post_feature_position":"","_kad_post_header":false,"_kad_post_footer":false,"_kad_post_classname":""},"product_brand":[],"product_cat":[15053],"product_tag":[],"class_list":{"0":"post-115338","1":"product","2":"type-product","3":"status-publish","4":"has-post-thumbnail","6":"product_cat-oto-bakim-seti-oto-bakim-seti-2","8":"first","9":"instock","10":"purchasable","11":"product-type-simple","12":"entry","13":"content-bg","14":"loop-entry"},"_links":{"self":[{"href":"https:\/\/www.hediyepazar.com\/index.php?rest_route=\/wp\/v2\/product\/115338","targetHints":{"allow":["GET"]}}],"collection":[{"href":"https:\/\/www.hediyepazar.com\/index.php?rest_route=\/wp\/v2\/product"}],"about":[{"href":"https:\/\/www.hediyepazar.com\/index.php?rest_route=\/wp\/v2\/types\/product"}],"replies":[{"embeddable":true,"href":"https:\/\/www.hediyepazar.com\/index.php?rest_route=%2Fwp%2Fv2%2Fcomments&post=115338"}],"wp:featuredmedia":[{"embeddable":true,"href":"https:\/\/www.hediyepazar.com\/index.php?rest_route=\/wp\/v2\/media\/115337"}],"wp:attachment":[{"href":"https:\/\/www.hediyepazar.com\/index.php?rest_route=%2Fwp%2Fv2%2Fmedia&parent=115338"}],"wp:term":[{"taxonomy":"product_brand","embeddable":true,"href":"https:\/\/www.hediyepazar.com\/index.php?rest_route=%2Fwp%2Fv2%2Fproduct_brand&post=115338"},{"taxonomy":"product_cat","embeddable":true,"href":"https:\/\/www.hediyepazar.com\/index.php?rest_route=%2Fwp%2Fv2%2Fproduct_cat&post=115338"},{"taxonomy":"product_tag","embeddable":true,"href":"https:\/\/www.hediyepazar.com\/index.php?rest_route=%2Fwp%2Fv2%2Fproduct_tag&post=115338"}],"curies":[{"name":"wp","href":"https:\/\/api.w.org\/{rel}","templated":true}]}}