{"id":115350,"date":"2026-05-05T14:45:59","date_gmt":"2026-05-05T17:45:59","guid":{"rendered":"https:\/\/www.hediyepazar.com\/?product=cok-fonksiyonlu-arac-bisiklet-top-uyumlu-elektrikli-hava-pompasi"},"modified":"2026-05-05T14:45:59","modified_gmt":"2026-05-05T17:45:59","slug":"cok-fonksiyonlu-arac-bisiklet-top-uyumlu-elektrikli-hava-pompasi","status":"publish","type":"product","link":"https:\/\/www.hediyepazar.com\/?product=cok-fonksiyonlu-arac-bisiklet-top-uyumlu-elektrikli-hava-pompasi","title":{"rendered":"\u00c7ok Fonksiyonlu Ara\u00e7 Bisiklet Top Uyumlu Elektrikli Hava Pompas\u0131"},"content":{"rendered":"<p>Ak\u0131ll\u0131 s\u0131cakl\u0131k kontrol \u00e7ipi ve a\u015f\u0131r\u0131 y\u00fck koruma sistemi ile g\u00fcvenli kullan\u0131m sunan bu kablosuz hava pompas\u0131, lastiklerinizi h\u0131zl\u0131 ve g\u00fcvenilir \u015fekilde \u015fi\u015firir. 150 PSI bas\u0131n\u00e7 kapasitesi ile en zorlu lastikleri bile kolayca doldurur. Hafif (450 gr) ve kompakt yap\u0131s\u0131 ile ta\u015f\u0131maya uygundur. Tam ekran LED g\u00f6stergesi sayesinde \u015fi\u015firme bas\u0131nc\u0131n\u0131 anl\u0131k takip edebilirsiniz. \u00d6nceden ayarlanabilir bas\u0131n\u00e7 \u00f6zelli\u011fi ile lastiklerinizi ihtiyac\u0131n\u0131za g\u00f6re g\u00fcvenle \u015fi\u015firirsiniz. ABS malzemeden \u00fcretilmi\u015f sa\u011flam g\u00f6vdesi sayesinde uzun \u00f6m\u00fcrl\u00fc kullan\u0131m sa\u011flar.<\/p>\n","protected":false},"excerpt":{"rendered":"<p>Ak\u0131ll\u0131 s\u0131cakl\u0131k kontrol \u00e7ipi ve a\u015f\u0131r\u0131 y\u00fck koruma sistemi ile g\u00fcvenli kullan\u0131m sunan bu kablosuz hava pompas\u0131, lastiklerinizi h\u0131zl\u0131 ve g\u00fcvenilir \u015fekilde \u015fi\u015firir. 150 PSI bas\u0131n\u00e7 kapasitesi ile en zorlu lastikleri bile kolayca doldurur. Hafif (450 gr) ve kompakt yap\u0131s\u0131 ile ta\u015f\u0131maya uygundur. Tam ekran LED g\u00f6stergesi sayesinde \u015fi\u015firme bas\u0131nc\u0131n\u0131 anl\u0131k takip edebilirsiniz. \u00d6nceden ayarlanabilir&#8230;<\/p>\n","protected":false},"featured_media":115349,"comment_status":"open","ping_status":"closed","template":"","meta":{"_kad_post_transparent":"","_kad_post_title":"","_kad_post_layout":"","_kad_post_sidebar_id":"","_kad_post_content_style":"","_kad_post_vertical_padding":"","_kad_post_feature":"","_kad_post_feature_position":"","_kad_post_header":false,"_kad_post_footer":false,"_kad_post_classname":""},"product_brand":[],"product_cat":[15053],"product_tag":[],"class_list":{"0":"post-115350","1":"product","2":"type-product","3":"status-publish","4":"has-post-thumbnail","6":"product_cat-oto-bakim-seti-oto-bakim-seti-2","8":"first","9":"instock","10":"purchasable","11":"product-type-simple","12":"entry","13":"content-bg","14":"loop-entry"},"_links":{"self":[{"href":"https:\/\/www.hediyepazar.com\/index.php?rest_route=\/wp\/v2\/product\/115350","targetHints":{"allow":["GET"]}}],"collection":[{"href":"https:\/\/www.hediyepazar.com\/index.php?rest_route=\/wp\/v2\/product"}],"about":[{"href":"https:\/\/www.hediyepazar.com\/index.php?rest_route=\/wp\/v2\/types\/product"}],"replies":[{"embeddable":true,"href":"https:\/\/www.hediyepazar.com\/index.php?rest_route=%2Fwp%2Fv2%2Fcomments&post=115350"}],"wp:featuredmedia":[{"embeddable":true,"href":"https:\/\/www.hediyepazar.com\/index.php?rest_route=\/wp\/v2\/media\/115349"}],"wp:attachment":[{"href":"https:\/\/www.hediyepazar.com\/index.php?rest_route=%2Fwp%2Fv2%2Fmedia&parent=115350"}],"wp:term":[{"taxonomy":"product_brand","embeddable":true,"href":"https:\/\/www.hediyepazar.com\/index.php?rest_route=%2Fwp%2Fv2%2Fproduct_brand&post=115350"},{"taxonomy":"product_cat","embeddable":true,"href":"https:\/\/www.hediyepazar.com\/index.php?rest_route=%2Fwp%2Fv2%2Fproduct_cat&post=115350"},{"taxonomy":"product_tag","embeddable":true,"href":"https:\/\/www.hediyepazar.com\/index.php?rest_route=%2Fwp%2Fv2%2Fproduct_tag&post=115350"}],"curies":[{"name":"wp","href":"https:\/\/api.w.org\/{rel}","templated":true}]}}