{"id":115374,"date":"2026-05-05T14:48:36","date_gmt":"2026-05-05T17:48:36","guid":{"rendered":"https:\/\/www.hediyepazar.com\/?product=salon-kalitesinde-sac-bakimi-sunan-sekillendirici-firca"},"modified":"2026-05-05T14:48:36","modified_gmt":"2026-05-05T17:48:36","slug":"salon-kalitesinde-sac-bakimi-sunan-sekillendirici-firca","status":"publish","type":"product","link":"https:\/\/www.hediyepazar.com\/?product=salon-kalitesinde-sac-bakimi-sunan-sekillendirici-firca","title":{"rendered":"Salon Kalitesinde Sa\u00e7 Bak\u0131m\u0131 Sunan \u015eekillendirici F\u0131r\u00e7a"},"content":{"rendered":"<p>K\u0131sa s\u00fcrede salon kalitesinde sa\u00e7lara kavu\u015fmak i\u00e7in tasarlanan bu s\u0131cak hava f\u0131r\u00e7as\u0131, g\u00fc\u00e7l\u00fc motoru ile h\u0131zl\u0131 kurutma yapar. Elektriklenme kar\u015f\u0131t\u0131 iyon teknolojisi sayesinde sa\u00e7lar\u0131n\u0131z daha parlak ve p\u00fcr\u00fczs\u00fcz g\u00f6r\u00fcn\u00fcr. Ergonomik g\u00f6vde tasar\u0131m\u0131 kolay kavrama sa\u011flar. Seyahatlerde yan\u0131n\u0131zda ta\u015f\u0131mak i\u00e7in idealdir.<\/p>\n","protected":false},"excerpt":{"rendered":"<p>K\u0131sa s\u00fcrede salon kalitesinde sa\u00e7lara kavu\u015fmak i\u00e7in tasarlanan bu s\u0131cak hava f\u0131r\u00e7as\u0131, g\u00fc\u00e7l\u00fc motoru ile h\u0131zl\u0131 kurutma yapar. Elektriklenme kar\u015f\u0131t\u0131 iyon teknolojisi sayesinde sa\u00e7lar\u0131n\u0131z daha parlak ve p\u00fcr\u00fczs\u00fcz g\u00f6r\u00fcn\u00fcr. Ergonomik g\u00f6vde tasar\u0131m\u0131 kolay kavrama sa\u011flar. Seyahatlerde yan\u0131n\u0131zda ta\u015f\u0131mak i\u00e7in idealdir.<\/p>\n","protected":false},"featured_media":115373,"comment_status":"open","ping_status":"closed","template":"","meta":{"_kad_post_transparent":"","_kad_post_title":"","_kad_post_layout":"","_kad_post_sidebar_id":"","_kad_post_content_style":"","_kad_post_vertical_padding":"","_kad_post_feature":"","_kad_post_feature_position":"","_kad_post_header":false,"_kad_post_footer":false,"_kad_post_classname":""},"product_brand":[],"product_cat":[14907],"product_tag":[],"class_list":{"0":"post-115374","1":"product","2":"type-product","3":"status-publish","4":"has-post-thumbnail","6":"product_cat-sac-masasi-sac-masasi","8":"first","9":"instock","10":"purchasable","11":"product-type-simple","12":"entry","13":"content-bg","14":"loop-entry"},"_links":{"self":[{"href":"https:\/\/www.hediyepazar.com\/index.php?rest_route=\/wp\/v2\/product\/115374","targetHints":{"allow":["GET"]}}],"collection":[{"href":"https:\/\/www.hediyepazar.com\/index.php?rest_route=\/wp\/v2\/product"}],"about":[{"href":"https:\/\/www.hediyepazar.com\/index.php?rest_route=\/wp\/v2\/types\/product"}],"replies":[{"embeddable":true,"href":"https:\/\/www.hediyepazar.com\/index.php?rest_route=%2Fwp%2Fv2%2Fcomments&post=115374"}],"wp:featuredmedia":[{"embeddable":true,"href":"https:\/\/www.hediyepazar.com\/index.php?rest_route=\/wp\/v2\/media\/115373"}],"wp:attachment":[{"href":"https:\/\/www.hediyepazar.com\/index.php?rest_route=%2Fwp%2Fv2%2Fmedia&parent=115374"}],"wp:term":[{"taxonomy":"product_brand","embeddable":true,"href":"https:\/\/www.hediyepazar.com\/index.php?rest_route=%2Fwp%2Fv2%2Fproduct_brand&post=115374"},{"taxonomy":"product_cat","embeddable":true,"href":"https:\/\/www.hediyepazar.com\/index.php?rest_route=%2Fwp%2Fv2%2Fproduct_cat&post=115374"},{"taxonomy":"product_tag","embeddable":true,"href":"https:\/\/www.hediyepazar.com\/index.php?rest_route=%2Fwp%2Fv2%2Fproduct_tag&post=115374"}],"curies":[{"name":"wp","href":"https:\/\/api.w.org\/{rel}","templated":true}]}}