{"id":115392,"date":"2026-05-05T14:50:05","date_gmt":"2026-05-05T17:50:05","guid":{"rendered":"https:\/\/www.hediyepazar.com\/?product=1800-mah-bataryali-uzun-kullanim-sureli-sarjli-tiras-makinesi"},"modified":"2026-05-05T14:50:05","modified_gmt":"2026-05-05T17:50:05","slug":"1800-mah-bataryali-uzun-kullanim-sureli-sarjli-tiras-makinesi","status":"publish","type":"product","link":"https:\/\/www.hediyepazar.com\/?product=1800-mah-bataryali-uzun-kullanim-sureli-sarjli-tiras-makinesi","title":{"rendered":"1800 mAh Bataryal\u0131 Uzun Kullan\u0131m S\u00fcreli \u015earjl\u0131 T\u0131ra\u015f Makinesi"},"content":{"rendered":"<p>G\u00fcnl\u00fck ki\u015fisel bak\u0131m\u0131n\u0131z\u0131 profesyonel seviyeye ta\u015f\u0131yan bu \u015farjl\u0131 t\u0131ra\u015f makinesi, \u00e7ok y\u00f6nl\u00fc kullan\u0131m imk\u00e2n\u0131 sunar. Sa\u00e7, sakal, b\u0131y\u0131k ve v\u00fccut t\u0131ra\u015f\u0131nda etkili performans g\u00f6sterir. 1800 mAh pil kapasitesi ile 2.5 saatte tam \u015farj olur ve 300 dakikaya kadar kullan\u0131m sa\u011flar. Type-C ba\u011flant\u0131s\u0131 sayesinde modern \u015farj kolayl\u0131\u011f\u0131 sunarken, kutu i\u00e7erisinden \u00e7\u0131kan adapt\u00f6r pratik bir \u00e7\u00f6z\u00fcm sa\u011flar. LCD ekran g\u00f6stergesi, \u015farj seviyesini ve kullan\u0131m durumunu takip etmenizi kolayla\u015ft\u0131r\u0131r. De\u011fi\u015ftirilebilir kesim ba\u015fl\u0131klar\u0131, istedi\u011finiz sa\u00e7 ve sakal uzunlu\u011funu elde etmenizi sa\u011flar. G\u00fc\u00e7l\u00fc motoru sayesinde kal\u0131n ve sert k\u0131llar\u0131 bile kolayca keser. Ergonomik ve hafif yap\u0131s\u0131 sayesinde uzun s\u00fcreli kullan\u0131mlarda elinizi yormaz. Ta\u015f\u0131nabilir tasar\u0131m\u0131 ile seyahatlerde de yan\u0131n\u0131zdan ay\u0131rmak istemeyece\u011finiz bir bak\u0131m arac\u0131d\u0131r.<\/p>\n","protected":false},"excerpt":{"rendered":"<p>G\u00fcnl\u00fck ki\u015fisel bak\u0131m\u0131n\u0131z\u0131 profesyonel seviyeye ta\u015f\u0131yan bu \u015farjl\u0131 t\u0131ra\u015f makinesi, \u00e7ok y\u00f6nl\u00fc kullan\u0131m imk\u00e2n\u0131 sunar. Sa\u00e7, sakal, b\u0131y\u0131k ve v\u00fccut t\u0131ra\u015f\u0131nda etkili performans g\u00f6sterir. 1800 mAh pil kapasitesi ile 2.5 saatte tam \u015farj olur ve 300 dakikaya kadar kullan\u0131m sa\u011flar. Type-C ba\u011flant\u0131s\u0131 sayesinde modern \u015farj kolayl\u0131\u011f\u0131 sunarken, kutu i\u00e7erisinden \u00e7\u0131kan adapt\u00f6r pratik bir \u00e7\u00f6z\u00fcm sa\u011flar&#8230;.<\/p>\n","protected":false},"featured_media":115391,"comment_status":"open","ping_status":"closed","template":"","meta":{"_kad_post_transparent":"","_kad_post_title":"","_kad_post_layout":"","_kad_post_sidebar_id":"","_kad_post_content_style":"","_kad_post_vertical_padding":"","_kad_post_feature":"","_kad_post_feature_position":"","_kad_post_header":false,"_kad_post_footer":false,"_kad_post_classname":""},"product_brand":[],"product_cat":[14925],"product_tag":[],"class_list":{"0":"post-115392","1":"product","2":"type-product","3":"status-publish","4":"has-post-thumbnail","6":"product_cat-tiras-makinesi-tiras-makinesi","8":"first","9":"instock","10":"purchasable","11":"product-type-simple","12":"entry","13":"content-bg","14":"loop-entry"},"_links":{"self":[{"href":"https:\/\/www.hediyepazar.com\/index.php?rest_route=\/wp\/v2\/product\/115392","targetHints":{"allow":["GET"]}}],"collection":[{"href":"https:\/\/www.hediyepazar.com\/index.php?rest_route=\/wp\/v2\/product"}],"about":[{"href":"https:\/\/www.hediyepazar.com\/index.php?rest_route=\/wp\/v2\/types\/product"}],"replies":[{"embeddable":true,"href":"https:\/\/www.hediyepazar.com\/index.php?rest_route=%2Fwp%2Fv2%2Fcomments&post=115392"}],"wp:featuredmedia":[{"embeddable":true,"href":"https:\/\/www.hediyepazar.com\/index.php?rest_route=\/wp\/v2\/media\/115391"}],"wp:attachment":[{"href":"https:\/\/www.hediyepazar.com\/index.php?rest_route=%2Fwp%2Fv2%2Fmedia&parent=115392"}],"wp:term":[{"taxonomy":"product_brand","embeddable":true,"href":"https:\/\/www.hediyepazar.com\/index.php?rest_route=%2Fwp%2Fv2%2Fproduct_brand&post=115392"},{"taxonomy":"product_cat","embeddable":true,"href":"https:\/\/www.hediyepazar.com\/index.php?rest_route=%2Fwp%2Fv2%2Fproduct_cat&post=115392"},{"taxonomy":"product_tag","embeddable":true,"href":"https:\/\/www.hediyepazar.com\/index.php?rest_route=%2Fwp%2Fv2%2Fproduct_tag&post=115392"}],"curies":[{"name":"wp","href":"https:\/\/api.w.org\/{rel}","templated":true}]}}