{"id":115396,"date":"2026-05-05T14:50:15","date_gmt":"2026-05-05T17:50:15","guid":{"rendered":"https:\/\/www.hediyepazar.com\/?product=4-limit-taragi-ve-ayarlanabilir-kesim-uzunlugu-sac-makinesi"},"modified":"2026-05-05T14:50:15","modified_gmt":"2026-05-05T17:50:15","slug":"4-limit-taragi-ve-ayarlanabilir-kesim-uzunlugu-sac-makinesi","status":"publish","type":"product","link":"https:\/\/www.hediyepazar.com\/?product=4-limit-taragi-ve-ayarlanabilir-kesim-uzunlugu-sac-makinesi","title":{"rendered":"4 Limit Tara\u011f\u0131 ve Ayarlanabilir Kesim Uzunlu\u011fu Sa\u00e7 Makinesi"},"content":{"rendered":"<p>G\u00fc\u00e7l\u00fc performans ve modern tasar\u0131m\u0131 bir araya getiren bu sa\u00e7 kesme makinesi, profesyonel sonu\u00e7lar elde etmenizi sa\u011flar. 2000 mAh lityum bataryas\u0131yla 210 dakikaya kadar kullan\u0131m s\u00fcresi sunar. USB Type-C portu ile h\u0131zl\u0131 \u015farj olur ve hem kablosuz hem de kablolu kullan\u0131m deste\u011fi sa\u011flar. LCD ekran g\u00f6stergesi, cihaz\u0131n \u015farj durumu ve kalan g\u00fc\u00e7 seviyesini net \u015fekilde g\u00f6sterir. Ayr\u0131ca ya\u011flama hat\u0131rlatma \u00f6zelli\u011fiyle makinenin bak\u0131m\u0131n\u0131 kolayla\u015ft\u0131r\u0131r. Ergonomik tasar\u0131m\u0131 uzun s\u00fcreli kullan\u0131mlarda konfor sa\u011flar, \u015f\u0131k renk ge\u00e7i\u015fi ise estetik bir g\u00f6r\u00fcn\u00fcm sunar. 6800 RPM g\u00fc\u00e7l\u00fc motoru ve paslanmaz \u00e7elik b\u0131\u00e7aklar\u0131, kal\u0131n sa\u00e7larda bile tak\u0131lmadan kusursuz kesim yapar. 4 farkl\u0131 limit tara\u011f\u0131 ile sa\u00e7 uzunlu\u011funu 3 mm\u2019den 12 mm\u2019ye kadar ayarlayabilir, diledi\u011finiz modeli kolayca olu\u015fturabilirsiniz.<\/p>\n","protected":false},"excerpt":{"rendered":"<p>G\u00fc\u00e7l\u00fc performans ve modern tasar\u0131m\u0131 bir araya getiren bu sa\u00e7 kesme makinesi, profesyonel sonu\u00e7lar elde etmenizi sa\u011flar. 2000 mAh lityum bataryas\u0131yla 210 dakikaya kadar kullan\u0131m s\u00fcresi sunar. USB Type-C portu ile h\u0131zl\u0131 \u015farj olur ve hem kablosuz hem de kablolu kullan\u0131m deste\u011fi sa\u011flar. LCD ekran g\u00f6stergesi, cihaz\u0131n \u015farj durumu ve kalan g\u00fc\u00e7 seviyesini net \u015fekilde&#8230;<\/p>\n","protected":false},"featured_media":115395,"comment_status":"open","ping_status":"closed","template":"","meta":{"_kad_post_transparent":"","_kad_post_title":"","_kad_post_layout":"","_kad_post_sidebar_id":"","_kad_post_content_style":"","_kad_post_vertical_padding":"","_kad_post_feature":"","_kad_post_feature_position":"","_kad_post_header":false,"_kad_post_footer":false,"_kad_post_classname":""},"product_brand":[],"product_cat":[14925],"product_tag":[],"class_list":{"0":"post-115396","1":"product","2":"type-product","3":"status-publish","4":"has-post-thumbnail","6":"product_cat-tiras-makinesi-tiras-makinesi","8":"first","9":"instock","10":"purchasable","11":"product-type-simple","12":"entry","13":"content-bg","14":"loop-entry"},"_links":{"self":[{"href":"https:\/\/www.hediyepazar.com\/index.php?rest_route=\/wp\/v2\/product\/115396","targetHints":{"allow":["GET"]}}],"collection":[{"href":"https:\/\/www.hediyepazar.com\/index.php?rest_route=\/wp\/v2\/product"}],"about":[{"href":"https:\/\/www.hediyepazar.com\/index.php?rest_route=\/wp\/v2\/types\/product"}],"replies":[{"embeddable":true,"href":"https:\/\/www.hediyepazar.com\/index.php?rest_route=%2Fwp%2Fv2%2Fcomments&post=115396"}],"wp:featuredmedia":[{"embeddable":true,"href":"https:\/\/www.hediyepazar.com\/index.php?rest_route=\/wp\/v2\/media\/115395"}],"wp:attachment":[{"href":"https:\/\/www.hediyepazar.com\/index.php?rest_route=%2Fwp%2Fv2%2Fmedia&parent=115396"}],"wp:term":[{"taxonomy":"product_brand","embeddable":true,"href":"https:\/\/www.hediyepazar.com\/index.php?rest_route=%2Fwp%2Fv2%2Fproduct_brand&post=115396"},{"taxonomy":"product_cat","embeddable":true,"href":"https:\/\/www.hediyepazar.com\/index.php?rest_route=%2Fwp%2Fv2%2Fproduct_cat&post=115396"},{"taxonomy":"product_tag","embeddable":true,"href":"https:\/\/www.hediyepazar.com\/index.php?rest_route=%2Fwp%2Fv2%2Fproduct_tag&post=115396"}],"curies":[{"name":"wp","href":"https:\/\/api.w.org\/{rel}","templated":true}]}}