{"id":115412,"date":"2026-05-05T14:51:58","date_gmt":"2026-05-05T17:51:58","guid":{"rendered":"https:\/\/www.hediyepazar.com\/?product=paslanmaz-celik-dayanikli-topuzlu-kapi-kilidi"},"modified":"2026-05-05T14:51:58","modified_gmt":"2026-05-05T17:51:58","slug":"paslanmaz-celik-dayanikli-topuzlu-kapi-kilidi","status":"publish","type":"product","link":"https:\/\/www.hediyepazar.com\/?product=paslanmaz-celik-dayanikli-topuzlu-kapi-kilidi","title":{"rendered":"Paslanmaz \u00c7elik Dayan\u0131kl\u0131 Topuzlu Kap\u0131 Kilidi"},"content":{"rendered":"<p>Evinizin g\u00fcvenli\u011fi i\u00e7in sa\u011flam bir \u00e7\u00f6z\u00fcm sunan topuzlu kap\u0131 kilidi, estetik g\u00f6r\u00fcn\u00fcm\u00fcyle de \u00f6n plana \u00e7\u0131kar. Mat rengi, modern dekorasyonlarla b\u00fct\u00fcnle\u015ferek \u015f\u0131k bir atmosfer olu\u015fturur. Paslanmaz \u00e7elik g\u00f6vdesi sayesinde uzun s\u00fcreli kullan\u0131mda ilk g\u00fcnk\u00fc sa\u011flaml\u0131\u011f\u0131n\u0131 korur. Montaj\u0131 son derece kolayd\u0131r; e\u011fer kap\u0131n\u0131zda montaj delikleri haz\u0131rsa yaln\u0131zca tornavida kullanarak k\u0131sa s\u00fcrede kurulum yapabilirsiniz. Kap\u0131 kal\u0131nl\u0131\u011f\u0131na g\u00f6re uyum sa\u011flayan bu kilit, 53-70 mm \u00f6l\u00e7\u00fclerinde kullan\u0131labilir. 2-3\/8\u201d ve 2-3\/4\u201d ayarlanabilir c\u0131vata mandal\u0131 ile pratiklik sunar. Hem i\u00e7 kap\u0131larda hem de giri\u015f kap\u0131lar\u0131nda kullan\u0131labilen \u00fcr\u00fcn, \u00fc\u00e7 anahtar\u0131yla beraber teslim edilir. Hem fonksiyonel hem de estetik yap\u0131s\u0131yla g\u00fcnl\u00fck kullan\u0131m i\u00e7in m\u00fckemmel bir tercihtir.<\/p>\n","protected":false},"excerpt":{"rendered":"<p>Evinizin g\u00fcvenli\u011fi i\u00e7in sa\u011flam bir \u00e7\u00f6z\u00fcm sunan topuzlu kap\u0131 kilidi, estetik g\u00f6r\u00fcn\u00fcm\u00fcyle de \u00f6n plana \u00e7\u0131kar. Mat rengi, modern dekorasyonlarla b\u00fct\u00fcnle\u015ferek \u015f\u0131k bir atmosfer olu\u015fturur. Paslanmaz \u00e7elik g\u00f6vdesi sayesinde uzun s\u00fcreli kullan\u0131mda ilk g\u00fcnk\u00fc sa\u011flaml\u0131\u011f\u0131n\u0131 korur. Montaj\u0131 son derece kolayd\u0131r; e\u011fer kap\u0131n\u0131zda montaj delikleri haz\u0131rsa yaln\u0131zca tornavida kullanarak k\u0131sa s\u00fcrede kurulum yapabilirsiniz. Kap\u0131 kal\u0131nl\u0131\u011f\u0131na g\u00f6re&#8230;<\/p>\n","protected":false},"featured_media":115411,"comment_status":"open","ping_status":"closed","template":"","meta":{"_kad_post_transparent":"","_kad_post_title":"","_kad_post_layout":"","_kad_post_sidebar_id":"","_kad_post_content_style":"","_kad_post_vertical_padding":"","_kad_post_feature":"","_kad_post_feature_position":"","_kad_post_header":false,"_kad_post_footer":false,"_kad_post_classname":""},"product_brand":[],"product_cat":[15072],"product_tag":[],"class_list":{"0":"post-115412","1":"product","2":"type-product","3":"status-publish","4":"has-post-thumbnail","6":"product_cat-kapi-kilit-kapi-kilit","8":"first","9":"instock","10":"purchasable","11":"product-type-simple","12":"entry","13":"content-bg","14":"loop-entry"},"_links":{"self":[{"href":"https:\/\/www.hediyepazar.com\/index.php?rest_route=\/wp\/v2\/product\/115412","targetHints":{"allow":["GET"]}}],"collection":[{"href":"https:\/\/www.hediyepazar.com\/index.php?rest_route=\/wp\/v2\/product"}],"about":[{"href":"https:\/\/www.hediyepazar.com\/index.php?rest_route=\/wp\/v2\/types\/product"}],"replies":[{"embeddable":true,"href":"https:\/\/www.hediyepazar.com\/index.php?rest_route=%2Fwp%2Fv2%2Fcomments&post=115412"}],"wp:featuredmedia":[{"embeddable":true,"href":"https:\/\/www.hediyepazar.com\/index.php?rest_route=\/wp\/v2\/media\/115411"}],"wp:attachment":[{"href":"https:\/\/www.hediyepazar.com\/index.php?rest_route=%2Fwp%2Fv2%2Fmedia&parent=115412"}],"wp:term":[{"taxonomy":"product_brand","embeddable":true,"href":"https:\/\/www.hediyepazar.com\/index.php?rest_route=%2Fwp%2Fv2%2Fproduct_brand&post=115412"},{"taxonomy":"product_cat","embeddable":true,"href":"https:\/\/www.hediyepazar.com\/index.php?rest_route=%2Fwp%2Fv2%2Fproduct_cat&post=115412"},{"taxonomy":"product_tag","embeddable":true,"href":"https:\/\/www.hediyepazar.com\/index.php?rest_route=%2Fwp%2Fv2%2Fproduct_tag&post=115412"}],"curies":[{"name":"wp","href":"https:\/\/api.w.org\/{rel}","templated":true}]}}